{"id":1469,"date":"2021-03-01T14:59:27","date_gmt":"2021-03-01T17:59:27","guid":{"rendered":"https:\/\/www.ufsm.br\/laboratorios\/corpus\/?page_id=1469"},"modified":"2021-03-01T16:53:16","modified_gmt":"2021-03-01T19:53:16","slug":"livros-do-laboratorio-corpus","status":"publish","type":"page","link":"https:\/\/www.ufsm.br\/laboratorios\/corpus\/livros-do-laboratorio-corpus","title":{"rendered":"Livros produzidos pelo Laborat\u00f3rio Corpus"},"content":{"rendered":"\t\t<div data-elementor-type=\"wp-page\" data-elementor-id=\"1469\" class=\"elementor elementor-1469\">\n\t\t\t\t\t\t<section class=\"elementor-section elementor-top-section elementor-element elementor-element-fd194ef elementor-section-boxed elementor-section-height-default elementor-section-height-default\" data-id=\"fd194ef\" data-element_type=\"section\">\n\t\t\t\t\t\t<div class=\"elementor-container elementor-column-gap-default\">\n\t\t\t\t\t<div class=\"elementor-column elementor-col-50 elementor-top-column elementor-element elementor-element-9724943\" data-id=\"9724943\" data-element_type=\"column\">\n\t\t\t<div class=\"elementor-widget-wrap elementor-element-populated\">\n\t\t\t\t\t\t<div class=\"elementor-element elementor-element-b0b5f4d elementor-widget elementor-widget-image\" data-id=\"b0b5f4d\" data-element_type=\"widget\" data-widget_type=\"image.default\">\n\t\t\t\t<div class=\"elementor-widget-container\">\n\t\t\t\t\t\t\t\t\t\t\t\t\t\t<a href=\"https:\/\/drive.google.com\/file\/d\/1LXXWFqJYihBgN5-0E6TKsNGiEfQEa6YA\/view?usp=drivesdk\" target=\"_blank\">\n\t\t\t\t\t\t\t<img fetchpriority=\"high\" decoding=\"async\" width=\"1000\" height=\"800\" src=\"https:\/\/www.ufsm.br\/app\/uploads\/sites\/771\/2021\/03\/livro-1-lab-corpus-1.jpg\" class=\"attachment-large size-large wp-image-1471\" alt=\"\" srcset=\"https:\/\/www.ufsm.br\/app\/uploads\/sites\/771\/2021\/03\/livro-1-lab-corpus-1.jpg 1000w, https:\/\/www.ufsm.br\/app\/uploads\/sites\/771\/2021\/03\/livro-1-lab-corpus-1-300x240.jpg 300w, https:\/\/www.ufsm.br\/app\/uploads\/sites\/771\/2021\/03\/livro-1-lab-corpus-1-768x614.jpg 768w\" sizes=\"(max-width: 1000px) 100vw, 1000px\" \/>\t\t\t\t\t\t\t\t<\/a>\n\t\t\t\t\t\t\t\t\t\t\t\t\t<\/div>\n\t\t\t\t<\/div>\n\t\t\t\t<div class=\"elementor-element elementor-element-2028e80 elementor-widget elementor-widget-heading\" data-id=\"2028e80\" data-element_type=\"widget\" data-widget_type=\"heading.default\">\n\t\t\t\t<div class=\"elementor-widget-container\">\n\t\t\t<h2 class=\"elementor-heading-title elementor-size-medium\"><a href=\"https:\/\/drive.google.com\/file\/d\/1LXXWFqJYihBgN5-0E6TKsNGiEfQEa6YA\/view?usp=drivesdk\">Hist\u00f3ria e Mem\u00f3ria - Uma experi\u00eancia com a linguagem<\/a><\/h2>\t\t<\/div>\n\t\t\t\t<\/div>\n\t\t\t\t\t<\/div>\n\t\t<\/div>\n\t\t\t\t<div class=\"elementor-column elementor-col-50 elementor-top-column elementor-element elementor-element-a438399\" data-id=\"a438399\" data-element_type=\"column\">\n\t\t\t<div class=\"elementor-widget-wrap elementor-element-populated\">\n\t\t\t\t\t\t<section class=\"elementor-section elementor-inner-section elementor-element elementor-element-b32b05b elementor-section-boxed elementor-section-height-default elementor-section-height-default\" data-id=\"b32b05b\" data-element_type=\"section\">\n\t\t\t\t\t\t<div class=\"elementor-container elementor-column-gap-default\">\n\t\t\t\t\t<div class=\"elementor-column elementor-col-100 elementor-inner-column elementor-element elementor-element-6aea910\" data-id=\"6aea910\" data-element_type=\"column\">\n\t\t\t<div class=\"elementor-widget-wrap elementor-element-populated\">\n\t\t\t\t\t\t<div class=\"elementor-element elementor-element-ee4ea41 elementor-widget elementor-widget-text-editor\" data-id=\"ee4ea41\" data-element_type=\"widget\" data-widget_type=\"text-editor.default\">\n\t\t\t\t<div class=\"elementor-widget-container\">\n\t\t\t\t\t\t\t<p style=\"text-align: center\">O livro foi organizado pelas Professoras Dras. Amanda Eloina Scherer e Ta\u00eds Martins junto \u00e0s alunas da Gradua\u00e7\u00e3o e P\u00f3s-Gradua\u00e7\u00e3o do Curso de Letras da Universidade Federal de Santa Maria. Al\u00e9m da equipe acad\u00eamica, o livro conta com o apoio da turma do 9\u00ba ano da Escola Municipal de Ensino Fundamental Jo\u00e3o Frederico Savegnago, da Diretora Escolar Prof.\u00aa Carolina Maffini Cerezer, da Secret\u00e1ria Municipal de Educa\u00e7\u00e3o Prof.\u00aa Silvia Maria Fioreze, da Supervisora Escolar Marcia Carmen Soares Favarin e das Professoras Franciele Backes e Rosana Tondolo Cielo.<\/p><p style=\"text-align: center\">Para acessar o E-Book na \u00edntegra <a href=\"https:\/\/drive.google.com\/file\/d\/1LXXWFqJYihBgN5-0E6TKsNGiEfQEa6YA\/view?usp=drivesdk\">clique aqui<\/a>.<\/p>\t\t\t\t\t\t<\/div>\n\t\t\t\t<\/div>\n\t\t\t\t\t<\/div>\n\t\t<\/div>\n\t\t\t\t\t<\/div>\n\t\t<\/section>\n\t\t\t\t\t<\/div>\n\t\t<\/div>\n\t\t\t\t\t<\/div>\n\t\t<\/section>\n\t\t\t\t<\/div>\n\t\t","protected":false},"excerpt":{"rendered":"<p>Hist\u00f3ria e Mem\u00f3ria &#8211; Uma experi\u00eancia com a linguagem O livro foi organizado pelas Professoras Dras. Amanda Eloina Scherer e Ta\u00eds Martins junto \u00e0s alunas da Gradua\u00e7\u00e3o e P\u00f3s-Gradua\u00e7\u00e3o do Curso de Letras da Universidade Federal de Santa Maria. Al\u00e9m da equipe acad\u00eamica, o livro conta com o apoio da turma do 9\u00ba ano da [&hellip;]<\/p>\n","protected":false},"author":3679,"featured_media":0,"parent":0,"menu_order":0,"comment_status":"closed","ping_status":"closed","template":"","meta":{"footnotes":""},"categories":[],"tags":[],"class_list":["post-1469","page","type-page","status-publish","hentry"],"acf":[],"_links":{"self":[{"href":"https:\/\/www.ufsm.br\/laboratorios\/corpus\/wp-json\/wp\/v2\/pages\/1469","targetHints":{"allow":["GET"]}}],"collection":[{"href":"https:\/\/www.ufsm.br\/laboratorios\/corpus\/wp-json\/wp\/v2\/pages"}],"about":[{"href":"https:\/\/www.ufsm.br\/laboratorios\/corpus\/wp-json\/wp\/v2\/types\/page"}],"author":[{"embeddable":true,"href":"https:\/\/www.ufsm.br\/laboratorios\/corpus\/wp-json\/wp\/v2\/users\/3679"}],"replies":[{"embeddable":true,"href":"https:\/\/www.ufsm.br\/laboratorios\/corpus\/wp-json\/wp\/v2\/comments?post=1469"}],"version-history":[{"count":0,"href":"https:\/\/www.ufsm.br\/laboratorios\/corpus\/wp-json\/wp\/v2\/pages\/1469\/revisions"}],"wp:attachment":[{"href":"https:\/\/www.ufsm.br\/laboratorios\/corpus\/wp-json\/wp\/v2\/media?parent=1469"}],"wp:term":[{"taxonomy":"category","embeddable":true,"href":"https:\/\/www.ufsm.br\/laboratorios\/corpus\/wp-json\/wp\/v2\/categories?post=1469"},{"taxonomy":"post_tag","embeddable":true,"href":"https:\/\/www.ufsm.br\/laboratorios\/corpus\/wp-json\/wp\/v2\/tags?post=1469"}],"curies":[{"name":"wp","href":"https:\/\/api.w.org\/{rel}","templated":true}]}}

Livros produzidos pelo Laboratório Corpus

<div data-elementor-type="wp-page" data-elementor-id="1469" class="elementor elementor-1469">
						<section class="elementor-section elementor-top-section elementor-element elementor-element-fd194ef elementor-section-boxed elementor-section-height-default elementor-section-height-default" data-id="fd194ef" data-element_type="section">
						<div class="elementor-container elementor-column-gap-default">
					<div class="elementor-column elementor-col-50 elementor-top-column elementor-element elementor-element-9724943" data-id="9724943" data-element_type="column">
			<div class="elementor-widget-wrap elementor-element-populated">
						<div class="elementor-element elementor-element-b0b5f4d elementor-widget elementor-widget-image" data-id="b0b5f4d" data-element_type="widget" data-widget_type="image.default">
				<div class="elementor-widget-container">
														<a href="https://drive.google.com/file/d/1LXXWFqJYihBgN5-0E6TKsNGiEfQEa6YA/view?usp=drivesdk" target="_blank">
							<img fetchpriority="high" decoding="async" width="1000" height="800" src="https://www.ufsm.br/app/uploads/sites/771/2021/03/livro-1-lab-corpus-1.jpg" class="attachment-large size-large wp-image-1471" alt="" srcset="https://www.ufsm.br/app/uploads/sites/771/2021/03/livro-1-lab-corpus-1.jpg 1000w, https://www.ufsm.br/app/uploads/sites/771/2021/03/livro-1-lab-corpus-1-300x240.jpg 300w, https://www.ufsm.br/app/uploads/sites/771/2021/03/livro-1-lab-corpus-1-768x614.jpg 768w" sizes="(max-width: 1000px) 100vw, 1000px" />								</a>
													</div>
				</div>
				<div class="elementor-element elementor-element-2028e80 elementor-widget elementor-widget-heading" data-id="2028e80" data-element_type="widget" data-widget_type="heading.default">
				<div class="elementor-widget-container">
			<h2 class="elementor-heading-title elementor-size-medium"><a href="https://drive.google.com/file/d/1LXXWFqJYihBgN5-0E6TKsNGiEfQEa6YA/view?usp=drivesdk">História e Memória - Uma experiência com a linguagem</a></h2>		</div>
				</div>
					</div>
		</div>
				<div class="elementor-column elementor-col-50 elementor-top-column elementor-element elementor-element-a438399" data-id="a438399" data-element_type="column">
			<div class="elementor-widget-wrap elementor-element-populated">
						<section class="elementor-section elementor-inner-section elementor-element elementor-element-b32b05b elementor-section-boxed elementor-section-height-default elementor-section-height-default" data-id="b32b05b" data-element_type="section">
						<div class="elementor-container elementor-column-gap-default">
					<div class="elementor-column elementor-col-100 elementor-inner-column elementor-element elementor-element-6aea910" data-id="6aea910" data-element_type="column">
			<div class="elementor-widget-wrap elementor-element-populated">
						<div class="elementor-element elementor-element-ee4ea41 elementor-widget elementor-widget-text-editor" data-id="ee4ea41" data-element_type="widget" data-widget_type="text-editor.default">
				<div class="elementor-widget-container">
							<p style="text-align: center">O livro foi organizado pelas Professoras Dras. Amanda Eloina Scherer e Taís Martins junto às alunas da Graduação e Pós-Graduação do Curso de Letras da Universidade Federal de Santa Maria. Além da equipe acadêmica, o livro conta com o apoio da turma do 9º ano da Escola Municipal de Ensino Fundamental João Frederico Savegnago, da Diretora Escolar Prof.ª Carolina Maffini Cerezer, da Secretária Municipal de Educação Prof.ª Silvia Maria Fioreze, da Supervisora Escolar Marcia Carmen Soares Favarin e das Professoras Franciele Backes e Rosana Tondolo Cielo.</p><p style="text-align: center">Para acessar o E-Book na íntegra <a href="https://drive.google.com/file/d/1LXXWFqJYihBgN5-0E6TKsNGiEfQEa6YA/view?usp=drivesdk">clique aqui</a>.</p>						</div>
				</div>
					</div>
		</div>
					</div>
		</section>
					</div>
		</div>
					</div>
		</section>
				</div>

<p>História e Memória &#8211; Uma experiência com a linguagem O livro foi organizado pelas Professoras Dras. Amanda Eloina Scherer e Taís Martins junto às alunas da Graduação e Pós-Graduação do Curso de Letras da Universidade Federal de Santa Maria. Além da equipe acadêmica, o livro conta com o apoio da turma do 9º ano da [&hellip;]</p>
