{"id":22,"date":"2019-05-14T17:01:42","date_gmt":"2019-05-14T20:01:42","guid":{"rendered":"https:\/\/www.ufsm.br\/template-laboratprio\/?page_id=22"},"modified":"2024-03-19T15:55:34","modified_gmt":"2024-03-19T18:55:34","slug":"informacoes-gerais","status":"publish","type":"page","link":"https:\/\/www.ufsm.br\/laboratorios\/fisicadosolo\/informacoes-gerais","title":{"rendered":"Sobre"},"content":{"rendered":"\n\n<p>Laborat\u00f3rio de F\u00edsica do Solo (LAFIS) da Universidade Federal de Santa Maria<\/p>\n<p>Atendemos demandas did\u00e1ticas de disciplinas de gradua\u00e7\u00e3o e p\u00f3s-gradua\u00e7\u00e3o.<\/p>\n<p>No LAFIS s\u00e3o realizados estudos em v\u00e1rios temas da f\u00edsica do solo, como armazenamento e fluxo de \u00e1gua, gases e calor, compacta\u00e7\u00e3o do solo, rela\u00e7\u00e3o entre fatores f\u00edsicos do solo e crescimento de plantas, modelagem em f\u00edsica do solo, entre outros.<\/p>\n<p>Prestamos servi\u00e7o de an\u00e1lises f\u00edsicas do solo por demanda e de acordo com nossa capacidade operacional.<\/p>","protected":false},"excerpt":{"rendered":"<p>Laborat\u00f3rio de F\u00edsica do Solo (LAFIS) da Universidade Federal de Santa Maria Atendemos demandas did\u00e1ticas de disciplinas de gradua\u00e7\u00e3o e p\u00f3s-gradua\u00e7\u00e3o. No LAFIS s\u00e3o realizados estudos em v\u00e1rios temas da f\u00edsica do solo, como armazenamento e fluxo de \u00e1gua, gases e calor, compacta\u00e7\u00e3o do solo, rela\u00e7\u00e3o entre fatores f\u00edsicos do solo e crescimento de plantas, [&hellip;]<\/p>\n","protected":false},"author":8,"featured_media":0,"parent":0,"menu_order":0,"comment_status":"closed","ping_status":"closed","template":"","meta":{"footnotes":""},"categories":[],"tags":[],"class_list":["post-22","page","type-page","status-publish","hentry"],"acf":[],"_links":{"self":[{"href":"https:\/\/www.ufsm.br\/laboratorios\/fisicadosolo\/wp-json\/wp\/v2\/pages\/22","targetHints":{"allow":["GET"]}}],"collection":[{"href":"https:\/\/www.ufsm.br\/laboratorios\/fisicadosolo\/wp-json\/wp\/v2\/pages"}],"about":[{"href":"https:\/\/www.ufsm.br\/laboratorios\/fisicadosolo\/wp-json\/wp\/v2\/types\/page"}],"author":[{"embeddable":true,"href":"https:\/\/www.ufsm.br\/laboratorios\/fisicadosolo\/wp-json\/wp\/v2\/users\/8"}],"replies":[{"embeddable":true,"href":"https:\/\/www.ufsm.br\/laboratorios\/fisicadosolo\/wp-json\/wp\/v2\/comments?post=22"}],"version-history":[{"count":0,"href":"https:\/\/www.ufsm.br\/laboratorios\/fisicadosolo\/wp-json\/wp\/v2\/pages\/22\/revisions"}],"wp:attachment":[{"href":"https:\/\/www.ufsm.br\/laboratorios\/fisicadosolo\/wp-json\/wp\/v2\/media?parent=22"}],"wp:term":[{"taxonomy":"category","embeddable":true,"href":"https:\/\/www.ufsm.br\/laboratorios\/fisicadosolo\/wp-json\/wp\/v2\/categories?post=22"},{"taxonomy":"post_tag","embeddable":true,"href":"https:\/\/www.ufsm.br\/laboratorios\/fisicadosolo\/wp-json\/wp\/v2\/tags?post=22"}],"curies":[{"name":"wp","href":"https:\/\/api.w.org\/{rel}","templated":true}]}}