{"id":54,"date":"2020-02-27T11:00:12","date_gmt":"2020-02-27T14:00:12","guid":{"rendered":"https:\/\/www.ufsm.br\/laboratorios\/fisicadosolo\/?page_id=54"},"modified":"2024-03-18T12:45:20","modified_gmt":"2024-03-18T15:45:20","slug":"grupo-de-pesquisa-cnpq","status":"publish","type":"page","link":"https:\/\/www.ufsm.br\/laboratorios\/fisicadosolo\/grupo-de-pesquisa-cnpq","title":{"rendered":"Grupo de Pesquisa CNPq"},"content":{"rendered":"<p style=\"font-weight: 400\"><strong>Din\u00e2mica da \u00c1gua e da Estrutura do Solo em Sistemas Agr\u00edcolas<\/strong><\/p>\n<p>L\u00edder do grupo: Jos\u00e9 Miguel Reichert (<a href=\"mailto:reichert@ufsm.br\">reichert@ufsm.br<\/a>)<\/p>\n<p style=\"font-weight: 400\">Ano de forma\u00e7\u00e3o: 1996<\/p>\n<p style=\"font-weight: 400\"><strong>Linhas de pesquisa<\/strong><\/p>\n<ol>\n<li style=\"font-weight: 400\">\u00a0Compacta\u00e7\u00e3o do solo: Processos mec\u00e2nicos, modelagem e recupera\u00e7\u00e3o<\/li>\n<li style=\"font-weight: 400\">\u00a0Disponibilidade de \u00e1gua e limites cr\u00edticos ao crescimento e desenvolvimento vegetal<\/li>\n<li style=\"font-weight: 400\">\u00a0Fluxo de \u00e1gua e solutos no solo e em microbacia hidrogr\u00e1fica<\/li>\n<li style=\"font-weight: 400\">\u00a0G\u00eanese e din\u00e2mica da estrutura do solo<\/li>\n<\/ol>\n<p style=\"font-weight: 400\"><strong>Repercuss\u00f5es<\/strong><\/p>\n<p style=\"font-weight: 400\">O grupo vem contribuindo para o entendimento da din\u00e2mica da \u00e1gua e da estrutura do solo, para o desenvolvimento de tecnologias para o aumento da produtividade e sustentabilidade de, primariamente, sistemas agr\u00edcolas e, secundariamente, sistemas florestais e pastoris, envolvendo integra\u00e7\u00e3o lavoura-pecu\u00e1ria. Os estudos envolvem a busca de sistemas de cultivo para a melhoria da qualidade estrutural, envolvendo a agrega\u00e7\u00e3o e caracter\u00edsticas do espa\u00e7o poroso, com objetivo espec\u00edfico de aumentar a aera\u00e7\u00e3o, a infiltra\u00e7\u00e3o de \u00e1gua no solo e a disponibilidade de \u00e1gua \u00e0s plantas.<\/p>\n<p style=\"font-weight: 400\">A defini\u00e7\u00e3o de limites cr\u00edticos, relacionados com a compacta\u00e7\u00e3o do solo, para o crescimento e desenvolvimento de plantas tamb\u00e9m \u00e9 parte dos trabalhos do grupo. Contribui para o desenvolvimento local, regional e nacional, interagindo com outras universidades brasileiras e estrangeiras (Universidade de Wisconsin e Universidade de Purdue, nos USA), entidade de extens\u00e3o (EMATER) e setor produtivo (cooperativas e empresas).<\/p>\n<p style=\"font-weight: 400\">Como parte das atividades cient\u00edficas e de extens\u00e3o ao setor produtivo, s\u00e3o realizados experimentos e dias-de-campo demonstrativos em condi\u00e7\u00e3o normais de lavouras de agricultores. Os pesquisadores atuam nos Programas de P\u00f3s-gradua\u00e7\u00e3o em Ci\u00eancia do Solo e Engenharia Florestal da UFSM. O financiamento para as atividades do grupo prov\u00e9m de projetos aprovados pelo Pronex-CNPq\/FINEP, APQ-CNPq e Fapergs.<\/p>\n","protected":false},"excerpt":{"rendered":"<p>Din\u00e2mica da \u00c1gua e da Estrutura do Solo em Sistemas Agr\u00edcolas L\u00edder do grupo: Jos\u00e9 Miguel Reichert (reichert@ufsm.br) Ano de forma\u00e7\u00e3o: 1996 Linhas de pesquisa \u00a0Compacta\u00e7\u00e3o do solo: Processos mec\u00e2nicos, modelagem e recupera\u00e7\u00e3o \u00a0Disponibilidade de \u00e1gua e limites cr\u00edticos ao crescimento e desenvolvimento vegetal \u00a0Fluxo de \u00e1gua e solutos no solo e em microbacia hidrogr\u00e1fica [&hellip;]<\/p>\n","protected":false},"author":867,"featured_media":0,"parent":0,"menu_order":0,"comment_status":"closed","ping_status":"closed","template":"","meta":{"footnotes":""},"categories":[],"tags":[],"class_list":["post-54","page","type-page","status-publish","hentry"],"acf":[],"_links":{"self":[{"href":"https:\/\/www.ufsm.br\/laboratorios\/fisicadosolo\/wp-json\/wp\/v2\/pages\/54","targetHints":{"allow":["GET"]}}],"collection":[{"href":"https:\/\/www.ufsm.br\/laboratorios\/fisicadosolo\/wp-json\/wp\/v2\/pages"}],"about":[{"href":"https:\/\/www.ufsm.br\/laboratorios\/fisicadosolo\/wp-json\/wp\/v2\/types\/page"}],"author":[{"embeddable":true,"href":"https:\/\/www.ufsm.br\/laboratorios\/fisicadosolo\/wp-json\/wp\/v2\/users\/867"}],"replies":[{"embeddable":true,"href":"https:\/\/www.ufsm.br\/laboratorios\/fisicadosolo\/wp-json\/wp\/v2\/comments?post=54"}],"version-history":[{"count":0,"href":"https:\/\/www.ufsm.br\/laboratorios\/fisicadosolo\/wp-json\/wp\/v2\/pages\/54\/revisions"}],"wp:attachment":[{"href":"https:\/\/www.ufsm.br\/laboratorios\/fisicadosolo\/wp-json\/wp\/v2\/media?parent=54"}],"wp:term":[{"taxonomy":"category","embeddable":true,"href":"https:\/\/www.ufsm.br\/laboratorios\/fisicadosolo\/wp-json\/wp\/v2\/categories?post=54"},{"taxonomy":"post_tag","embeddable":true,"href":"https:\/\/www.ufsm.br\/laboratorios\/fisicadosolo\/wp-json\/wp\/v2\/tags?post=54"}],"curies":[{"name":"wp","href":"https:\/\/api.w.org\/{rel}","templated":true}]}}