{"id":95,"date":"2019-12-05T15:35:50","date_gmt":"2019-12-05T18:35:50","guid":{"rendered":"https:\/\/www.ufsm.br\/laboratorios\/genevo\/?page_id=95"},"modified":"2019-12-05T15:36:33","modified_gmt":"2019-12-05T18:36:33","slug":"informacoes-gerais","status":"publish","type":"page","link":"https:\/\/www.ufsm.br\/laboratorios\/genevo\/informacoes-gerais","title":{"rendered":"Sobre"},"content":{"rendered":"\n<p>O Laborat\u00f3rio de Gen\u00e9tica Evolutiva (GenEvo) da Universidade Federal de Santa Maria \u2013 Campus Palmeira das Miss\u00f5es foi fundado em 2012 com o objetivo de contribuir para a forma\u00e7\u00e3o de alunos do Curso de Ci\u00eancias Biol\u00f3gicas.<br \/>Um dos maiores objetivos da equipe do Lab GenEvo \u00e9 fornecer aos acad\u00eamicos que frequentam o laborat\u00f3rio uma explica\u00e7\u00e3o evolutiva para os padr\u00f5es biol\u00f3gicos encontrados na natureza.<br \/>Primeiramente o laborat\u00f3rio foi estruturado apenas para dar suporte ao ensino, por\u00e9m, atualmente \u00e9 sede de in\u00fameros projetos de pesquisa e extens\u00e3o, com foco na interpreta\u00e7\u00e3o da variabilidade gen\u00e9tica em animais.<\/p>\n","protected":false},"excerpt":{"rendered":"<p>O Laborat\u00f3rio de Gen\u00e9tica Evolutiva (GenEvo) da Universidade Federal de Santa Maria \u2013 Campus Palmeira das Miss\u00f5es foi fundado em 2012 com o objetivo de contribuir para a forma\u00e7\u00e3o de alunos do Curso de Ci\u00eancias Biol\u00f3gicas.Um dos maiores objetivos da equipe do Lab GenEvo \u00e9 fornecer aos acad\u00eamicos que frequentam o laborat\u00f3rio uma explica\u00e7\u00e3o evolutiva [&hellip;]<\/p>\n","protected":false},"author":8,"featured_media":0,"parent":0,"menu_order":0,"comment_status":"closed","ping_status":"closed","template":"","meta":{"footnotes":""},"categories":[],"tags":[],"class_list":["post-95","page","type-page","status-publish","hentry"],"acf":[],"_links":{"self":[{"href":"https:\/\/www.ufsm.br\/laboratorios\/genevo\/wp-json\/wp\/v2\/pages\/95","targetHints":{"allow":["GET"]}}],"collection":[{"href":"https:\/\/www.ufsm.br\/laboratorios\/genevo\/wp-json\/wp\/v2\/pages"}],"about":[{"href":"https:\/\/www.ufsm.br\/laboratorios\/genevo\/wp-json\/wp\/v2\/types\/page"}],"author":[{"embeddable":true,"href":"https:\/\/www.ufsm.br\/laboratorios\/genevo\/wp-json\/wp\/v2\/users\/8"}],"replies":[{"embeddable":true,"href":"https:\/\/www.ufsm.br\/laboratorios\/genevo\/wp-json\/wp\/v2\/comments?post=95"}],"version-history":[{"count":0,"href":"https:\/\/www.ufsm.br\/laboratorios\/genevo\/wp-json\/wp\/v2\/pages\/95\/revisions"}],"wp:attachment":[{"href":"https:\/\/www.ufsm.br\/laboratorios\/genevo\/wp-json\/wp\/v2\/media?parent=95"}],"wp:term":[{"taxonomy":"category","embeddable":true,"href":"https:\/\/www.ufsm.br\/laboratorios\/genevo\/wp-json\/wp\/v2\/categories?post=95"},{"taxonomy":"post_tag","embeddable":true,"href":"https:\/\/www.ufsm.br\/laboratorios\/genevo\/wp-json\/wp\/v2\/tags?post=95"}],"curies":[{"name":"wp","href":"https:\/\/api.w.org\/{rel}","templated":true}]}}