{"id":132,"date":"2019-08-26T18:45:29","date_gmt":"2019-08-26T21:45:29","guid":{"rendered":"https:\/\/www.ufsm.br\/laboratorios\/inct\/?page_id=132"},"modified":"2019-09-06T13:01:03","modified_gmt":"2019-09-06T16:01:03","slug":"formularios","status":"publish","type":"page","link":"https:\/\/www.ufsm.br\/laboratorios\/inct\/formularios","title":{"rendered":"Formul\u00e1rios de compra, passagens e di\u00e1rias"},"content":{"rendered":"\n<h5>Procedimento &#8211; Compra de Materiais e Servi\u00e7os<\/h5>\n<p><strong>1 &#8211; Identifica\u00e7\u00e3o da Compra<\/strong><\/p>\n<p>O coordenador do projeto estrat\u00e9gico dever\u00e1 preencher o <a href=\"https:\/\/www.ufsm.br\/laboratorios\/inct\/wp-content\/uploads\/sites\/737\/2019\/08\/Formulario_de_Solicitacao_de_Compra.docx\">Formul\u00e1rio de Solicita\u00e7\u00e3o de Compra<\/a> <strong>e enviar via e-mail para&nbsp;<a href=\"mailto:inct@ufsm.br\" target=\"_blank\" rel=\"noopener noreferrer\">inct@ufsm.br<\/a><\/strong>,&nbsp;no qual constar\u00e1 os dados do projeto estrat\u00e9gico, a natureza da rubrica, a descri\u00e7\u00e3o dos itens a serem adquiridos, o valor do or\u00e7amento vencedor, bem como os dados do fornecedor.<\/p>\n<p><strong>2 &#8211; Pesquisa de Pre\u00e7os\/Or\u00e7amentos<\/strong><\/p>\n<p>Dever\u00e1 ser realizado uma pesquisa de pre\u00e7os comprovada por&nbsp;<strong>tr\u00eas&nbsp;<\/strong>or\u00e7amentos para as compras e servi\u00e7os necess\u00e1rios \u00e0 execu\u00e7\u00e3o do projeto.<\/p>\n<p>Para a pesquisa de pre\u00e7os, dever\u00e1 ser preenchido o documento <a href=\"https:\/\/www.ufsm.br\/laboratorios\/inct\/wp-content\/uploads\/sites\/737\/2019\/08\/Mapa_de_Cotacao.docx\">Mapa de Cota\u00e7\u00e3o \u2013 Anexo 8 FAPERGS<\/a>. E anexado os tr\u00eas or\u00e7amentos.<\/p>\n<p>Dados para preenchimento dos or\u00e7amentos:<\/p>\n<ul>\n<li><strong>Nome: H\u00e9lio Le\u00e3es Hey;<\/strong><\/li>\n<li><strong>Proc. 17\/2551-0000517-1;<\/strong><\/li>\n<li><strong>CPF: 442.583.990-00;<\/strong><\/li>\n<li><strong>Raz\u00e3o Social da Empresa;<\/strong><\/li>\n<li><strong>CNPJ da Empresa;<\/strong><\/li>\n<li><strong>Validade do Or\u00e7amento;<\/strong><\/li>\n<\/ul>\n<p><strong>Orienta\u00e7\u00f5es sobre or\u00e7amentos:<\/strong><\/p>\n<ul>\n<li>O or\u00e7amento pode ser obtido em loja virtual em formato PDF, desde que n\u00e3o seja o vencedor;<\/li>\n<li>Caso a melhor proposta seja de loja virtual, \u00e9 necess\u00e1rio que essa disponha de um canal de venda que n\u00e3o seja apenas o site, para possibilitar a emiss\u00e3o correta do or\u00e7amento e da nota fiscal;<\/li>\n<li>Os valores devem ser informados em R$;<\/li>\n<li>Os or\u00e7amentos podem ser em lista fechada para material de consumo, desde que todos os or\u00e7amentos possuam todos os mesmos itens e mesmas quantidades;<\/li>\n<li>Os or\u00e7amentos devem ser item por item para material permanente;<\/li>\n<li>Caso o fornecedor tenha carta de exclusividade, somente um or\u00e7amento \u00e9 necess\u00e1rio;<\/li>\n<li>Forma de pagamento: Dep\u00f3sito Banc\u00e1rio em cheque (preferencialmente Banco do Brasil);<\/li>\n<li>Os tr\u00e2mites de pagamento e emiss\u00e3o de nota fiscal s\u00e3o realizados com o aux\u00edlio direto da secretaria de apoio do projeto;<\/li>\n<li>O frete deve estar incluso e a cargo do fornecedor. N\u00e3o h\u00e1 rubrica no projeto para frete.<\/li>\n<\/ul>\n<p><strong>3 &#8211; Justificativa de Compra<\/strong><\/p>\n<p>Os documentos citados acima dever\u00e3o ser acompanhados da informa\u00e7\u00e3o, por escrito, dos elementos que definiram a escolha de tal fornecedor&nbsp;(<a href=\"https:\/\/www.ufsm.br\/laboratorios\/inct\/wp-content\/uploads\/sites\/737\/2019\/08\/Justificativa_de_Compra.docx\">Justificativa de Compra<\/a>).&nbsp;<\/p>\n<p>Caso a escolha n\u00e3o seja pela empresa ofertante do melhor pre\u00e7o, dever\u00e1 ser inclu\u00edda na justificativa de compra a motiva\u00e7\u00e3o da escolha do fornecedor e pre\u00e7o.<\/p>\n<p><strong>4 &#8211; Instru\u00e7\u00f5es para emiss\u00e3o da Nota Fiscal<\/strong><\/p>\n<p>Todos notas despesas dever\u00e3o ser emitidos em nome do coordenador do INCT GD, Prof. H\u00e9lio Le\u00e3es Hey e dever\u00e3o conter os seguintes itens:<\/p>\n<ul>\n<li><strong>Nome: H\u00e9lio Le\u00e3es Hey;<\/strong><\/li>\n<li><strong>N\u00b0 do processo: 17\/2551-0000517-1;<\/strong><\/li>\n<li><strong>CPF: 442.583.990-00;<\/strong><\/li>\n<li><strong>Data de emiss\u00e3o;<\/strong><\/li>\n<li><strong>A identifica\u00e7\u00e3o detalhada do produto ou servi\u00e7o;<\/strong><\/li>\n<li><strong>Descri\u00e7\u00e3o detalhada da quantidade de itens;<\/strong><\/li>\n<li><strong>Valores;<\/strong><\/li>\n<li><strong>N\u00famero do Cheque.<\/strong><\/li>\n<\/ul>\n<p>Al\u00e9m disso, nas notas fiscais dever\u00e3o conter os seguintes dados do fornecedor: &nbsp;<\/p>\n<ul>\n<li><strong>Nome ou raz\u00e3o social;<\/strong><\/li>\n<li><strong>Endere\u00e7o<\/strong><\/li>\n<li><strong>CPF, CNPJ e Inscri\u00e7\u00e3o Estadual ou Municipal (estas \u00faltimas, se houver)<\/strong><\/li>\n<\/ul>\n<p>Acesso ao <a href=\"https:\/\/www.ufsm.br\/laboratorios\/inct\/wp-content\/uploads\/sites\/737\/2019\/08\/13152309-20141128173501manual-pc-2013.pdf\">Manual de Presta\u00e7\u00e3o de Contas FAPERGS.<\/a><\/p>\n<p><strong>Observa\u00e7\u00e3o Importante:<\/strong><strong>&nbsp;N\u00e3o ser\u00e3o aceitas notas fiscais emitidas com o campo natureza da opera\u00e7\u00e3o preenchido como \u201cVenda Entrega Futura\u201d ou \u201cSimples Remessa\u201d. As compras devem ser feitas \u00e0 vista, com entrega imediata dos produtos.<\/strong><\/p>\n<p>&nbsp;<\/p>\n<h5>Procedimento &#8211; Compra de Passagens<\/h5>\n<p><strong>1 &#8211; Solicita\u00e7\u00e3o da Compra<\/strong><\/p>\n<p>O coordenador do projeto estrat\u00e9gico dever\u00e1 preencher o <a href=\"https:\/\/www.ufsm.br\/laboratorios\/inct\/wp-content\/uploads\/sites\/737\/2019\/08\/Formul\u00e1rio_de_Solicitacao_Passagens.docx\">Formul\u00e1rio de Solicita\u00e7\u00e3o de Passagens<\/a> <strong>e enviar via e-mail para&nbsp;<a href=\"mailto:inct@ufsm.br\" target=\"_blank\" rel=\"noopener noreferrer\">inct@ufsm.br<\/a><\/strong>,&nbsp;no qual constar\u00e1 os dados do projeto estrat\u00e9gico, a natureza da rubrica, a descri\u00e7\u00e3o do itiner\u00e1rio pretendido, os dados do benefici\u00e1rio e a descri\u00e7\u00e3o das atividades a serem realizadas.<\/p>\n<p><strong>2 &#8211; Aprova\u00e7\u00e3o da Compra<\/strong><\/p>\n<p>Ap\u00f3s a aprova\u00e7\u00e3o da solicita\u00e7\u00e3o, a Secretaria de apoio do INCT GD ir\u00e1 buscar as op\u00e7\u00f5es de Voo para os trechos e datas informados no formul\u00e1rio citado acima.<\/p>\n<p><strong>3 &#8211; Comprova\u00e7\u00e3o da Despesa<\/strong><\/p>\n<p>As despesas com passagens dever\u00e3o ser comprovadas atrav\u00e9s da apresenta\u00e7\u00e3o dos seguintes itens:<\/p>\n<ul>\n<li>Tickets de embarque originais (podendo ser check-in online);<\/li>\n<li>Declara\u00e7\u00e3o original da Institui\u00e7\u00e3o\/Entidade patrocinadora ou c\u00f3pia do certificado de participa\u00e7\u00e3o no evento e\/ou miss\u00e3o (atestando a miss\u00e3o e explicitando o per\u00edodo de realiza\u00e7\u00e3o da mesma);<\/li>\n<li><a href=\"https:\/\/www.ufsm.br\/laboratorios\/inct\/wp-content\/uploads\/sites\/737\/2019\/08\/Relatorio_Atividades_Missao_Eventos.docx\">Relat\u00f3rio de viagem<\/a>.<\/li>\n<\/ul>\n<p><strong>Importante:<\/strong><\/p>\n<p>O benefici\u00e1rio deve estar cadastrado como&nbsp;<a href=\"https:\/\/www.ufsm.br\/laboratorios\/inct\/pesquisadores-cadastrados-junto-a-fapergs\/\">membro do projeto INCTGD junto a FAPERGS<\/a>. Caso o pesquisador n\u00e3o esteja cadastrado, o coordenador do projeto estrat\u00e9gico ao qual este pertence pode solicitar sua inclus\u00e3o pelo e-mail&nbsp;&nbsp;<span id=\"cloak86a480cdaaaf8185a182dc2b11a3066c\"><a href=\"mailto:inct@ufsm.br\" target=\"_blank\" rel=\"noopener noreferrer\">inct@ufsm.br<\/a><\/span>.<\/p>\n<p>Salientamos que este procedimento deve ser efetuado com no m\u00ednimo 30 dias de anteced\u00eancia de qualquer solicita\u00e7\u00e3o.<\/p>\n<p>&nbsp;<\/p>\n<h5>Procedimento &#8211; Solicita\u00e7\u00e3o de Di\u00e1rias<\/h5>\n<p><strong>1 &#8211; Solicita\u00e7\u00e3o das Di\u00e1rias<\/strong><\/p>\n<p>O coordenador do projeto estrat\u00e9gico dever\u00e1 preencher o <a href=\"https:\/\/www.ufsm.br\/laboratorios\/inct\/wp-content\/uploads\/sites\/737\/2019\/08\/Formul\u00e1rio_de_Solicitacao_de_Diaria.docx\">Formul\u00e1rio de Solicita\u00e7\u00e3o de Di\u00e1rias<\/a> <strong>e enviar via e-mail para&nbsp;<a href=\"mailto:inct@ufsm.br\" target=\"_blank\" rel=\"noopener noreferrer\">inct@ufsm.br<\/a><\/strong><u>,<\/u> no qual constar\u00e1 os dados do projeto estrat\u00e9gico, a natureza da rubrica, o local, os dados do benefici\u00e1rio e a descri\u00e7\u00e3o das atividades a serem realizadas.<\/p>\n<p>Os valores de di\u00e1rias est\u00e3o estabelecido na&nbsp;<a href=\"https:\/\/fapergs.rs.gov.br\/valores-de-diarias-e-bolsas\">Tabela de Di\u00e1rias FAPERGS<\/a>&nbsp;e a quantidade deve estar de acordo com a dura\u00e7\u00e3o da atividade\/evento para as quais foram concedidas, incluindo deslocamento de, no m\u00e1ximo, 2 (dois) dias.<\/p>\n<p><strong>2 &#8211; Aprova\u00e7\u00e3o das Di\u00e1rias<\/strong><\/p>\n<p>Ap\u00f3s a aprova\u00e7\u00e3o da demanda, o valor ser\u00e1 repassado ao solicitante por meio de cheque com anteced\u00eancia de no m\u00e1ximo cinco dias da viagem ou por meio de reembolso, mediante assinatura do <a href=\"https:\/\/www.ufsm.br\/laboratorios\/inct\/wp-content\/uploads\/sites\/737\/2019\/08\/Recibo_Diarias.docx\">Recibo de Recebimento de Di\u00e1rias.<\/a><\/p>\n<p><strong>2 &#8211; Comprova\u00e7\u00e3o das Di\u00e1rias<\/strong><\/p>\n<p>As despesas com di\u00e1rias dever\u00e3o ser comprovadas atrav\u00e9s da apresenta\u00e7\u00e3o dos seguintes itens:<\/p>\n<ul>\n<li>Comprovante de despesas em nome do benefici\u00e1rio:&nbsp;<strong>1 nota fiscal por dia<\/strong>&nbsp;de recebimento da di\u00e1ria no destino e no deslocamento;<\/li>\n<li>Declara\u00e7\u00e3o original da Institui\u00e7\u00e3o\/Entidade patrocinadora ou c\u00f3pia do certificado de participa\u00e7\u00e3o no evento e\/ou miss\u00e3o (atestando a miss\u00e3o e explicitando o per\u00edodo de realiza\u00e7\u00e3o da mesma);<\/li>\n<li><a href=\"https:\/\/www.ufsm.br\/laboratorios\/inct\/wp-content\/uploads\/sites\/737\/2019\/08\/Relatorio_Atividades_Missao_Eventos-1.docx\">Relat\u00f3rio de Viagem.<\/a><\/li>\n<\/ul>\n<p><strong>Importante:<\/strong><\/p>\n<p>Acesso ao <a href=\"https:\/\/www.ufsm.br\/laboratorios\/inct\/wp-content\/uploads\/sites\/737\/2019\/08\/13152309-20141128173501manual-pc-2013.pdf\">Manual de Presta\u00e7\u00e3o de Contas FAPERGS.<\/a><\/p>\n<p>Informamos que o pesquisador deve estar cadastrado como&nbsp;<a href=\"https:\/\/www.ufsm.br\/laboratorios\/inct\/pesquisadores-cadastrados-junto-a-fapergs\/\">membro do projeto INCTGD junto a FAPERGS<\/a>. Caso o pesquisador n\u00e3o esteja cadastrado, o coordenador do projeto estrat\u00e9gico ao qual este pertence pode solicitar sua inclus\u00e3o pelo e-mail&nbsp;<span id=\"cloak91e981b97a69369075010907f37ba100\"><a href=\"mailto:inct@ufsm.br\">inct@ufsm.br<\/a><\/span>.<\/p>\n<p>Salientamos que este procedimento deve ser efetuado com no m\u00ednimo 30 dias de anteced\u00eancia de qualquer solicita\u00e7\u00e3o.<\/p>\n","protected":false},"excerpt":{"rendered":"<p>Procedimento &#8211; Compra de Materiais e Servi\u00e7os 1 &#8211; Identifica\u00e7\u00e3o da Compra O coordenador do projeto estrat\u00e9gico dever\u00e1 preencher o Formul\u00e1rio de Solicita\u00e7\u00e3o de Compra e enviar via e-mail para&nbsp;inct@ufsm.br,&nbsp;no qual constar\u00e1 os dados do projeto estrat\u00e9gico, a natureza da rubrica, a descri\u00e7\u00e3o dos itens a serem adquiridos, o valor do or\u00e7amento vencedor, bem como [&hellip;]<\/p>\n","protected":false},"author":115,"featured_media":0,"parent":0,"menu_order":0,"comment_status":"closed","ping_status":"closed","template":"","meta":{"footnotes":""},"categories":[],"tags":[],"class_list":["post-132","page","type-page","status-publish","hentry"],"acf":[],"_links":{"self":[{"href":"https:\/\/www.ufsm.br\/laboratorios\/inct\/wp-json\/wp\/v2\/pages\/132","targetHints":{"allow":["GET"]}}],"collection":[{"href":"https:\/\/www.ufsm.br\/laboratorios\/inct\/wp-json\/wp\/v2\/pages"}],"about":[{"href":"https:\/\/www.ufsm.br\/laboratorios\/inct\/wp-json\/wp\/v2\/types\/page"}],"author":[{"embeddable":true,"href":"https:\/\/www.ufsm.br\/laboratorios\/inct\/wp-json\/wp\/v2\/users\/115"}],"replies":[{"embeddable":true,"href":"https:\/\/www.ufsm.br\/laboratorios\/inct\/wp-json\/wp\/v2\/comments?post=132"}],"version-history":[{"count":0,"href":"https:\/\/www.ufsm.br\/laboratorios\/inct\/wp-json\/wp\/v2\/pages\/132\/revisions"}],"wp:attachment":[{"href":"https:\/\/www.ufsm.br\/laboratorios\/inct\/wp-json\/wp\/v2\/media?parent=132"}],"wp:term":[{"taxonomy":"category","embeddable":true,"href":"https:\/\/www.ufsm.br\/laboratorios\/inct\/wp-json\/wp\/v2\/categories?post=132"},{"taxonomy":"post_tag","embeddable":true,"href":"https:\/\/www.ufsm.br\/laboratorios\/inct\/wp-json\/wp\/v2\/tags?post=132"}],"curies":[{"name":"wp","href":"https:\/\/api.w.org\/{rel}","templated":true}]}}