{"id":251,"date":"2019-08-27T16:02:28","date_gmt":"2019-08-27T19:02:28","guid":{"rendered":"https:\/\/www.ufsm.br\/laboratorios\/inct\/?page_id=251"},"modified":"2022-05-23T10:36:02","modified_gmt":"2022-05-23T13:36:02","slug":"dissertacoes","status":"publish","type":"page","link":"https:\/\/www.ufsm.br\/laboratorios\/inct\/dissertacoes","title":{"rendered":"Disserta\u00e7\u00f5es"},"content":{"rendered":"\t\t<div data-elementor-type=\"wp-post\" data-elementor-id=\"251\" class=\"elementor elementor-251\">\n\t\t\t\t\t\t<section class=\"elementor-section elementor-top-section elementor-element elementor-element-c712cf7 elementor-section-boxed elementor-section-height-default elementor-section-height-default\" data-id=\"c712cf7\" data-element_type=\"section\">\n\t\t\t\t\t\t<div class=\"elementor-container elementor-column-gap-default\">\n\t\t\t\t\t<div class=\"elementor-column elementor-col-100 elementor-top-column elementor-element elementor-element-3c64404a\" data-id=\"3c64404a\" data-element_type=\"column\">\n\t\t\t<div class=\"elementor-widget-wrap elementor-element-populated\">\n\t\t\t\t\t\t<div class=\"elementor-element elementor-element-286d477f elementor-widget elementor-widget-text-editor\" data-id=\"286d477f\" data-element_type=\"widget\" data-widget_type=\"text-editor.default\">\n\t\t\t\t<div class=\"elementor-widget-container\">\n\t\t\t\t\t\t\t<div style=\"padding: 20px;width: 900px;margin: 10px;border: 1px solid #dcdcdc;border-radius: 5px\">\n<div style=\"padding: 20px;width: 850px;margin: 10px;border: 1px solid #dcdcdc;border-radius: 5px\"><p><a class=\"card-title card-link font-weight-bold\" href=\"https:\/\/www.ufsm.br\/laboratorios\/inct\/wp-content\/uploads\/sites\/737\/2019\/10\/Disserta%C3%A7%C3%A3o-Rodrigo-Oliveira-de-Miranda-Corrigida.pdf\" target=\"_blank\" rel=\"noopener\"> <i id=\"external\" class=\"fa fa-fas fa-external-link-alt mr-2\" style=\"margin: 10px;color: #007bff\" aria-hidden=\"true\"> <\/i>Contribui\u00e7\u00e3o \u00e0 instala\u00e7\u00e3o de um laborat\u00f3rio de ensaios em transformadores de distribui\u00e7\u00e3o no Instituto de Redes Inteligentes<\/a><br><span class=\"mr-1\" style=\"background-color: var(--bs-body-bg);text-align: var(--bs-body-text-align)\"><br><b>Autor: <\/b><\/span><span style=\"background-color: var(--bs-body-bg);text-align: var(--bs-body-text-align)\"> <\/span><i style=\"background-color: var(--bs-body-bg);text-align: var(--bs-body-text-align)\"><span>Rodrigo Oliveira de Miranda<\/span><br><\/i><span style=\"background-color: var(--bs-body-bg);text-align: var(--bs-body-text-align)\"><i><br><\/i><b>Orientador: <\/b><\/span><span style=\"background-color: var(--bs-body-bg);text-align: var(--bs-body-text-align)\"> <\/span><i style=\"background-color: var(--bs-body-bg);text-align: var(--bs-body-text-align)\">Prof. Dr. Rafael Concatto Beltrame<\/i><\/p>\n<\/div>\n<div style=\"padding: 20px;width: 850px;margin: 10px;border: 1px solid #dcdcdc;border-radius: 5px\"><p><a class=\"card-title card-link font-weight-bold\" href=\"https:\/\/www.ufsm.br\/laboratorios\/inct\/wp-content\/uploads\/sites\/737\/2019\/08\/Bortolini_Ricardo_Jochann_Franceschi.pdf\" target=\"_blank\" rel=\"noopener\"> <i id=\"external\" class=\"fa fa-fas fa-external-link-alt mr-2\" style=\"margin: 10px;color: #007bff\" aria-hidden=\"true\"> <\/i>Ensaio automatizado de medi\u00e7\u00e3o da efici\u00eancia energ\u00e9tica de inversores fotovoltaicos conectados \u00e0 rede<\/a><br><span class=\"mr-1\" style=\"background-color: var(--bs-body-bg);text-align: var(--bs-body-text-align)\"><br><b>Autor: <\/b><\/span><span style=\"background-color: var(--bs-body-bg);text-align: var(--bs-body-text-align)\"> <\/span><i style=\"background-color: var(--bs-body-bg);text-align: var(--bs-body-text-align)\"><span>Ricardo Jochann Franceschi Bortolini<\/span><br><\/i><span style=\"background-color: var(--bs-body-bg);text-align: var(--bs-body-text-align)\"><i><br><\/i><b>Orientador: <\/b><\/span><span style=\"background-color: var(--bs-body-bg);text-align: var(--bs-body-text-align)\"> <\/span><i style=\"background-color: var(--bs-body-bg);text-align: var(--bs-body-text-align)\">Prof. Dr. Leandro Michels<\/i><\/p>\n<\/div>\n<div style=\"padding: 20px;width: 850px;margin: 10px;border: 1px solid #dcdcdc;border-radius: 5px\"><p><a class=\"card-title card-link font-weight-bold\" href=\"https:\/\/www.ufsm.br\/laboratorios\/inct\/wp-content\/uploads\/sites\/737\/2019\/08\/Paula_Donaduzzi_Rigo_Disserta%C3%A7%C3%A3o.pdf\" target=\"_blank\" rel=\"noopener\"> <i id=\"external\" class=\"fa fa-fas fa-external-link-alt mr-2\" style=\"margin: 10px;color: #007bff\" aria-hidden=\"true\"> <\/i>Modelo de diagn\u00f3stico para projetos de micro e minigera\u00e7\u00e3o distribu\u00edda de energia fotovoltaica<\/a><br><span class=\"mr-1\" style=\"background-color: var(--bs-body-bg);text-align: var(--bs-body-text-align)\"><br><b>Autor: <\/b><\/span><span style=\"background-color: var(--bs-body-bg);text-align: var(--bs-body-text-align)\"> <\/span><i style=\"background-color: var(--bs-body-bg);text-align: var(--bs-body-text-align)\"><span>Paula Donaduzzi Rigo<\/span><br><\/i><span style=\"background-color: var(--bs-body-bg);text-align: var(--bs-body-text-align)\"><i><br><\/i><b>Orientador: <\/b><\/span><span style=\"background-color: var(--bs-body-bg);text-align: var(--bs-body-text-align)\"> <\/span><i style=\"background-color: var(--bs-body-bg);text-align: var(--bs-body-text-align)\">Prof. Dr. Julio Cezar Mairesse Siluk<\/i><\/p>\n<\/div>\n<div style=\"padding: 20px;width: 850px;margin: 10px;border: 1px solid #dcdcdc;border-radius: 5px\"><p><a class=\"card-title card-link font-weight-bold\" href=\"https:\/\/www.ufsm.br\/laboratorios\/inct\/wp-content\/uploads\/sites\/737\/2019\/09\/DISSERTA%C3%87%C3%83O-DE-MESTRADO-GABRIEL-AVILA-SACCOL.pdf\" target=\"_blank\" rel=\"noopener\"> <i id=\"external\" class=\"fa fa-fas fa-external-link-alt mr-2\" style=\"margin: 10px;color: #007bff\" aria-hidden=\"true\"> <\/i>Desenvolvimento de um conversor monof\u00e1sico assim\u00e9trico com capacitores flutuantes<\/a><br><span class=\"mr-1\" style=\"background-color: var(--bs-body-bg);text-align: var(--bs-body-text-align)\"><br><b>Autor: <\/b><\/span><span style=\"background-color: var(--bs-body-bg);text-align: var(--bs-body-text-align)\"> <\/span><i style=\"background-color: var(--bs-body-bg);text-align: var(--bs-body-text-align)\"><span>Gabriel Avila Saccol<\/span><br><\/i><span style=\"background-color: var(--bs-body-bg);text-align: var(--bs-body-text-align)\"><i><br><\/i><b>Orientador: <\/b><\/span><span style=\"background-color: var(--bs-body-bg);text-align: var(--bs-body-text-align)\"> <\/span><i style=\"background-color: var(--bs-body-bg);text-align: var(--bs-body-text-align)\">Prof. Dr. Cassiano Rech<\/i><\/p>\n<\/div>\n<div style=\"padding: 20px;width: 850px;margin: 10px;border: 1px solid #dcdcdc;border-radius: 5px\"><p><a class=\"card-title card-link font-weight-bold\" href=\"https:\/\/www.ufsm.br\/laboratorios\/inct\/wp-content\/uploads\/sites\/737\/2019\/09\/Dissertacao_Guilherme_Hollweg_corrigida_final.pdf\" target=\"_blank\" rel=\"noopener\"> <i id=\"external\" class=\"fa fa-fas fa-external-link-alt mr-2\" style=\"margin: 10px;color: #007bff\" aria-hidden=\"true\"> <\/i>Controlador MRAC-SM aplicado a um conversor quasi-Z-Source fotovoltaico conectado \u00e0 rede monof\u00e1sica<\/a><br><span class=\"mr-1\" style=\"background-color: var(--bs-body-bg);text-align: var(--bs-body-text-align)\"><br><b>Autor: <\/b><\/span><span style=\"background-color: var(--bs-body-bg);text-align: var(--bs-body-text-align)\"> <\/span><i style=\"background-color: var(--bs-body-bg);text-align: var(--bs-body-text-align)\"><span>Guilherme Vieira Hollweg<\/span><br><\/i><span style=\"background-color: var(--bs-body-bg);text-align: var(--bs-body-text-align)\"><i><br><\/i><b>Orientador: <\/b><\/span><span style=\"background-color: var(--bs-body-bg);text-align: var(--bs-body-text-align)\"> <\/span><i style=\"background-color: var(--bs-body-bg);text-align: var(--bs-body-text-align)\">Prof. M\u00e1rio L\u00facio da Silva Martins<\/i><\/p>\n<\/div>\n<div style=\"padding: 20px;width: 850px;margin: 10px;border: 1px solid #dcdcdc;border-radius: 5px\"><p><a class=\"card-title card-link font-weight-bold\" href=\"https:\/\/www.ufsm.br\/laboratorios\/inct\/wp-content\/uploads\/sites\/737\/2019\/12\/Disserta%C3%A7%C3%A3o-MauroSOrtiz-impress%C3%A3o-VF.pdf\" target=\"_blank\" rel=\"noopener\"> <i id=\"external\" class=\"fa fa-fas fa-external-link-alt mr-2\" style=\"margin: 10px;color: #007bff\" aria-hidden=\"true\"> <\/i>Metodologia para An\u00e1lise de Transit\u00f3rios Eletromagn\u00e9ticos durante Paralelismo em Redes de Distribui\u00e7\u00e3o com presen\u00e7a de Gera\u00e7\u00e3o Distribu\u00edda<\/a><br><span class=\"mr-1\" style=\"background-color: var(--bs-body-bg);text-align: var(--bs-body-text-align)\"><br><b>Autor: <\/b><\/span><span style=\"background-color: var(--bs-body-bg);text-align: var(--bs-body-text-align)\"> <\/span><i style=\"background-color: var(--bs-body-bg);text-align: var(--bs-body-text-align)\"><span>Mauro dos Santos Ortiz<\/span><br><\/i><span style=\"background-color: var(--bs-body-bg);text-align: var(--bs-body-text-align)\"><i><br><\/i><b>Orientador: <\/b><\/span><span style=\"background-color: var(--bs-body-bg);text-align: var(--bs-body-text-align)\"> <\/span><i style=\"background-color: var(--bs-body-bg);text-align: var(--bs-body-text-align)\">Prof. Dr. Daniel Pinheiro Bernardon<\/i><\/p>\n<\/div>\n<\/div>\t\t\t\t\t\t<\/div>\n\t\t\t\t<\/div>\n\t\t\t\t\t<\/div>\n\t\t<\/div>\n\t\t\t\t\t<\/div>\n\t\t<\/section>\n\t\t\t\t<\/div>\n\t\t","protected":false},"excerpt":{"rendered":"<p>Contribui\u00e7\u00e3o \u00e0 instala\u00e7\u00e3o de um laborat\u00f3rio de ensaios em transformadores de distribui\u00e7\u00e3o no Instituto de Redes Inteligentes Autor: Rodrigo Oliveira de MirandaOrientador: Prof. Dr. Rafael Concatto Beltrame Ensaio automatizado de medi\u00e7\u00e3o da efici\u00eancia energ\u00e9tica de inversores fotovoltaicos conectados \u00e0 rede Autor: Ricardo Jochann Franceschi BortoliniOrientador: Prof. Dr. Leandro Michels Modelo de diagn\u00f3stico para projetos de [&hellip;]<\/p>\n","protected":false},"author":115,"featured_media":0,"parent":0,"menu_order":0,"comment_status":"closed","ping_status":"closed","template":"","meta":{"footnotes":""},"categories":[],"tags":[],"class_list":["post-251","page","type-page","status-publish","hentry"],"acf":[],"_links":{"self":[{"href":"https:\/\/www.ufsm.br\/laboratorios\/inct\/wp-json\/wp\/v2\/pages\/251","targetHints":{"allow":["GET"]}}],"collection":[{"href":"https:\/\/www.ufsm.br\/laboratorios\/inct\/wp-json\/wp\/v2\/pages"}],"about":[{"href":"https:\/\/www.ufsm.br\/laboratorios\/inct\/wp-json\/wp\/v2\/types\/page"}],"author":[{"embeddable":true,"href":"https:\/\/www.ufsm.br\/laboratorios\/inct\/wp-json\/wp\/v2\/users\/115"}],"replies":[{"embeddable":true,"href":"https:\/\/www.ufsm.br\/laboratorios\/inct\/wp-json\/wp\/v2\/comments?post=251"}],"version-history":[{"count":0,"href":"https:\/\/www.ufsm.br\/laboratorios\/inct\/wp-json\/wp\/v2\/pages\/251\/revisions"}],"wp:attachment":[{"href":"https:\/\/www.ufsm.br\/laboratorios\/inct\/wp-json\/wp\/v2\/media?parent=251"}],"wp:term":[{"taxonomy":"category","embeddable":true,"href":"https:\/\/www.ufsm.br\/laboratorios\/inct\/wp-json\/wp\/v2\/categories?post=251"},{"taxonomy":"post_tag","embeddable":true,"href":"https:\/\/www.ufsm.br\/laboratorios\/inct\/wp-json\/wp\/v2\/tags?post=251"}],"curies":[{"name":"wp","href":"https:\/\/api.w.org\/{rel}","templated":true}]}}