{"id":305,"date":"2019-08-28T13:23:44","date_gmt":"2019-08-28T16:23:44","guid":{"rendered":"https:\/\/www.ufsm.br\/laboratorios\/inct\/?page_id=305"},"modified":"2022-03-24T14:15:08","modified_gmt":"2022-03-24T17:15:08","slug":"laboratorio-multiusuario-de-simulacao-computacional","status":"publish","type":"page","link":"https:\/\/www.ufsm.br\/laboratorios\/inct\/laboratorio-multiusuario-de-simulacao-computacional","title":{"rendered":"Laborat\u00f3rio Multiusu\u00e1rio de Simula\u00e7\u00e3o Computacional"},"content":{"rendered":"\t\t<div data-elementor-type=\"wp-page\" data-elementor-id=\"305\" class=\"elementor elementor-305\">\n\t\t\t\t\t\t<section class=\"elementor-section elementor-top-section elementor-element elementor-element-7c5ab36c elementor-section-boxed elementor-section-height-default elementor-section-height-default\" data-id=\"7c5ab36c\" data-element_type=\"section\">\n\t\t\t\t\t\t<div class=\"elementor-container elementor-column-gap-default\">\n\t\t\t\t\t<div class=\"elementor-column elementor-col-100 elementor-top-column elementor-element elementor-element-73b8273e\" data-id=\"73b8273e\" data-element_type=\"column\">\n\t\t\t<div class=\"elementor-widget-wrap elementor-element-populated\">\n\t\t\t\t\t\t<div class=\"elementor-element elementor-element-568b48e2 elementor-widget elementor-widget-text-editor\" data-id=\"568b48e2\" data-element_type=\"widget\" data-widget_type=\"text-editor.default\">\n\t\t\t\t<div class=\"elementor-widget-container\">\n\t\t\t\t\t\t\t<!-- wp:tadv\/classic-paragraph \/--><!-- wp:image {\"id\":303,\"className\":\"wp-image\"} -->\n<figure class=\"wp-image\" style=\"text-align: center\"><img fetchpriority=\"high\" decoding=\"async\" width=\"700\" height=\"300\" class=\"wp-image-303\" src=\"https:\/\/www.ufsm.br\/laboratorios\/inct\/wp-content\/uploads\/sites\/737\/2019\/08\/700x300-crop-90-images_laboratorios_lmpi_album_lmpi1.jpg\" alt=\"\" srcset=\"https:\/\/www.ufsm.br\/app\/uploads\/sites\/737\/2019\/08\/700x300-crop-90-images_laboratorios_lmpi_album_lmpi1.jpg 700w, https:\/\/www.ufsm.br\/app\/uploads\/sites\/737\/2019\/08\/700x300-crop-90-images_laboratorios_lmpi_album_lmpi1-300x129.jpg 300w\" sizes=\"(max-width: 700px) 100vw, 700px\" \/><\/figure>\n<!-- \/wp:image -->\n<h4>\u00a0<\/h4>\n<!-- wp:tadv\/classic-paragraph -->\n<p>O Laborat\u00f3rio Multiusu\u00e1rio de Simula\u00e7\u00e3o Computacional fica localizado no pr\u00e9dio do INRI (09E) na Universidade Federal de Santa Maria, \u00e9 fruto da parceria entre o INCT-GD a UFSM e o INRI, com valor investido superior a R$ 500.000,00 ele conta com o que h\u00e1 de mais moderno para simula\u00e7\u00e3o computacional em tempo real e aplica\u00e7\u00f5es de Hardware-in-the-Loop (HIL) e Rapid Control Prototyping (RCP).<\/p>\n<p>O laborat\u00f3rio fica localizado na sala 206 (provis\u00f3rio). Novas instala\u00e7\u00f5es est\u00e3o sendo providenciadas na sala 215 do Instituto de Redes Inteligentes &#8211; INRI, pr\u00e9dio 09E da Universidade Federal de Santa Maria.<\/p>\n<p>Para envio de propostas de pesquisa para o laborat\u00f3rio, siga ao fim da p\u00e1gina para ser direcionado(a) \u00e0 p\u00e1gina da central de agendamentos.<\/p>\n<p>\u00a0<\/p>\n<hr \/>\n<h3 style=\"text-align: center\">Equipamentos<\/h3>\n<hr \/>\n<h4>\u00a0<\/h4>\n<p style=\"float: left;padding-right: 30px\"><img decoding=\"async\" class=\"wp-image-306 alignleft\" src=\"https:\/\/www.ufsm.br\/laboratorios\/inct\/wp-content\/uploads\/sites\/737\/2019\/08\/OP5600-300x236.png\" alt=\"\" width=\"300\" height=\"236\" \/><\/p>\n<h6 style=\"padding-top: 75px\">Simulador em tempo real\u00a0<strong><a href=\"https:\/\/www.opal-rt.com\/simulator-platform-op5707\/\"> OP5707<\/a><\/strong><\/h6>\n<p>Os simuladores da s\u00e9rie OP5700 combinam processadores da linha Intel Xeon, de 32 cores, com uma FPGA, al\u00e9m de suportar uma lista extensa de protocolos de comunica\u00e7\u00e3o para realizar as mais exigentes aplica\u00e7\u00f5es de Hardware-in-the-loop (HIL) e Rapid Control Prototyping (RCP).<\/p>\n<h4>\u00a0<\/h4>\n<hr \/>\n<p>\u00a0<\/p>\n<p style=\"float: left;padding-right: 30px\"><img decoding=\"async\" class=\"wp-image-403  alignleft\" src=\"https:\/\/www.ufsm.br\/laboratorios\/inct\/wp-content\/uploads\/sites\/737\/2019\/10\/HIL604_360-300x153.jpg\" alt=\"\" width=\"300\" height=\"153\" srcset=\"https:\/\/www.ufsm.br\/app\/uploads\/sites\/737\/2019\/10\/HIL604_360-300x153.jpg 300w, https:\/\/www.ufsm.br\/app\/uploads\/sites\/737\/2019\/10\/HIL604_360-768x391.jpg 768w, https:\/\/www.ufsm.br\/app\/uploads\/sites\/737\/2019\/10\/HIL604_360-1024x521.jpg 1024w, https:\/\/www.ufsm.br\/app\/uploads\/sites\/737\/2019\/10\/HIL604_360.jpg 1050w\" sizes=\"(max-width: 300px) 100vw, 300px\" \/><\/p>\n<h6>Typhoon HIL604 &#8211; Hardware-in-the-Loop\u00a0<\/h6>\n<p>Ferramenta ideal para desenvolvimento, teste, otimiza\u00e7\u00e3o e garantia de qualidade de conversores em rede (fotovoltaico, e\u00f3lico, filtro ativo), conversores automotivos, propuls\u00e3o el\u00e9trica, microrredes e automa\u00e7\u00e3o industrial. Circuito com 224 canais de E\/S, permite conectar qualquer controlador ao simulador\u00a0 \u2013 sem qualquer modifica\u00e7\u00e3o no controlador. Possui prote\u00e7\u00e3o de \u00b1 24V e prote\u00e7\u00e3o contra descargas est\u00e1ticas em todos os 224 canais de E\/S. A sincroniza\u00e7\u00e3o de tempo (entradas PPS e IRIG-B) incorporada nos protocolos paralelos do HIL 604 mantem a lat\u00eancia de 1 microssegundo.<\/p>\n<p>\u00a0<\/p>\n<hr \/>\n<h4>\u00a0<\/h4>\n<h6 style=\"float: left;padding-right: 30px\"><img loading=\"lazy\" decoding=\"async\" class=\"wp-image-404  alignleft\" src=\"https:\/\/www.ufsm.br\/laboratorios\/inct\/wp-content\/uploads\/sites\/737\/2019\/10\/215-279x300.jpg\" alt=\"\" width=\"297\" height=\"320\" srcset=\"https:\/\/www.ufsm.br\/app\/uploads\/sites\/737\/2019\/10\/215-279x300.jpg 279w, https:\/\/www.ufsm.br\/app\/uploads\/sites\/737\/2019\/10\/215-768x825.jpg 768w, https:\/\/www.ufsm.br\/app\/uploads\/sites\/737\/2019\/10\/215.jpg 953w\" sizes=\"(max-width: 297px) 100vw, 297px\" \/><\/h6>\n<h6>\u00a0<\/h6>\n<h6>REGATRON Serie TopCon TC.ACS<\/h6>\n<p>O TC.ACS \u00e9 uma s\u00e9rie de fontes de alimenta\u00e7\u00e3o CA trif\u00e1sicas totalmente digitais, completas e com 4 quadrantes, com recursos de programa\u00e7\u00e3o excepcionais. Cada unidade TC.ACS representa uma configura\u00e7\u00e3o tr\u00eas em um:<\/p>\n<ul>\n<li>Simulador de grade trif\u00e1sico sintetizado e vers\u00e1til com 4 sa\u00eddas ativas totalmente controladas. Configura\u00e7\u00e3o do modo de opera\u00e7\u00e3o por ferramentas de software abrangentes. Com conex\u00e3o N totalmente ativa dispon\u00edvel na porta do simulador;<\/li>\n<li>Amplificador de pot\u00eancia completo de 1 a 3 fases, de quatro quadrantes, com qualidades excelentes, 3 entradas independentes e galv\u00e2nicas isoladas, especialmente adequadas para aplica\u00e7\u00f5es HIL de alta largura de banda no laborat\u00f3rio de energia, assistidas por um processador externo de RT;<\/li>\n<li>Modo de carga RLC program\u00e1vel (carga CA eletr\u00f4nica com recupera\u00e7\u00e3o de rede) para substituir resistores, indutores e capacitores reais e volumosos. A energia reativa \u00e9 recuperada na grade trif\u00e1sica com a m\u00e1xima efici\u00eancia;<\/li>\n<\/ul>\n<p>A tecnologia do inversor de v\u00e1rios n\u00edveis junto com uma alta frequ\u00eancia de comuta\u00e7\u00e3o, abre uma ampla faixa de frequ\u00eancia desde DC at\u00e9 1000Hz e uma largura de banda de modula\u00e7\u00e3o de 5 kHz. Portanto, a distor\u00e7\u00e3o harm\u00f4nica at\u00e9 o 100\u00ba harm\u00f4nico a 50 Hz ou o 83\u00ba harm\u00f4nico a 60Hz pode ser reproduzida exatamente. O sistema pode ser adaptado de maneira f\u00e1cil e abrangente \u00e0s v\u00e1rias tarefas a serem realizadas nos campos de P&amp;D, laborat\u00f3rio, testes de final de linha e educa\u00e7\u00e3o.<\/p>\n<p>O modelo opera com pot\u00eancia de 30 kVa.\u00a0<!-- \/wp:tadv\/classic-paragraph --><\/p>\t\t\t\t\t\t<\/div>\n\t\t\t\t<\/div>\n\t\t\t\t\t<\/div>\n\t\t<\/div>\n\t\t\t\t\t<\/div>\n\t\t<\/section>\n\t\t\t\t<section class=\"elementor-section elementor-top-section elementor-element elementor-element-745d67e elementor-section-boxed elementor-section-height-default elementor-section-height-default\" data-id=\"745d67e\" data-element_type=\"section\">\n\t\t\t\t\t\t<div class=\"elementor-container elementor-column-gap-default\">\n\t\t\t\t\t<div class=\"elementor-column elementor-col-100 elementor-top-column elementor-element elementor-element-e74c6e8\" data-id=\"e74c6e8\" data-element_type=\"column\">\n\t\t\t<div class=\"elementor-widget-wrap elementor-element-populated\">\n\t\t\t\t\t\t<div class=\"elementor-element elementor-element-f3628cc elementor-widget elementor-widget-spacer\" data-id=\"f3628cc\" data-element_type=\"widget\" data-widget_type=\"spacer.default\">\n\t\t\t\t<div class=\"elementor-widget-container\">\n\t\t\t\t\t<div class=\"elementor-spacer\">\n\t\t\t<div class=\"elementor-spacer-inner\"><\/div>\n\t\t<\/div>\n\t\t\t\t<\/div>\n\t\t\t\t<\/div>\n\t\t\t\t\t<\/div>\n\t\t<\/div>\n\t\t\t\t\t<\/div>\n\t\t<\/section>\n\t\t\t\t<section class=\"elementor-section elementor-top-section elementor-element elementor-element-251a366 elementor-section-boxed elementor-section-height-default elementor-section-height-default\" data-id=\"251a366\" data-element_type=\"section\">\n\t\t\t\t\t\t<div class=\"elementor-container elementor-column-gap-default\">\n\t\t\t\t\t<div class=\"elementor-column elementor-col-100 elementor-top-column elementor-element elementor-element-82e8a0a\" data-id=\"82e8a0a\" data-element_type=\"column\">\n\t\t\t<div class=\"elementor-widget-wrap elementor-element-populated\">\n\t\t\t\t\t\t<div class=\"elementor-element elementor-element-e8f0fa9 elementor-widget elementor-widget-text-editor\" data-id=\"e8f0fa9\" data-element_type=\"widget\" data-widget_type=\"text-editor.default\">\n\t\t\t\t<div class=\"elementor-widget-container\">\n\t\t\t\t\t\t\t<p>Para solicitar um hor\u00e1rio de simula\u00e7\u00e3o em qualquer dos equipamentos supracitados, por favor clique no bot\u00e3o abaixo e preencha o formul\u00e1rio que se encontra ao final da p\u00e1gina. Antes, por\u00e9m, baixe a Resolu\u00e7\u00e3o Interna INRI\/UFSM n.01\/2022 dispon\u00edvel na se\u00e7\u00e3o &#8220;Central de Agendamento&#8221; na mesma p\u00e1gina.\u00a0<\/p>\t\t\t\t\t\t<\/div>\n\t\t\t\t<\/div>\n\t\t\t\t<div class=\"elementor-element elementor-element-3f817ea elementor-align-center elementor-widget elementor-widget-button\" data-id=\"3f817ea\" data-element_type=\"widget\" data-widget_type=\"button.default\">\n\t\t\t\t<div class=\"elementor-widget-container\">\n\t\t\t\t\t\t\t<div class=\"elementor-button-wrapper\">\n\t\t\t\t\t<a class=\"elementor-button elementor-button-link elementor-size-sm\" href=\"https:\/\/inriufsm.com.br\/lmsc\/\">\n\t\t\t\t\t\t<span class=\"elementor-button-content-wrapper\">\n\t\t\t\t\t\t\t\t\t<span class=\"elementor-button-text\">Ir para a Central de Agendamentos<\/span>\n\t\t\t\t\t<\/span>\n\t\t\t\t\t<\/a>\n\t\t\t\t<\/div>\n\t\t\t\t\t\t<\/div>\n\t\t\t\t<\/div>\n\t\t\t\t\t<\/div>\n\t\t<\/div>\n\t\t\t\t\t<\/div>\n\t\t<\/section>\n\t\t\t\t<\/div>\n\t\t","protected":false},"excerpt":{"rendered":"<p>\u00a0 O Laborat\u00f3rio Multiusu\u00e1rio de Simula\u00e7\u00e3o Computacional fica localizado no pr\u00e9dio do INRI (09E) na Universidade Federal de Santa Maria, \u00e9 fruto da parceria entre o INCT-GD a UFSM e o INRI, com valor investido superior a R$ 500.000,00 ele conta com o que h\u00e1 de mais moderno para simula\u00e7\u00e3o computacional em tempo real e [&hellip;]<\/p>\n","protected":false},"author":115,"featured_media":0,"parent":0,"menu_order":0,"comment_status":"closed","ping_status":"closed","template":"","meta":{"footnotes":""},"categories":[],"tags":[],"class_list":["post-305","page","type-page","status-publish","hentry"],"acf":[],"_links":{"self":[{"href":"https:\/\/www.ufsm.br\/laboratorios\/inct\/wp-json\/wp\/v2\/pages\/305","targetHints":{"allow":["GET"]}}],"collection":[{"href":"https:\/\/www.ufsm.br\/laboratorios\/inct\/wp-json\/wp\/v2\/pages"}],"about":[{"href":"https:\/\/www.ufsm.br\/laboratorios\/inct\/wp-json\/wp\/v2\/types\/page"}],"author":[{"embeddable":true,"href":"https:\/\/www.ufsm.br\/laboratorios\/inct\/wp-json\/wp\/v2\/users\/115"}],"replies":[{"embeddable":true,"href":"https:\/\/www.ufsm.br\/laboratorios\/inct\/wp-json\/wp\/v2\/comments?post=305"}],"version-history":[{"count":0,"href":"https:\/\/www.ufsm.br\/laboratorios\/inct\/wp-json\/wp\/v2\/pages\/305\/revisions"}],"wp:attachment":[{"href":"https:\/\/www.ufsm.br\/laboratorios\/inct\/wp-json\/wp\/v2\/media?parent=305"}],"wp:term":[{"taxonomy":"category","embeddable":true,"href":"https:\/\/www.ufsm.br\/laboratorios\/inct\/wp-json\/wp\/v2\/categories?post=305"},{"taxonomy":"post_tag","embeddable":true,"href":"https:\/\/www.ufsm.br\/laboratorios\/inct\/wp-json\/wp\/v2\/tags?post=305"}],"curies":[{"name":"wp","href":"https:\/\/api.w.org\/{rel}","templated":true}]}}