{"id":483,"date":"2019-10-10T15:17:39","date_gmt":"2019-10-10T18:17:39","guid":{"rendered":"https:\/\/www.ufsm.br\/laboratorios\/inct\/?page_id=483"},"modified":"2022-05-26T10:29:54","modified_gmt":"2022-05-26T13:29:54","slug":"livros","status":"publish","type":"page","link":"https:\/\/www.ufsm.br\/laboratorios\/inct\/livros","title":{"rendered":"Livros"},"content":{"rendered":"<div style=\"padding: 20px;width: 900px;margin: 10px;border: 1px solid #dcdcdc;border-radius: 5px\">\n<div style=\"padding: 20px;width: 850px;margin: 10px;border: 1px solid #dcdcdc;border-radius: 5px\">\n<p><a class=\"card-title card-link font-weight-bold\" href=\"https:\/\/inriufsm.com.br\/download-cartilha-virtual\/\" target=\"_blank\" rel=\"noopener noreferrer\">Inversores Fotovoltaicos Conectados \u00e0 Rede <\/a><strong><i>&#8211; Cartilha Virtual<\/i><\/strong><\/p>\n<\/div>\n<div style=\"padding: 20px;width: 850px;margin: 10px;border: 1px solid #dcdcdc;border-radius: 5px\">\n<p><a href=\"https:\/\/link.springer.com\/chapter\/10.1007\/978-3-030-36115-0_5\">Energy Storage System Sitting and Sizing for Renewable Support<\/a><\/p>\n<p><strong>Autores: <\/strong>CANHA, LUCIANE NEVES; RANGEL, CAMILO ALBERTO SEP\u00daLVEDA ; ADEYANJU, OLATUNJI MATTHEW<\/p>\n<p><strong>Ano: <\/strong><em>2020<\/em><\/p>\n<\/div>\n<div style=\"padding: 20px;width: 850px;margin: 10px;border: 1px solid #dcdcdc;border-radius: 5px\">\n<p><a href=\"https:\/\/link.springer.com\/chapter\/10.1007\/978-3-030-36979-8_4\">Transmission Pricing: Right Insights for Suitable Cost Allocation Methods<\/a><\/p>\n<p><strong>Autores: <\/strong>BENETTI, M. A. ; SPERANDIO, M.<\/p>\n<p><strong>Ano: <\/strong><em>2020<\/em><\/p>\n<\/div>\n<div style=\"padding: 20px;width: 850px;margin: 10px;border: 1px solid #dcdcdc;border-radius: 5px\">\n<p><a href=\"http:\/\/https\/www.atenaeditora.com.br\/post-ebook\/2919\" data-wplink-url-error=\"true\">Otimiza\u00e7\u00e3o da Confiabilidade pela Aloca\u00e7\u00e3o de Chaves Autom\u00e1ticas e uso de Gera\u00e7\u00e3o Distribu\u00edda em Ilhamento. A Aplica\u00e7\u00e3o do Conhecimento Cient\u00edfico na Engenharia El\u00e9trica<\/a><\/p>\n<p><strong>Autores: <\/strong>SOUSA, RAILSON SEVERIANO DE ; RANGEL, CAMILO ALBERTO SEP\u00daLVEDA ; MARTINS, CRICI\u00c9LE CASTRO ; SPERANDIO, MAURICIO ; CANHA, LUCIANE NEVES<\/p>\n<p><strong>Ano:\u00a0<\/strong><em>2020<\/em><\/p>\n<\/div>\n<div style=\"padding: 20px;width: 850px;margin: 10px;border: 1px solid #dcdcdc;border-radius: 5px\">\n<p><span style=\"font-size: revert;color: initial\"><a href=\"https:\/\/www.researchgate.net\/deref\/http%3A%2F%2Fdx.doi.org%2F10.22533%2Fat.ed.66719220110\">Aplica\u00e7\u00e3o de Sistema Fotovoltaico em Escolas Municipais da Cidade de Cruz Alta\/RS: An\u00e1lise de Implanta\u00e7\u00e3o e Potencial de Energia Gerada<\/a><\/span><\/p>\n<p><strong>Autores:\u00a0<\/strong>HAAS, ALESSANDRA; ROHR, FRANCIELE; SANTOS, \u00cdSIS PORTOLAN DOS<\/p>\n<p><strong>Ano:\u00a0<\/strong><em>2019<\/em><\/p>\n<\/div>\n<div style=\"padding: 20px;width: 850px;margin: 10px;border: 1px solid #dcdcdc;border-radius: 5px\"><a class=\"card-title card-link font-weight-bold\" href=\"https:\/\/www.springer.com\/br\/book\/9783319939216?utm_campaign=3_23901395&amp;utm_content=en_2018-08_BA&amp;utm_medium=email&amp;utm_source=nba&amp;wt_mc=Alerts.NBA.EN.2018-08.BA#otherversion=9783319939223\" target=\"_blank\" rel=\"noopener noreferrer\">Smart Operation for Power Distribution Systems<\/a><\/p>\n<p><strong class=\"mr-1\" style=\"font-size: revert;color: initial\">Autores: <\/strong><span style=\"font-size: revert;color: initial\"> Bernardon, Daniel Pinheiro; Garcia, Vin\u00edcius Jacques<\/span><\/p>\n<p><strong style=\"color: initial\">Ano: <\/strong> <i style=\"color: initial\">2018<\/i><\/p>\n<\/div>\n<\/div>\n","protected":false},"excerpt":{"rendered":"<p>Inversores Fotovoltaicos Conectados \u00e0 Rede &#8211; Cartilha Virtual Energy Storage System Sitting and Sizing for Renewable Support Autores: CANHA, LUCIANE NEVES; RANGEL, CAMILO ALBERTO SEP\u00daLVEDA ; ADEYANJU, OLATUNJI MATTHEW Ano: 2020 Transmission Pricing: Right Insights for Suitable Cost Allocation Methods Autores: BENETTI, M. A. ; SPERANDIO, M. Ano: 2020 Otimiza\u00e7\u00e3o da Confiabilidade pela Aloca\u00e7\u00e3o de [&hellip;]<\/p>\n","protected":false},"author":1659,"featured_media":0,"parent":0,"menu_order":0,"comment_status":"closed","ping_status":"closed","template":"","meta":{"footnotes":""},"categories":[],"tags":[],"class_list":["post-483","page","type-page","status-publish","hentry"],"acf":[],"_links":{"self":[{"href":"https:\/\/www.ufsm.br\/laboratorios\/inct\/wp-json\/wp\/v2\/pages\/483","targetHints":{"allow":["GET"]}}],"collection":[{"href":"https:\/\/www.ufsm.br\/laboratorios\/inct\/wp-json\/wp\/v2\/pages"}],"about":[{"href":"https:\/\/www.ufsm.br\/laboratorios\/inct\/wp-json\/wp\/v2\/types\/page"}],"author":[{"embeddable":true,"href":"https:\/\/www.ufsm.br\/laboratorios\/inct\/wp-json\/wp\/v2\/users\/1659"}],"replies":[{"embeddable":true,"href":"https:\/\/www.ufsm.br\/laboratorios\/inct\/wp-json\/wp\/v2\/comments?post=483"}],"version-history":[{"count":0,"href":"https:\/\/www.ufsm.br\/laboratorios\/inct\/wp-json\/wp\/v2\/pages\/483\/revisions"}],"wp:attachment":[{"href":"https:\/\/www.ufsm.br\/laboratorios\/inct\/wp-json\/wp\/v2\/media?parent=483"}],"wp:term":[{"taxonomy":"category","embeddable":true,"href":"https:\/\/www.ufsm.br\/laboratorios\/inct\/wp-json\/wp\/v2\/categories?post=483"},{"taxonomy":"post_tag","embeddable":true,"href":"https:\/\/www.ufsm.br\/laboratorios\/inct\/wp-json\/wp\/v2\/tags?post=483"}],"curies":[{"name":"wp","href":"https:\/\/api.w.org\/{rel}","templated":true}]}}