{"id":676,"date":"2020-04-27T21:51:49","date_gmt":"2020-04-28T00:51:49","guid":{"rendered":"https:\/\/www.ufsm.br\/laboratorios\/inct\/?page_id=676"},"modified":"2023-02-08T09:36:34","modified_gmt":"2023-02-08T12:36:34","slug":"solicitacao-de-diarias","status":"publish","type":"page","link":"https:\/\/www.ufsm.br\/laboratorios\/inct\/solicitacao-de-diarias","title":{"rendered":"Solicita\u00e7\u00e3o de di\u00e1rias"},"content":{"rendered":"\t\t<div data-elementor-type=\"wp-page\" data-elementor-id=\"676\" class=\"elementor elementor-676\">\n\t\t\t\t\t\t<section class=\"elementor-section elementor-top-section elementor-element elementor-element-7a149872 elementor-section-boxed elementor-section-height-default elementor-section-height-default\" data-id=\"7a149872\" data-element_type=\"section\">\n\t\t\t\t\t\t<div class=\"elementor-container elementor-column-gap-default\">\n\t\t\t\t\t<div class=\"elementor-column elementor-col-100 elementor-top-column elementor-element elementor-element-34147b37\" data-id=\"34147b37\" data-element_type=\"column\">\n\t\t\t<div class=\"elementor-widget-wrap elementor-element-populated\">\n\t\t\t\t\t\t<div class=\"elementor-element elementor-element-40fcf8be elementor-widget elementor-widget-text-editor\" data-id=\"40fcf8be\" data-element_type=\"widget\" data-widget_type=\"text-editor.default\">\n\t\t\t\t<div class=\"elementor-widget-container\">\n\t\t\t\t\t\t\t<p><!-- wp:tadv\/classic-paragraph --><\/p>\n<h5>Solicita\u00e7\u00e3o de Di\u00e1rias<\/h5>\n<p><strong>1 &#8211; Solicita\u00e7\u00e3o das Di\u00e1rias<\/strong><\/p>\n<p>O coordenador do projeto estrat\u00e9gico dever\u00e1 preencher o <strong><a href=\"https:\/\/www.ufsm.br\/app\/uploads\/sites\/737\/2021\/11\/Formulario_de_Solicitacao_de_Diaria.docx\" target=\"_blank\" rel=\"noopener\">Formul\u00e1rio de Solicita\u00e7\u00e3o de Di\u00e1ria<\/a>\u00a0e enviar via e-mail para <a href=\"mailto:inct@ufsm.br\" target=\"_blank\" rel=\"noopener noreferrer\">inct@ufsm.br<\/a><\/strong><u>,<\/u> no qual constar\u00e1 os dados do projeto estrat\u00e9gico, a natureza da rubrica, o local, os dados do benefici\u00e1rio e a descri\u00e7\u00e3o das atividades a serem realizadas.<\/p>\n<p>Os valores de di\u00e1rias est\u00e3o estabelecido na<strong> <a href=\"https:\/\/fapergs.rs.gov.br\/valores-de-diarias-e-bolsas\">Tabela de Di\u00e1rias FAPERGS<\/a><\/strong> ou <a href=\"http:\/\/memoria2.cnpq.br\/web\/guest\/view\/-\/journal_content\/56_INSTANCE_0oED\/10157\/1318146\"><strong>VALORES DE DI\u00c1RIAS PARA AUX\u00cdLIOS INDIVIDUAIS CNPq<\/strong><\/a>, e a quantidade deve estar de acordo com a dura\u00e7\u00e3o da atividade\/evento para as quais foram concedidas, incluindo deslocamento de, no m\u00e1ximo, 2 (dois) dias.<\/p>\n<p><strong>2 &#8211; Aprova\u00e7\u00e3o das Di\u00e1rias<\/strong><\/p>\n<p>Ap\u00f3s a aprova\u00e7\u00e3o da demanda, o valor ser\u00e1 repassado ao solicitante por meio de transfer\u00eancia banc\u00e1ria com anteced\u00eancia de no m\u00e1ximo cinco dias da viagem ou por meio de reembolso, mediante assinatura do <strong>Recibo de di\u00e1rias, <\/strong>fornecido pela secretaria<strong>.<\/strong><\/p>\n<p><strong>2 &#8211; Comprova\u00e7\u00e3o das Di\u00e1rias<\/strong><\/p>\n<p>As despesas com di\u00e1rias dever\u00e3o ser comprovadas atrav\u00e9s da apresenta\u00e7\u00e3o dos seguintes itens:<\/p>\n<ul>\n<li>Comprovante de despesas em nome do benefici\u00e1rio: <strong>1 nota fiscal por dia<\/strong> de recebimento da di\u00e1ria no destino e no deslocamento (dias que n\u00e3o tiverem comprova\u00e7\u00e3o com nota fiscal ser\u00e1 estornado o valor integral da di\u00e1ria);<\/li>\n<li>Declara\u00e7\u00e3o original da Institui\u00e7\u00e3o\/Entidade patrocinadora ou c\u00f3pia do certificado de participa\u00e7\u00e3o no evento e\/ou miss\u00e3o (atestando a miss\u00e3o e explicitando o per\u00edodo de realiza\u00e7\u00e3o da mesma);<\/li>\n<li><strong><a href=\"https:\/\/www.ufsm.br\/app\/uploads\/sites\/737\/2022\/11\/Relatorio_Atividades_Missao_Eventos.docx\" target=\"_blank\" rel=\"noopener\">Relat\u00f3rio de Atividades<\/a><\/strong><\/li>\n<\/ul>\n<p><strong>Importante:<\/strong><\/p>\n<p>Acesso ao <strong><a href=\"https:\/\/www.ufsm.br\/laboratorios\/inct\/wp-content\/uploads\/sites\/737\/2019\/08\/13152309-20141128173501manual-pc-2013.pdf\">Manual de Presta\u00e7\u00e3o de Contas FAPERGS.<\/a><\/strong><\/p>\n<p>Informamos que o pesquisador deve estar cadastrado como <a href=\"https:\/\/www.ufsm.br\/laboratorios\/inct\/pesquisadores-cadastrados-junto-a-fapergs\/\"><strong>membro do projeto INCTGD junto a FAPERGS<\/strong><\/a> <strong>ou CNPq<\/strong>. Caso o pesquisador n\u00e3o esteja cadastrado, o coordenador do projeto estrat\u00e9gico ao qual este pertence pode solicitar sua inclus\u00e3o pelo e-mail <span id=\"cloak91e981b97a69369075010907f37ba100\"><a href=\"mailto:inct@ufsm.br\">inct@ufsm.br<\/a><\/span>.<\/p>\n<p>Salientamos que este procedimento deve ser efetuado com no m\u00ednimo 30 dias de anteced\u00eancia de qualquer solicita\u00e7\u00e3o.<\/p>\n<p><!-- \/wp:tadv\/classic-paragraph --><\/p>\t\t\t\t\t\t<\/div>\n\t\t\t\t<\/div>\n\t\t\t\t\t<\/div>\n\t\t<\/div>\n\t\t\t\t\t<\/div>\n\t\t<\/section>\n\t\t\t\t<\/div>\n\t\t","protected":false},"excerpt":{"rendered":"<p>Solicita\u00e7\u00e3o de Di\u00e1rias 1 &#8211; Solicita\u00e7\u00e3o das Di\u00e1rias O coordenador do projeto estrat\u00e9gico dever\u00e1 preencher o Formul\u00e1rio de Solicita\u00e7\u00e3o de Di\u00e1ria\u00a0e enviar via e-mail para inct@ufsm.br, no qual constar\u00e1 os dados do projeto estrat\u00e9gico, a natureza da rubrica, o local, os dados do benefici\u00e1rio e a descri\u00e7\u00e3o das atividades a serem realizadas. Os valores de [&hellip;]<\/p>\n","protected":false},"author":2352,"featured_media":0,"parent":0,"menu_order":0,"comment_status":"closed","ping_status":"closed","template":"","meta":{"footnotes":""},"categories":[],"tags":[],"class_list":["post-676","page","type-page","status-publish","hentry"],"acf":[],"_links":{"self":[{"href":"https:\/\/www.ufsm.br\/laboratorios\/inct\/wp-json\/wp\/v2\/pages\/676","targetHints":{"allow":["GET"]}}],"collection":[{"href":"https:\/\/www.ufsm.br\/laboratorios\/inct\/wp-json\/wp\/v2\/pages"}],"about":[{"href":"https:\/\/www.ufsm.br\/laboratorios\/inct\/wp-json\/wp\/v2\/types\/page"}],"author":[{"embeddable":true,"href":"https:\/\/www.ufsm.br\/laboratorios\/inct\/wp-json\/wp\/v2\/users\/2352"}],"replies":[{"embeddable":true,"href":"https:\/\/www.ufsm.br\/laboratorios\/inct\/wp-json\/wp\/v2\/comments?post=676"}],"version-history":[{"count":0,"href":"https:\/\/www.ufsm.br\/laboratorios\/inct\/wp-json\/wp\/v2\/pages\/676\/revisions"}],"wp:attachment":[{"href":"https:\/\/www.ufsm.br\/laboratorios\/inct\/wp-json\/wp\/v2\/media?parent=676"}],"wp:term":[{"taxonomy":"category","embeddable":true,"href":"https:\/\/www.ufsm.br\/laboratorios\/inct\/wp-json\/wp\/v2\/categories?post=676"},{"taxonomy":"post_tag","embeddable":true,"href":"https:\/\/www.ufsm.br\/laboratorios\/inct\/wp-json\/wp\/v2\/tags?post=676"}],"curies":[{"name":"wp","href":"https:\/\/api.w.org\/{rel}","templated":true}]}}