{"id":72,"date":"2019-08-26T13:25:02","date_gmt":"2019-08-26T16:25:02","guid":{"rendered":"https:\/\/www.ufsm.br\/laboratorios\/inct\/?page_id=72"},"modified":"2020-06-01T14:15:43","modified_gmt":"2020-06-01T17:15:43","slug":"empresas-associadas","status":"publish","type":"page","link":"https:\/\/www.ufsm.br\/laboratorios\/inct\/empresas-associadas","title":{"rendered":"Empresas Associadas"},"content":{"rendered":"\n<table style=\"border:none\">\n<tbody style=\"border:none\">\n<tr style=\"border:none\">\n<td style=\"border:none\"><a href=\"http:\/\/www.phb.com.br\/\" target=\"_blank\" rel=\"noopener noreferrer\"><img decoding=\"async\" src=\"http:\/\/inctgd.ufsm.br\/images\/instituicoes\/phb.png\" alt=\"phb\" width=\"95\" height=\"70\"><\/a><\/td>\n<td style=\"border:none\">\n<h4>PHB Eletr\u00f4nica LTDA<\/h4>\n<\/td>\n<\/tr>\n<\/tbody>\n<\/table>\n<table style=\"border:none\">\n<tbody style=\"border:none\">\n<tr style=\"border:none\">\n<td style=\"border:none;text-align:center\"><strong>Pesquisadores<br><\/strong><\/td>\n<td style=\"border:none;text-align:center\"><strong>Email<br><\/strong><\/td>\n<td style=\"border:none;text-align:center\"><strong>Linha de Pesquisa<br><\/strong><\/td>\n<td style=\"border:none;text-align:center\"><strong>Projeto Estrat\u00e9gico<br><\/strong><\/td>\n<\/tr>\n<tr style=\"border:none\">\n<td style=\"border:none\">Mauro Fernando Basquera Jr<\/td>\n<td style=\"border:none;text-align:center\"><span id=\"cloak301a462e1be964666fa90669b174308e\"><a href=\"mailto:mauro@phb.com.br\">mauro@phb.com.br<\/a><\/span><\/td>\n<td style=\"border:none;text-align:center\" rowspan=\"5\">&nbsp;<a href=\"http:\/\/inctgd.ufsm.br\/index.php\/pt-br\/linhas-de-pesquisa\/sistemas-de-conversao-de-fontes-primarias-de-energia\" target=\"_blank\" rel=\"noopener noreferrer\">Linha de Pesquisa 1<\/a><\/td>\n<td style=\"border:none\" rowspan=\"5\"><a href=\"http:\/\/inctgd.ufsm.br\/index.php\/pt-br\/home\/empresas-associadas\/10-projetos-estrategicos\/120-modelagem-analise-desenvolvimento-testes-e-aplicacao-de-sistemas-fotovoltaicos\" target=\"_blank\" rel=\"noopener noreferrer\">Projeto Estrat\u00e9gico 5<\/a><\/td>\n<\/tr>\n<tr style=\"border:none\">\n<td style=\"border:none\">Paulo Roberto Gaidzinski<\/td>\n<td style=\"border:none;text-align:center\"><span id=\"cloak89507fa52ec50041a08f82406473aa85\"><a href=\"mailto:engenharia@phb.com.br\">engenharia@phb.com.br<\/a><\/span><\/td>\n<\/tr>\n<tr style=\"border:none\">\n<td style=\"border:none\">Ildo Bet<\/td>\n<td style=\"border:none;text-align:center\"><span id=\"cloak697623951ae5fc32706bad667824b4e5\"><a href=\"mailto:ildobet@gmail.com\">ildobet@gmail.com<\/a><\/span><\/td>\n<\/tr>\n<tr style=\"border:none\">\n<td style=\"border:none\">Ricardo Souza Figueredo<\/td>\n<td style=\"border:none;text-align:center\"><span id=\"cloakc4f7036d486d3ab305d55c7a01975545\"><a href=\"mailto:ricardoszf@gmail.com\">ricardoszf@gmail.com<\/a><\/span><\/td>\n<\/tr>\n<tr style=\"border:none\">\n<td style=\"border:none\">Rogerio Valentim Pereira<\/td>\n<td style=\"border:none;text-align:center\"><span id=\"cloak4f218d66bf6d9e0dbf07605c543ccc8b\"><a href=\"mailto:rogerio@phb.com.br\">rogerio@phb.com.br<\/a><\/span><\/td>\n<\/tr>\n<\/tbody>\n<\/table>\n<h1>&nbsp;&nbsp;<\/h1>\n<h1>&nbsp;&nbsp;<\/h1>\n\n<table style=\"border:none\">\n<tbody style=\"border:none\">\n<tr style=\"border:none\">\n<td style=\"border:none\"><a href=\"http:\/\/www.sonnen.com.br\/\" target=\"_blank\" rel=\"noopener noreferrer\"><img decoding=\"async\" src=\"http:\/\/inctgd.ufsm.br\/images\/instituicoes\/sonnen.png\" alt=\"sonnen\" width=\"189\" height=\"57\"><\/a><\/td>\n<td>\n<h4 style=\"border:none\">Sonnen Energia<\/h4>\n<\/td>\n<\/tr>\n<\/tbody>\n<\/table>\n<table style=\"border:none\">\n<tbody style=\"border:none\">\n<tr style=\"border:none;text-align:center\">\n<td style=\"border:none;text-align:center\"><strong>Pesquisadores<br><\/strong><\/td>\n<td style=\"border:none;text-align:center\"><strong>Email<br><\/strong><\/td>\n<td style=\"border:none;text-align:center\"><strong>Linha de Pesquisa<br><\/strong><\/td>\n<td style=\"border:none;text-align:center\"><strong>Projeto Estrat\u00e9gico<br><\/strong><\/td>\n<\/tr>\n<tr style=\"border:none\">\n<td style=\"border:none\">Renan Diego de Oliveira Reiter<\/td>\n<td style=\"border:none;text-align:center\"><span id=\"cloakd47ae9143eef0bd9d820699d086048eb\"><a href=\"mailto:renandiego@gmail.com\">renandiego@gmail.com<\/a><\/span><\/td>\n<td style=\"border:none;text-align:center\">&nbsp;<a href=\"http:\/\/inctgd.ufsm.br\/index.php\/pt-br\/linhas-de-pesquisa\/sistemas-de-conversao-de-fontes-primarias-de-energia\" target=\"_blank\" rel=\"noopener noreferrer\">Linha de Pesquisa 1<\/a><\/td>\n<td style=\"border:none;text-align:center\"><a href=\"http:\/\/inctgd.ufsm.br\/index.php\/pt-br\/home\/empresas-associadas\/10-projetos-estrategicos\/120-modelagem-analise-desenvolvimento-testes-e-aplicacao-de-sistemas-fotovoltaicos\" target=\"_blank\" rel=\"noopener noreferrer\">Projeto Estrat\u00e9gico 5<\/a><\/td>\n<\/tr>\n<\/tbody>\n<\/table>\n","protected":false},"excerpt":{"rendered":"<p>PHB Eletr\u00f4nica LTDA Pesquisadores Email Linha de Pesquisa Projeto Estrat\u00e9gico Mauro Fernando Basquera Jr mauro@phb.com.br &nbsp;Linha de Pesquisa 1 Projeto Estrat\u00e9gico 5 Paulo Roberto Gaidzinski engenharia@phb.com.br Ildo Bet ildobet@gmail.com Ricardo Souza Figueredo ricardoszf@gmail.com Rogerio Valentim Pereira rogerio@phb.com.br &nbsp;&nbsp; &nbsp;&nbsp; Sonnen Energia Pesquisadores Email Linha de Pesquisa Projeto Estrat\u00e9gico Renan Diego de Oliveira Reiter renandiego@gmail.com &nbsp;Linha [&hellip;]<\/p>\n","protected":false},"author":115,"featured_media":0,"parent":0,"menu_order":0,"comment_status":"closed","ping_status":"closed","template":"","meta":{"footnotes":""},"categories":[],"tags":[],"class_list":["post-72","page","type-page","status-publish","hentry"],"acf":[],"_links":{"self":[{"href":"https:\/\/www.ufsm.br\/laboratorios\/inct\/wp-json\/wp\/v2\/pages\/72","targetHints":{"allow":["GET"]}}],"collection":[{"href":"https:\/\/www.ufsm.br\/laboratorios\/inct\/wp-json\/wp\/v2\/pages"}],"about":[{"href":"https:\/\/www.ufsm.br\/laboratorios\/inct\/wp-json\/wp\/v2\/types\/page"}],"author":[{"embeddable":true,"href":"https:\/\/www.ufsm.br\/laboratorios\/inct\/wp-json\/wp\/v2\/users\/115"}],"replies":[{"embeddable":true,"href":"https:\/\/www.ufsm.br\/laboratorios\/inct\/wp-json\/wp\/v2\/comments?post=72"}],"version-history":[{"count":0,"href":"https:\/\/www.ufsm.br\/laboratorios\/inct\/wp-json\/wp\/v2\/pages\/72\/revisions"}],"wp:attachment":[{"href":"https:\/\/www.ufsm.br\/laboratorios\/inct\/wp-json\/wp\/v2\/media?parent=72"}],"wp:term":[{"taxonomy":"category","embeddable":true,"href":"https:\/\/www.ufsm.br\/laboratorios\/inct\/wp-json\/wp\/v2\/categories?post=72"},{"taxonomy":"post_tag","embeddable":true,"href":"https:\/\/www.ufsm.br\/laboratorios\/inct\/wp-json\/wp\/v2\/tags?post=72"}],"curies":[{"name":"wp","href":"https:\/\/api.w.org\/{rel}","templated":true}]}}