{"id":68,"date":"2024-06-28T10:11:33","date_gmt":"2024-06-28T13:11:33","guid":{"rendered":"https:\/\/www.ufsm.br\/laboratorios\/l2b\/?page_id=68"},"modified":"2026-03-30T18:16:58","modified_gmt":"2026-03-30T21:16:58","slug":"publicacoes","status":"publish","type":"page","link":"https:\/\/www.ufsm.br\/laboratorios\/l2b\/publicacoes","title":{"rendered":"Publica\u00e7\u00f5es"},"content":{"rendered":"\t\t<div data-elementor-type=\"wp-page\" data-elementor-id=\"68\" class=\"elementor elementor-68\">\n\t\t\t\t\t\t<section class=\"elementor-section elementor-top-section elementor-element elementor-element-211c89d elementor-section-boxed elementor-section-height-default elementor-section-height-default\" data-id=\"211c89d\" data-element_type=\"section\">\n\t\t\t\t\t\t<div class=\"elementor-container elementor-column-gap-default\">\n\t\t\t\t\t<div class=\"elementor-column elementor-col-100 elementor-top-column elementor-element elementor-element-c821e59\" data-id=\"c821e59\" data-element_type=\"column\">\n\t\t\t<div class=\"elementor-widget-wrap elementor-element-populated\">\n\t\t\t\t\t\t<div class=\"elementor-element elementor-element-e82a60a elementor-widget elementor-widget-toggle\" data-id=\"e82a60a\" data-element_type=\"widget\" data-widget_type=\"toggle.default\">\n\t\t\t\t<div class=\"elementor-widget-container\">\n\t\t\t\t\t<div class=\"elementor-toggle\">\n\t\t\t\t\t\t\t<div class=\"elementor-toggle-item\">\n\t\t\t\t\t<div id=\"elementor-tab-title-2431\" class=\"elementor-tab-title\" data-tab=\"1\" role=\"button\" aria-controls=\"elementor-tab-content-2431\" aria-expanded=\"false\">\n\t\t\t\t\t\t\t\t\t\t\t\t<span class=\"elementor-toggle-icon elementor-toggle-icon-left\" aria-hidden=\"true\">\n\t\t\t\t\t\t\t\t\t\t\t\t\t\t\t<span class=\"elementor-toggle-icon-closed\"><i class=\"fas fa-caret-right\"><\/i><\/span>\n\t\t\t\t\t\t\t\t<span class=\"elementor-toggle-icon-opened\"><i class=\"elementor-toggle-icon-opened fas fa-caret-up\"><\/i><\/span>\n\t\t\t\t\t\t\t\t\t\t\t\t\t<\/span>\n\t\t\t\t\t\t\t\t\t\t\t\t<a class=\"elementor-toggle-title\" tabindex=\"0\">Publica\u00e7\u00f5es em 2026<\/a>\n\t\t\t\t\t<\/div>\n\n\t\t\t\t\t<div id=\"elementor-tab-content-2431\" class=\"elementor-tab-content elementor-clearfix\" data-tab=\"1\" role=\"region\" aria-labelledby=\"elementor-tab-title-2431\"><p>\u00a0<\/p><table style=\"border-collapse: collapse;width: 95.9128%;height: 216px\"><tbody><tr><td style=\"width: 67.647%\"><p><strong>Hydrothermal liquefaction of lignin-rich buti\u00e1 (Butia odorata) pyrenes in semi-continuous configuration for integrated production of biofuel precursors and value-added chemicals.<\/strong><\/p><p>Biomass and Bioenergy, Abril 2026.<\/p><\/td><td style=\"width: 32.353%;text-align: center\"><a href=\"https:\/\/doi.org\/10.1016\/j.biombioe.2025.108740\">Link para a publica\u00e7\u00e3o<\/a><\/td><\/tr><tr><td style=\"width: 67.647%\"><p><strong>Chapter 5 &#8211; Hydrothermal liquefaction of agricultural biomass to energy.<\/strong><\/p><p>Agriculture-Bioenergy Nexus, 2026.<\/p><\/td><td style=\"width: 32.353%;text-align: center\"><a href=\"https:\/\/doi.org\/10.1016\/B978-0-443-34015-4.00001-X\">Link para a publica\u00e7\u00e3o<\/a><\/td><\/tr><\/tbody><\/table><\/div>\n\t\t\t\t<\/div>\n\t\t\t\t\t\t\t<div class=\"elementor-toggle-item\">\n\t\t\t\t\t<div id=\"elementor-tab-title-2432\" class=\"elementor-tab-title\" data-tab=\"2\" role=\"button\" aria-controls=\"elementor-tab-content-2432\" aria-expanded=\"false\">\n\t\t\t\t\t\t\t\t\t\t\t\t<span class=\"elementor-toggle-icon elementor-toggle-icon-left\" aria-hidden=\"true\">\n\t\t\t\t\t\t\t\t\t\t\t\t\t\t\t<span class=\"elementor-toggle-icon-closed\"><i class=\"fas fa-caret-right\"><\/i><\/span>\n\t\t\t\t\t\t\t\t<span class=\"elementor-toggle-icon-opened\"><i class=\"elementor-toggle-icon-opened fas fa-caret-up\"><\/i><\/span>\n\t\t\t\t\t\t\t\t\t\t\t\t\t<\/span>\n\t\t\t\t\t\t\t\t\t\t\t\t<a class=\"elementor-toggle-title\" tabindex=\"0\">Publica\u00e7\u00f5es em 2025<\/a>\n\t\t\t\t\t<\/div>\n\n\t\t\t\t\t<div id=\"elementor-tab-content-2432\" class=\"elementor-tab-content elementor-clearfix\" data-tab=\"2\" role=\"region\" aria-labelledby=\"elementor-tab-title-2432\"><table style=\"border-collapse: collapse;width: 100%;height: 864px\"><tbody><tr><td style=\"width: 66.4975%;text-align: left\"><p><strong>Valorization of corn stover in a single experimental unit: The synergistic effects of steam explosion and semi-continuous subcritical water processing.<\/strong><\/p><p>Science of The Total Environment, Janeiro de 2025.<\/p><\/td><td style=\"width: 33.5025%;text-align: center\"><span style=\"color: #0000ff\"><a style=\"color: #0000ff\" href=\"https:\/\/doi.org\/10.1016\/j.scitotenv.2024.178268\">Link para a publica\u00e7\u00e3o<\/a><\/span><\/td><\/tr><tr><td style=\"width: 66.4975%;text-align: left\"><p><strong>Subcritical water hydrolysis of soybean hulls pretreated by steam explosion: High pressure integrated process strategy.<\/strong><\/p><p>The Journal of Supercritical Fluids, Fevereiro de 2025.<\/p><\/td><td style=\"width: 33.5025%;text-align: center\"><span style=\"color: #0000ff\"><a style=\"color: #0000ff\" href=\"https:\/\/doi.org\/10.1016\/j.supflu.2024.106448\">Link para a publica\u00e7\u00e3o<\/a><\/span><\/td><\/tr><tr><td style=\"width: 66.4975%;text-align: left\"><p><strong>Ternary removal of Zn, Ni, and Mn from metal industry wastewater using soybean hulls as adsorbents.<\/strong><\/p><p>Environmental Science and Pollution Research, March 2025.<\/p><\/td><td style=\"width: 33.5025%;text-align: center\"><span style=\"color: #0000ff\"><a style=\"color: #0000ff\" href=\"https:\/\/doi.org\/10.1007\/s11356-025-36194-w\">Link para a publica\u00e7\u00e3o<\/a><\/span><\/td><\/tr><tr><td style=\"width: 66.4975%;text-align: left\"><p><strong>Integrated process of extraction and reaction of rice bran oil to produce biodiesel.<\/strong><\/p><p>The Journal of Supercritical Fluids, Agosto de 2025.<\/p><\/td><td style=\"width: 33.5025%;text-align: center\"><span style=\"color: #0000ff\"><a style=\"color: #0000ff\" href=\"https:\/\/doi.org\/10.1016\/j.supflu.2025.106598\">Link para a publica\u00e7\u00e3o<\/a><\/span><\/td><\/tr><tr><td style=\"width: 66.4975%;text-align: left\"><p><strong>Sequential pressurized liquid extraction\/subcritical hydrolysis of olive pomace to obtain oil, fermentable sugars, and platform chemicals in semi-continuous operation.<\/strong><\/p><p>Journal of Industrial and Engineering Chemistry, Setembro de 2025.<\/p><\/td><td style=\"width: 33.5025%;text-align: center\"><span style=\"color: #0000ff\"><a style=\"color: #0000ff\" href=\"https:\/\/doi.org\/10.1016\/j.jiec.2025.09.002\">Link para a publica\u00e7\u00e3o<\/a><\/span><\/td><\/tr><tr><td style=\"width: 66.4975%;text-align: left\"><p><strong>Multi-Cycle steam explosion combined with subcritical water Hydrolysis: An integrated process for maximizing sugar yields from rice husk.<\/strong><\/p><p>Bioresource Technology, November 2025.<\/p><\/td><td style=\"width: 33.5025%;text-align: center\"><span style=\"color: #0000ff\"><a style=\"color: #0000ff\" href=\"https:\/\/doi.org\/10.1016\/j.biortech.2025.132989\">Link para a publica\u00e7\u00e3o<\/a><\/span><\/td><\/tr><tr style=\"height: 24px\"><td style=\"width: 66.4975%;height: 24px;text-align: left\"><p><strong>Biomass to Biofuel Conversion<\/strong><br \/><strong>Biomass Pretreatment Strategies for Microbial Feedstock<\/strong><\/p><p>Biowaste to Biofuel, 2025.<\/p><\/td><td style=\"width: 33.5025%;height: 24px;text-align: center\"><a href=\"https:\/\/doi.org\/10.1201\/9781003633709-2\">Link para a publica\u00e7\u00e3o<\/a><\/td><\/tr><tr style=\"height: 96px\"><td style=\"width: 66.4975%;height: 96px;text-align: left\"><p><strong>From Crops and Wastes to Bioenergy.<\/strong><\/p><p>Current Status and Challenges, 2025<\/p><\/td><td style=\"width: 33.5025%;height: 96px;text-align: center\"><span style=\"color: #0000ff\"><a style=\"color: #0000ff\" href=\"https:\/\/doi.org\/10.1016\/C2022-0-02336-9\">Link para a publica\u00e7\u00e3o<\/a><\/span><\/td><\/tr><\/tbody><\/table><\/div>\n\t\t\t\t<\/div>\n\t\t\t\t\t\t\t<div class=\"elementor-toggle-item\">\n\t\t\t\t\t<div id=\"elementor-tab-title-2433\" class=\"elementor-tab-title\" data-tab=\"3\" role=\"button\" aria-controls=\"elementor-tab-content-2433\" aria-expanded=\"false\">\n\t\t\t\t\t\t\t\t\t\t\t\t<span class=\"elementor-toggle-icon elementor-toggle-icon-left\" aria-hidden=\"true\">\n\t\t\t\t\t\t\t\t\t\t\t\t\t\t\t<span class=\"elementor-toggle-icon-closed\"><i class=\"fas fa-caret-right\"><\/i><\/span>\n\t\t\t\t\t\t\t\t<span class=\"elementor-toggle-icon-opened\"><i class=\"elementor-toggle-icon-opened fas fa-caret-up\"><\/i><\/span>\n\t\t\t\t\t\t\t\t\t\t\t\t\t<\/span>\n\t\t\t\t\t\t\t\t\t\t\t\t<a class=\"elementor-toggle-title\" tabindex=\"0\">Publica\u00e7\u00f5es em 2024<\/a>\n\t\t\t\t\t<\/div>\n\n\t\t\t\t\t<div id=\"elementor-tab-content-2433\" class=\"elementor-tab-content elementor-clearfix\" data-tab=\"3\" role=\"region\" aria-labelledby=\"elementor-tab-title-2433\"><table style=\"border-collapse: collapse;width: 100%;height: 336px\"><tbody><tr><td style=\"width: 50%\"><p><strong>Semi-continuous hydrothermal processing of pine sawdust for integrated production of fuels precursors and platform chemicals.<\/strong><\/p><p id=\"publication-title\" class=\"publication-title u-h3\">Science of The Total Environment, Fevereiro 2024.<\/p><\/td><td style=\"width: 50%;text-align: center\"><a href=\"https:\/\/doi.org\/10.1016\/j.scitotenv.2023.169168\">Link para a publica\u00e7\u00e3o<\/a><\/td><\/tr><tr style=\"height: 120px\"><td style=\"width: 50%;height: 120px\"><p><strong>Combined production of biofuel precursors, platform chemicals, and catalyst material from the integral processing of rice bran.<\/strong><\/p><p>Energy Conversion and Management, Outubro 2024.<\/p><\/td><td style=\"width: 50%;text-align: center;height: 120px\"><a href=\"https:\/\/doi.org\/10.1016\/j.enconman.2024.118860\">Link para a publica\u00e7\u00e3o<\/a><\/td><\/tr><\/tbody><\/table><\/div>\n\t\t\t\t<\/div>\n\t\t\t\t\t\t\t<div class=\"elementor-toggle-item\">\n\t\t\t\t\t<div id=\"elementor-tab-title-2434\" class=\"elementor-tab-title\" data-tab=\"4\" role=\"button\" aria-controls=\"elementor-tab-content-2434\" aria-expanded=\"false\">\n\t\t\t\t\t\t\t\t\t\t\t\t<span class=\"elementor-toggle-icon elementor-toggle-icon-left\" aria-hidden=\"true\">\n\t\t\t\t\t\t\t\t\t\t\t\t\t\t\t<span class=\"elementor-toggle-icon-closed\"><i class=\"fas fa-caret-right\"><\/i><\/span>\n\t\t\t\t\t\t\t\t<span class=\"elementor-toggle-icon-opened\"><i class=\"elementor-toggle-icon-opened fas fa-caret-up\"><\/i><\/span>\n\t\t\t\t\t\t\t\t\t\t\t\t\t<\/span>\n\t\t\t\t\t\t\t\t\t\t\t\t<a class=\"elementor-toggle-title\" tabindex=\"0\">Publica\u00e7\u00f5es em 2023<\/a>\n\t\t\t\t\t<\/div>\n\n\t\t\t\t\t<div id=\"elementor-tab-content-2434\" class=\"elementor-tab-content elementor-clearfix\" data-tab=\"4\" role=\"region\" aria-labelledby=\"elementor-tab-title-2434\"><table style=\"border-collapse: collapse;width: 100%\"><tbody><tr><td style=\"width: 72.5806%\"><p><strong>Subcritical water hydrolysis of soybean husk catalyzed by WO3\/ZrO2 for enhanced conversion of fermentable sugar to platform chemicals.<\/strong><\/p><p>BioEnergy Research, Mar\u00e7o 2023.<\/p><\/td><td style=\"width: 27.4194%;text-align: center\"><a href=\"https:\/\/doi.org\/10.1007\/s12155-023-10579-6\">Link para a publica\u00e7\u00e3o<\/a><\/td><\/tr><tr><td style=\"width: 72.5806%\"><p><strong>Kinetic and thermodynamic study of pyrolysis of the hydrolyzed residue of rice straw and husk by subcritical water process using thermogravimetric analysis.<\/strong><\/p><p>Environmental Progress &amp; Sustainable Energy, Outubro 2023.<\/p><\/td><td style=\"width: 27.4194%;text-align: center\"><a href=\"https:\/\/doi.org\/10.1007\/s12155-023-10579-6\">Link para a publica\u00e7\u00e3o<\/a><\/td><\/tr><tr><td style=\"width: 72.5806%\"><p><strong>Motivations to produce biofuels from rice bran: An overview involving a recent panorama.<\/strong><\/p><p>Industrial Crops and Products, Novembro 2023.<\/p><\/td><td style=\"width: 27.4194%;text-align: center\"><a href=\"https:\/\/doi.org\/10.1016\/j.indcrop.2023.117170\">Link para a publica\u00e7\u00e3o<\/a><\/td><\/tr><tr><td style=\"width: 72.5806%\"><p><strong>Sequential Process of Subcritical Water Hydrolysis and Hydrothermal Liquefaction of Butia Capitata Endocarp to Obtain Fermentable Sugars, Platform Chemicals, Bio-oil, and Biochar.<\/strong><\/p><p>Applied Biochemistry and Biotechnology, Novembro 2023.<\/p><\/td><td style=\"width: 27.4194%;text-align: center\"><a href=\"https:\/\/doi.org\/10.1007\/s12010-023-04776-4\">Link para a publica\u00e7\u00e3o<\/a><\/td><\/tr><tr><td style=\"width: 72.5806%\"><p><strong>Obtaining oil, fermentable sugars, and platform chemicals from Butia odorata seed using supercritical fluid extraction and subcritical water hydrolysis.<\/strong><\/p><p>The Journal of Supercritical Fluids, Dezembro 2023.<\/p><\/td><td style=\"width: 27.4194%;text-align: center\"><a href=\"https:\/\/doi.org\/10.1016\/j.supflu.2023.106062\">Link para a publica\u00e7\u00e3o<\/a><\/td><\/tr><\/tbody><\/table><\/div>\n\t\t\t\t<\/div>\n\t\t\t\t\t\t\t\t<\/div>\n\t\t\t\t<\/div>\n\t\t\t\t<\/div>\n\t\t\t\t\t<\/div>\n\t\t<\/div>\n\t\t\t\t\t<\/div>\n\t\t<\/section>\n\t\t\t\t<\/div>\n\t\t","protected":false},"excerpt":{"rendered":"<p>Publica\u00e7\u00f5es em 2026 \u00a0 Hydrothermal liquefaction of lignin-rich buti\u00e1 (Butia odorata) pyrenes in semi-continuous configuration for integrated production of biofuel precursors and value-added chemicals. Biomass and Bioenergy, Abril 2026. Link para a publica\u00e7\u00e3o Chapter 5 &#8211; Hydrothermal liquefaction of agricultural biomass to energy. Agriculture-Bioenergy Nexus, 2026. Link para a publica\u00e7\u00e3o Publica\u00e7\u00f5es em 2025 Valorization of [&hellip;]<\/p>\n","protected":false},"author":572,"featured_media":0,"parent":0,"menu_order":0,"comment_status":"closed","ping_status":"closed","template":"","meta":{"footnotes":""},"categories":[],"tags":[],"class_list":["post-68","page","type-page","status-publish","hentry"],"acf":[],"_links":{"self":[{"href":"https:\/\/www.ufsm.br\/laboratorios\/l2b\/wp-json\/wp\/v2\/pages\/68","targetHints":{"allow":["GET"]}}],"collection":[{"href":"https:\/\/www.ufsm.br\/laboratorios\/l2b\/wp-json\/wp\/v2\/pages"}],"about":[{"href":"https:\/\/www.ufsm.br\/laboratorios\/l2b\/wp-json\/wp\/v2\/types\/page"}],"author":[{"embeddable":true,"href":"https:\/\/www.ufsm.br\/laboratorios\/l2b\/wp-json\/wp\/v2\/users\/572"}],"replies":[{"embeddable":true,"href":"https:\/\/www.ufsm.br\/laboratorios\/l2b\/wp-json\/wp\/v2\/comments?post=68"}],"version-history":[{"count":0,"href":"https:\/\/www.ufsm.br\/laboratorios\/l2b\/wp-json\/wp\/v2\/pages\/68\/revisions"}],"wp:attachment":[{"href":"https:\/\/www.ufsm.br\/laboratorios\/l2b\/wp-json\/wp\/v2\/media?parent=68"}],"wp:term":[{"taxonomy":"category","embeddable":true,"href":"https:\/\/www.ufsm.br\/laboratorios\/l2b\/wp-json\/wp\/v2\/categories?post=68"},{"taxonomy":"post_tag","embeddable":true,"href":"https:\/\/www.ufsm.br\/laboratorios\/l2b\/wp-json\/wp\/v2\/tags?post=68"}],"curies":[{"name":"wp","href":"https:\/\/api.w.org\/{rel}","templated":true}]}}