{"id":33,"date":"2019-05-24T15:38:58","date_gmt":"2019-05-24T18:38:58","guid":{"rendered":"https:\/\/www.ufsm.br\/template-laboratprio\/?page_id=33"},"modified":"2020-02-05T13:01:49","modified_gmt":"2020-02-05T16:01:49","slug":"producao-cientifica","status":"publish","type":"page","link":"https:\/\/www.ufsm.br\/laboratorios\/lab2228\/producao-cientifica","title":{"rendered":"Produ\u00e7\u00e3o Cient\u00edfica"},"content":{"rendered":"\t\t<div data-elementor-type=\"wp-page\" data-elementor-id=\"33\" class=\"elementor elementor-33\">\n\t\t\t\t\t\t<section class=\"elementor-section elementor-top-section elementor-element elementor-element-1b2f824 elementor-section-boxed elementor-section-height-default elementor-section-height-default\" data-id=\"1b2f824\" data-element_type=\"section\">\n\t\t\t\t\t\t<div class=\"elementor-container elementor-column-gap-default\">\n\t\t\t\t\t<div class=\"elementor-column elementor-col-100 elementor-top-column elementor-element elementor-element-5433098\" data-id=\"5433098\" data-element_type=\"column\">\n\t\t\t<div class=\"elementor-widget-wrap elementor-element-populated\">\n\t\t\t\t\t\t<div class=\"elementor-element elementor-element-4ad4a60 elementor-widget elementor-widget-heading\" data-id=\"4ad4a60\" data-element_type=\"widget\" data-widget_type=\"heading.default\">\n\t\t\t\t<div class=\"elementor-widget-container\">\n\t\t\t<h2 class=\"elementor-heading-title elementor-size-default\">\u00daltimos Trabalhos<\/h2>\t\t<\/div>\n\t\t\t\t<\/div>\n\t\t\t\t\t<\/div>\n\t\t<\/div>\n\t\t\t\t\t<\/div>\n\t\t<\/section>\n\t\t\t\t<section class=\"elementor-section elementor-top-section elementor-element elementor-element-b3ea0db elementor-section-boxed elementor-section-height-default elementor-section-height-default\" data-id=\"b3ea0db\" data-element_type=\"section\">\n\t\t\t\t\t\t<div class=\"elementor-container elementor-column-gap-default\">\n\t\t\t\t\t<div class=\"elementor-column elementor-col-100 elementor-top-column elementor-element elementor-element-b645e39\" data-id=\"b645e39\" data-element_type=\"column\">\n\t\t\t<div class=\"elementor-widget-wrap elementor-element-populated\">\n\t\t\t\t\t\t<div class=\"elementor-element elementor-element-8ff92f1 elementor-widget elementor-widget-text-editor\" data-id=\"8ff92f1\" data-element_type=\"widget\" data-widget_type=\"text-editor.default\">\n\t\t\t\t<div class=\"elementor-widget-container\">\n\t\t\t\t\t\t\t<p><strong>SILVEIRA, C. C. ; RINALDI, Francieli ; GUADAGNIN, Rafael C . &#8220;Preparation and Reactivity of\u00a0Chalcogenyl Phosphonates and Phosphane Oxides&#8221;\u00a0<em>Eur. J. Org. Chem.<\/em>\u00a02007, 4935.<\/strong><\/p><p>The preparation of new bis[(diphenylphosphinoyl)methyl] sulfides, selenides, and tellurides is described by the reaction of (diphenylphosphinoyl)methyl\u00a0<em>p\u00a0<\/em>-toluenesulfonate with sodium chalcogenides. The title compounds are subjected to Horner-Wittig-type reactions with aldehydes and ketones to give symmetrical divinylic sulfides, selenides, and tellurides with preferential (\u00a0<em>E\u00a0<\/em>) stereochemistry. Unsymmetrical divinylic sulfides can be prepared by the use of an appropriate carbonyl compound.<\/p><p><strong>PETRAGNANI, N.; MENDES, Samuel. R.; SILVEIRA, C. C. &#8221; Tellurium tetrachloride. An improve method of preparation&#8221;<em>\u00a0Tetrahedron Lett.\u00a0<\/em>2008\u00a0,\u00a0<em>49\u00a0<\/em>, 2371<\/strong><\/p><p>An efficient and practical synthesis of tellurium tetrachloride from elemental tellurium and sulfuryl chloride is described<\/p><p><strong>SILVEIRA, C. C.; SANTOS, P. C. S.; MENDES, S. R.; BRAGA, A. L. &#8220;A simple and general preparation of vinylic sulfides, selenides and tellurides&#8221;\u00a0<em>J. Organomet. Chem.\u00a0<\/em>2008,\u00a0<em>693<\/em>, 3787<\/strong><\/p><p>A general method for the synthesis of vinylic chalcogenides by nucleophilic and Ni-catalyzed vinylic substitution on vinylic halides by phenyl chalcogenolates is described. The reactions were regio and stereoselective for the nickel catalyzed substitution, and mixture of isomers was observed for some examples in the thermal process in DMF.<\/p><p><strong>SILVEIRA, C. C. ; RINALDI, F. ; BASSACO, M. M.; KAUFMAN, T. &#8220;Synthesis of 2-diphenylphosphinoyl-3,5-(diaryl)-3,4-dihydro-2<em>H<\/em>-thiopyrans by the reaction of a bis[(diphenylphosphinoyl)methyl]sulfide with chalcones &#8220;<em>\u00a0Tetrahedron Lett.\u00a0<\/em>2008,<em>\u00a049<\/em>, 5782.<\/strong><\/p><p>The NaH-promoted tandem Michael addition\/intramolecular Horner Wittig reaction of bis(diphenylphosphinoylmethyl)sulfide with chalcones afforded 3,4-dihydro-2<em>H<\/em>-thiopyrans\u00a0<strong>3a-<\/strong><strong>l<\/strong>\u00a0in 78-88% yield.<\/p><p><strong>SILVEIRA, C. C.; MENDES, S. R.; L\u00cdBERO, F. M. &#8220;Glycerin and CeCl<span style=\"font-size: xx-small\">3<\/span>\u00b77H<span style=\"font-size: xx-small\">2<\/span>O: a new and efficient recyclable medium for the synthesis of bis(indolyl)methanes&#8221;\u00a0<em>Tetrahedron Lett.\u00a0<\/em>2009,\u00a0<em>50<\/em>, 6060<\/strong><\/p><p>Glycerin and CeCl<span style=\"font-size: xx-small\">3<\/span>\u00b77H<span style=\"font-size: xx-small\">2<\/span>O were successfully used in recyclable catalytic system for the synthesis of several bis(indolyl)methanes in good to excellent yields through the reaction of indoles with aldehydes. The method is applicable to aliphatic and aromatic aldehydes, and the mixture of glycerin and CeCl<span style=\"font-size: xx-small\">3<\/span>\u00b77H<span style=\"font-size: xx-small\">2<\/span>O can be reused up to five times without special treatment and with comparable yields.<\/p><p><strong>SILVEIRA, C. C.; RINALDI, Francieli ; GUADAGNIN, Rafael C. &#8220;Stereoselective Synthesis of Alkynyl Vinyl Chalcogenides via Horner-Wittig Reaction&#8221;\u00a0<em>Synthesis<\/em>\u00a02009, 469.<\/strong><\/p><p>New (diphenylphosphoryl)methyl phenylethynyl sulfides, selenides, or tellurides were prepared by the reaction of (diphenylphosphoryl)methyl\u00a0<em>p<\/em>-toluenesulfonate with alkynethiols, -selenols, or -tellurols at room temperature. The (diphenylphosphoryl)methyl phenylethynyl sulfides, selenides, or tellurides reacted with aldehydes and cyclic ketones to give the corresponding alkynyl vinyl sulfides, selenides, or tellurides, with preferential\u00a0<em>E-<\/em>stereochemistry, in a Horner-Wittig-type reaction<\/p><p><strong>SILVEIRA, C. C.; LARGHI, E. L.; MENDES, S. R.; BRACCA, A. B. J.; RINALDI, F., KAUFMAN, T. S. &#8221; Electrocyclization-Mediated Approach to 2-Methyltriclisine, an Unnatural Analog of the Azafluoranthene Alkaloid Triclisine&#8221;\u00a0<em>Eur. J. Org. Chem.<\/em>\u00a02009, 4637.<\/strong><\/p><p>The synthesis of 2-methyltriclisine, an unnatural analog of the azafluoranthene alkaloid triclisine, is reported. The synthesis was achieved in 10 steps and 21\u00a0% overall yield from 2-bromo-3,4-dimethoxybenzaldehyde, through the intermediacy of 3,4-dimethoxyfluoren-9-one. Construction of the heterocyclic ring entailed the\u00a0<em>para<\/em>-Claisen rearrangement of an allyl-4-fluorenyl ether, followed by isomerization of the resulting 2-allylfluoren-9-one and a microwave-assisted electrocyclization of the aza 6tt-electron system formed by oximation of its carbonyl function.<\/p><p><strong>SILVEIRA, C. C. ; MENDES, Samuel R.; ROSA, Daniel ; ZENI, Gilson . &#8220;Cerium(III)-Mediated Efficient and Stereoselective Hydrochalcogenation of Terminal Alkynes&#8221;.\u00a0<em><a href=\"https:\/\/www.thieme-connect.de\/DOI\/DOI?10.1055\/s-0029-1217029\">Synthesis<\/a><\/em>\u00a0<a href=\"https:\/\/www.thieme-connect.de\/DOI\/DOI?10.1055\/s-0029-1217029\">2009, 4015.<\/a><\/strong><\/p><p>Vinylic chalcogenides were synthesized stereospecifically by hydrochalcogenation of propargylic amines or alcohols mediated by cerium(III) chloride. The products were obtained in good yields and with high regio- and stereoselectivities.<\/p><p><strong>SILVEIRA, Claudio C. ; RINALDI, Francieli ; BASSACO, Mariana M. ; KAUFMAN, Teodoro S. &#8220;Synthesis of 2-diphenylphosphinoyl-3,5-diaryl-3,4-dihydro-2<em>H<\/em>-telluropyrans by reaction of chalcones with bis[(diphenylphosphinoyl)methyl]telluride&#8221;.<em>\u00a0<a href=\"http:\/\/dx.doi.org\/10.1016\/j.tetlet.2010.06.113\">Tetrahedron Lett.<\/a><\/em>\u00a0<a href=\"http:\/\/dx.doi.org\/10.1016\/j.tetlet.2010.06.113\">2010,\u00a0<em>51<\/em>, 4563<\/a><\/strong><\/p><p>The NaH-promoted tandem Michael addition\/intramolecular Wittig\u2013Horner reaction of bis[(diphenylphosphinoyl) methyl]telluride with chalcones stereoselectively afforded trans-2-diphenylphosphinoyl-3,5-diaryl-3,4-dihydro-2<em>H<\/em>-telluropyran derivatives in 51\u201372% yield, under mild conditions.<\/p><p><strong>SILVEIRA, Claudio C. ; MENDES, Samuel R. ; WOLF, Lucas ; MARTINS, Guilherme M. &#8220;The use of anhydrous CeCl<span style=\"font-size: xx-small\">3<\/span>\u00a0as a catalyst for the synthesis of 3-sulfenyl indoles&#8221;.\u00a0<em><a href=\"http:\/\/dx.doi.org\/10.1016\/j.tetlet.2010.02.038\">Tetrahedron Lett.<\/a><\/em>\u00a0<a href=\"http:\/\/dx.doi.org\/10.1016\/j.tetlet.2010.02.038\">2010,\u00a0<em>51<\/em>, 2014.<\/a><\/strong><\/p><p>Anhydrous CeCl<span style=\"color: #000000;font-size: xx-small\">3<\/span>\u00a0was successfully used as a catalyst for the synthesis of several 3-sulfenyl indoles in good to excellent yields through the reaction of indole with N-(alkylthio) and N-(arylthio)phthalimides in DMF.<\/p><p><strong>SILVEIRA, Claudio C. ; MENDES, Samuel R. ; WOLF, Lucas ; MARTINS, Guilherme M. &#8220;Anhydrous CeCl<span style=\"font-size: xx-small\">3<\/span>\u00a0catalyzed C3-selective propargylation of indoles with tertiary alcohols&#8221;.\u00a0<em><a href=\"http:\/\/dx.doi.org\/10.1016\/j.tetlet.2010.06.112\">Tetrahedron Lett.<\/a><\/em>\u00a0<a href=\"http:\/\/dx.doi.org\/10.1016\/j.tetlet.2010.06.112\">2010,\u00a0<em>51<\/em>, 4560.<\/a><\/strong><\/p><p>Anhydrous CeCl<span style=\"font-size: xx-small\">3<\/span>\u00a0was successfully used as catalyst for the synthesis of several 3-propargyl indoles in good yields through the reaction of indole with propargyl alcohols in nitromethane.<\/p><p><strong>SILVEIRA, C. C.; MENDES, Samuel R.; ZIEMBOWICZ, F. I.; LENARD\u00c3O, E. J.; PERIN, Gelson . &#8220;The use of anhydrous CeCl<span style=\"font-size: xx-small\">3<\/span>\u00a0as a recyclable and selective catalyst for the acetalization of aldehydes and ketones&#8221;.\u00a0<em>J. Braz. Chem. Soc.<\/em>\u00a02010,\u00a0<em>21<\/em>, 371<\/strong><\/p><p>An efficient, clean, chemoselective and solvent-free method for the synthesis of ketone and aldehyde dimethyl acetals was developed using trimethyl orthoformate and commercially available anhydrous CeCl<span style=\"font-size: xx-small\">3<\/span>\u00a0as a recyclable catalyst. The method is general and affords the protected carbonyl compounds in good yields and under mild conditions, including aryl and alkyl ketones and activated aldehydes. The catalyst could be utilised directly for 3 cycles, without significant loss of activity.<\/p><p><strong>SILVEIRA, Claudio; MENDES, Samuel ; L\u00cdBERO, Francieli &#8220;Solvent-Free Anti-Markovnikov Addition of Thiols to Alkenes Using Anhydrous Cerium(III) Chloride as Catalyst&#8221;.\u00a0<em><a href=\"http:\/\/dx.doi.org\/10.1055\/s-0029-1219350\">Synlett<\/a><\/em>\u00a0<a href=\"http:\/\/dx.doi.org\/10.1055\/s-0029-1219350\">2010, 790.<\/a><\/strong><\/p><p>The anti-Markovnikov addition of thiols to alkenes using CeCl<span style=\"font-size: xx-small\">3<\/span>\u00a0as catalyst is described. The products were obtained in good to excellent yields. The reaction occurred under solvent-free conditions at room temperature.<\/p>\t\t\t\t\t\t<\/div>\n\t\t\t\t<\/div>\n\t\t\t\t\t<\/div>\n\t\t<\/div>\n\t\t\t\t\t<\/div>\n\t\t<\/section>\n\t\t\t\t<\/div>\n\t\t","protected":false},"excerpt":{"rendered":"<p>\u00daltimos Trabalhos SILVEIRA, C. C. ; RINALDI, Francieli ; GUADAGNIN, Rafael C . &#8220;Preparation and Reactivity of\u00a0Chalcogenyl Phosphonates and Phosphane Oxides&#8221;\u00a0Eur. J. Org. Chem.\u00a02007, 4935. The preparation of new bis[(diphenylphosphinoyl)methyl] sulfides, selenides, and tellurides is described by the reaction of (diphenylphosphinoyl)methyl\u00a0p\u00a0-toluenesulfonate with sodium chalcogenides. The title compounds are subjected to Horner-Wittig-type reactions with aldehydes and [&hellip;]<\/p>\n","protected":false},"author":25,"featured_media":0,"parent":0,"menu_order":0,"comment_status":"closed","ping_status":"closed","template":"","meta":{"footnotes":""},"categories":[],"tags":[],"class_list":["post-33","page","type-page","status-publish","hentry"],"acf":[],"_links":{"self":[{"href":"https:\/\/www.ufsm.br\/laboratorios\/lab2228\/wp-json\/wp\/v2\/pages\/33","targetHints":{"allow":["GET"]}}],"collection":[{"href":"https:\/\/www.ufsm.br\/laboratorios\/lab2228\/wp-json\/wp\/v2\/pages"}],"about":[{"href":"https:\/\/www.ufsm.br\/laboratorios\/lab2228\/wp-json\/wp\/v2\/types\/page"}],"author":[{"embeddable":true,"href":"https:\/\/www.ufsm.br\/laboratorios\/lab2228\/wp-json\/wp\/v2\/users\/25"}],"replies":[{"embeddable":true,"href":"https:\/\/www.ufsm.br\/laboratorios\/lab2228\/wp-json\/wp\/v2\/comments?post=33"}],"version-history":[{"count":0,"href":"https:\/\/www.ufsm.br\/laboratorios\/lab2228\/wp-json\/wp\/v2\/pages\/33\/revisions"}],"wp:attachment":[{"href":"https:\/\/www.ufsm.br\/laboratorios\/lab2228\/wp-json\/wp\/v2\/media?parent=33"}],"wp:term":[{"taxonomy":"category","embeddable":true,"href":"https:\/\/www.ufsm.br\/laboratorios\/lab2228\/wp-json\/wp\/v2\/categories?post=33"},{"taxonomy":"post_tag","embeddable":true,"href":"https:\/\/www.ufsm.br\/laboratorios\/lab2228\/wp-json\/wp\/v2\/tags?post=33"}],"curies":[{"name":"wp","href":"https:\/\/api.w.org\/{rel}","templated":true}]}}