{"id":32,"date":"2019-05-24T15:38:39","date_gmt":"2019-05-24T18:38:39","guid":{"rendered":"https:\/\/www.ufsm.br\/template-laboratprio\/?page_id=32"},"modified":"2025-04-14T11:30:39","modified_gmt":"2025-04-14T14:30:39","slug":"projetos","status":"publish","type":"page","link":"https:\/\/www.ufsm.br\/laboratorios\/labac\/projetos","title":{"rendered":"Projetos"},"content":{"rendered":"\n<p>\u00a0 \u00a0 \u00a0 \u00a0 \u00a0O grupo de pesquisa do LABAC desenvolve diferentes atividades ligadas \u00e0s doen\u00e7as bacterianas de animas. Conhe\u00e7a alguns dos projetos de pesquisa que est\u00e3o em andamento no laborat\u00f3rio.\u00a0<\/p>\n<p>Projetos na \u00e1rea de resist\u00eancia bacteriana:<\/p>\n<ul>\n<li>Subprojeto 1: <em>Staphylococcus<\/em> spp. resistentes \u00e0 meticilina: investiga\u00e7\u00e3o e caracteriza\u00e7\u00e3o de isolados de animais obtidos entre 2021 e 2025<\/li>\n<li>Subprojeto 2: Perfil de resist\u00eancia bacteriana a antimicrobianos de enterobact\u00e9rias isoladas de fezes de bezerros<\/li>\n<li>Subprojeto 3: <span style=\"font-size: inherit\">Terapia fotodin\u00e2mica no combate \u00e0s bact\u00e9rias multirresistentes isoladas de les\u00f5es superficiais de animais: avalia\u00e7\u00e3o da atividade antibacteriana de porfirinas tetra-cati\u00f4nicas.<\/span><\/li>\n<li>Subprojeto 4: Atividade antimicrobiana de porfirinas cati\u00f4nicas de pal\u00e1dio e platina frente a bact\u00e9rias multirresistentes aos antimicrobianos e \u00a0<em>Malassezia pachydermatis<\/em> isoladas de c\u00e3es com otite<\/li>\n<\/ul>\n<p>Projetos na \u00e1rea de epidemiologia, patogenia e controle de doen\u00e7as bacterianas de animais:<\/p>\n<ul>\n<li><span style=\"font-size: inherit\">Subprojeto 1: Enfermidades infecciosas do sistema reprodutivo de bovinos da regi\u00e3o central do Rio Grande do Sul: aspectos cl\u00ednicos, epidemiol\u00f3gicos e impacto em f\u00eameas em esta\u00e7\u00e3o reprodutiva<\/span><\/li>\n<li>Subprojeto 2: Perfil da microbiota do \u00fatero e vagina de \u00e9guas no Rio Grande do Sul, Brasil<\/li>\n<li>Subprojeto 3:\u00a0Produ\u00e7\u00e3o de vacina experimental para adenite equina.<\/li>\n<li>Subprojeto 4: Caracteriza\u00e7\u00e3o de <em>Streptococcus equi<\/em> subsp. <em>equi<\/em> isolados de equinos no Rio Grande do Sul, e avalia\u00e7\u00e3o da prote\u00e7\u00e3o cruzada de cepas presentes em bacterina polivalente experimental contra a adenite equina<\/li>\n<li>Subprojeto 5: Identifica\u00e7\u00e3o e caracteriza\u00e7\u00e3o de agentes causadores de pododermatites em ovinos do Rio Grande do Sul<\/li>\n<\/ul>\n<p>\u00a0<\/p>\n<p>Al\u00e9m dos projetos de pesquisa, atuamos na extens\u00e3o universit\u00e1ria atrav\u00e9s dos seguintes projetos:<\/p>\n<ul>\n<li>Servi\u00e7o de diagn\u00f3stico microbiol\u00f3gico aplicado \u00e0 sa\u00fade animal<\/li>\n<li>\u00a0A\u00e7\u00f5es educativas para o uso racional de antimicrobianos\u00a0<\/li>\n<\/ul>\n<p>\u00a0<\/p>\n","protected":false},"excerpt":{"rendered":"<p>\u00a0 \u00a0 \u00a0 \u00a0 \u00a0O grupo de pesquisa do LABAC desenvolve diferentes atividades ligadas \u00e0s doen\u00e7as bacterianas de animas. Conhe\u00e7a alguns dos projetos de pesquisa que est\u00e3o em andamento no laborat\u00f3rio.\u00a0 Projetos na \u00e1rea de resist\u00eancia bacteriana: Subprojeto 1: Staphylococcus spp. resistentes \u00e0 meticilina: investiga\u00e7\u00e3o e caracteriza\u00e7\u00e3o de isolados de animais obtidos entre 2021 e [&hellip;]<\/p>\n","protected":false},"author":25,"featured_media":0,"parent":0,"menu_order":0,"comment_status":"closed","ping_status":"closed","template":"","meta":{"footnotes":""},"categories":[],"tags":[],"class_list":["post-32","page","type-page","status-publish","hentry"],"acf":[],"_links":{"self":[{"href":"https:\/\/www.ufsm.br\/laboratorios\/labac\/wp-json\/wp\/v2\/pages\/32","targetHints":{"allow":["GET"]}}],"collection":[{"href":"https:\/\/www.ufsm.br\/laboratorios\/labac\/wp-json\/wp\/v2\/pages"}],"about":[{"href":"https:\/\/www.ufsm.br\/laboratorios\/labac\/wp-json\/wp\/v2\/types\/page"}],"author":[{"embeddable":true,"href":"https:\/\/www.ufsm.br\/laboratorios\/labac\/wp-json\/wp\/v2\/users\/25"}],"replies":[{"embeddable":true,"href":"https:\/\/www.ufsm.br\/laboratorios\/labac\/wp-json\/wp\/v2\/comments?post=32"}],"version-history":[{"count":0,"href":"https:\/\/www.ufsm.br\/laboratorios\/labac\/wp-json\/wp\/v2\/pages\/32\/revisions"}],"wp:attachment":[{"href":"https:\/\/www.ufsm.br\/laboratorios\/labac\/wp-json\/wp\/v2\/media?parent=32"}],"wp:term":[{"taxonomy":"category","embeddable":true,"href":"https:\/\/www.ufsm.br\/laboratorios\/labac\/wp-json\/wp\/v2\/categories?post=32"},{"taxonomy":"post_tag","embeddable":true,"href":"https:\/\/www.ufsm.br\/laboratorios\/labac\/wp-json\/wp\/v2\/tags?post=32"}],"curies":[{"name":"wp","href":"https:\/\/api.w.org\/{rel}","templated":true}]}}