{"id":1677,"date":"2020-04-23T11:52:09","date_gmt":"2020-04-23T14:52:09","guid":{"rendered":"https:\/\/www.ufsm.br\/laboratorios\/labart\/?page_id=1677"},"modified":"2020-04-23T14:38:43","modified_gmt":"2020-04-23T17:38:43","slug":"3o-simposio-de-arte-contemporanea-processos-hibridos","status":"publish","type":"page","link":"https:\/\/www.ufsm.br\/laboratorios\/labart\/3o-simposio-de-arte-contemporanea-processos-hibridos","title":{"rendered":"3\u00ba Simp\u00f3sio de Arte Contempor\u00e2nea: Processos H\u00edbridos"},"content":{"rendered":"\n<table style=\"width: 100%;border-collapse: collapse;border-style: hidden\">\n<tbody>\n<tr style=\"border-style: hidden\">\n<td style=\"width: 50%;border-style: hidden\"><img fetchpriority=\"high\" decoding=\"async\" class=\"wp-image-1422 alignright\" src=\"https:\/\/www.ufsm.br\/laboratorios\/labart\/wp-content\/uploads\/sites\/642\/2020\/04\/03S2008_Flyer-A-140x300.jpg\" alt=\"\" width=\"304\" height=\"650\" srcset=\"https:\/\/www.ufsm.br\/app\/uploads\/sites\/642\/2020\/04\/03S2008_Flyer-A-140x300.jpg 140w, https:\/\/www.ufsm.br\/app\/uploads\/sites\/642\/2020\/04\/03S2008_Flyer-A.jpg 467w\" sizes=\"(max-width: 304px) 100vw, 304px\" \/><\/td>\n<td style=\"width: 50%;border-style: hidden\"><img decoding=\"async\" class=\"alignleft wp-image-1423\" src=\"https:\/\/www.ufsm.br\/laboratorios\/labart\/wp-content\/uploads\/sites\/642\/2020\/04\/03S2008_Flyer-B-139x300.jpg\" alt=\"\" width=\"302\" height=\"650\" srcset=\"https:\/\/www.ufsm.br\/app\/uploads\/sites\/642\/2020\/04\/03S2008_Flyer-B-139x300.jpg 139w, https:\/\/www.ufsm.br\/app\/uploads\/sites\/642\/2020\/04\/03S2008_Flyer-B.jpg 464w\" sizes=\"(max-width: 302px) 100vw, 302px\" \/><\/td>\n<\/tr>\n<\/tbody>\n<\/table>\n<p>\u00a0<\/p>\n<p>O\u00a0<strong>3\u00ba Simp\u00f3sio de Arte Contempor\u00e2nea<\/strong>, com o tema <strong>Processos H\u00edbridos<\/strong>, acontece de 27 a 29 de agosto de 2008, no CAL\/UFSM.<\/p>\n","protected":false},"excerpt":{"rendered":"<p>\u00a0 O\u00a03\u00ba Simp\u00f3sio de Arte Contempor\u00e2nea, com o tema Processos H\u00edbridos, acontece de 27 a 29 de agosto de 2008, no CAL\/UFSM.<\/p>\n","protected":false},"author":2551,"featured_media":0,"parent":0,"menu_order":0,"comment_status":"closed","ping_status":"closed","template":"","meta":{"footnotes":""},"categories":[],"tags":[],"class_list":["post-1677","page","type-page","status-publish","hentry"],"acf":[],"_links":{"self":[{"href":"https:\/\/www.ufsm.br\/laboratorios\/labart\/wp-json\/wp\/v2\/pages\/1677","targetHints":{"allow":["GET"]}}],"collection":[{"href":"https:\/\/www.ufsm.br\/laboratorios\/labart\/wp-json\/wp\/v2\/pages"}],"about":[{"href":"https:\/\/www.ufsm.br\/laboratorios\/labart\/wp-json\/wp\/v2\/types\/page"}],"author":[{"embeddable":true,"href":"https:\/\/www.ufsm.br\/laboratorios\/labart\/wp-json\/wp\/v2\/users\/2551"}],"replies":[{"embeddable":true,"href":"https:\/\/www.ufsm.br\/laboratorios\/labart\/wp-json\/wp\/v2\/comments?post=1677"}],"version-history":[{"count":0,"href":"https:\/\/www.ufsm.br\/laboratorios\/labart\/wp-json\/wp\/v2\/pages\/1677\/revisions"}],"wp:attachment":[{"href":"https:\/\/www.ufsm.br\/laboratorios\/labart\/wp-json\/wp\/v2\/media?parent=1677"}],"wp:term":[{"taxonomy":"category","embeddable":true,"href":"https:\/\/www.ufsm.br\/laboratorios\/labart\/wp-json\/wp\/v2\/categories?post=1677"},{"taxonomy":"post_tag","embeddable":true,"href":"https:\/\/www.ufsm.br\/laboratorios\/labart\/wp-json\/wp\/v2\/tags?post=1677"}],"curies":[{"name":"wp","href":"https:\/\/api.w.org\/{rel}","templated":true}]}}