{"id":1845,"date":"2020-05-06T17:28:13","date_gmt":"2020-05-06T20:28:13","guid":{"rendered":"https:\/\/www.ufsm.br\/laboratorios\/labart\/?page_id=1845"},"modified":"2020-05-06T17:46:04","modified_gmt":"2020-05-06T20:46:04","slug":"arte-cinema-tensao-e-silencio","status":"publish","type":"page","link":"https:\/\/www.ufsm.br\/laboratorios\/labart\/arte-cinema-tensao-e-silencio","title":{"rendered":"Arte\/Cinema: tens\u00e3o e sil\u00eancio"},"content":{"rendered":"\t\t<div data-elementor-type=\"wp-page\" data-elementor-id=\"1845\" class=\"elementor elementor-1845\">\n\t\t\t\t\t\t<section class=\"elementor-section elementor-top-section elementor-element elementor-element-987c3f0 elementor-section-boxed elementor-section-height-default elementor-section-height-default\" data-id=\"987c3f0\" data-element_type=\"section\">\n\t\t\t\t\t\t<div class=\"elementor-container elementor-column-gap-default\">\n\t\t\t\t\t<div class=\"elementor-column elementor-col-100 elementor-top-column elementor-element elementor-element-22c04d2\" data-id=\"22c04d2\" data-element_type=\"column\">\n\t\t\t<div class=\"elementor-widget-wrap elementor-element-populated\">\n\t\t\t\t\t\t<div class=\"elementor-element elementor-element-2d4c160 elementor-widget elementor-widget-image\" data-id=\"2d4c160\" data-element_type=\"widget\" data-widget_type=\"image.default\">\n\t\t\t\t<div class=\"elementor-widget-container\">\n\t\t\t\t\t\t\t\t\t\t\t\t\t<img decoding=\"async\" src=\"https:\/\/www.ufsm.br\/app\/uploads\/sites\/642\/elementor\/thumbs\/12ARTE-C-T-S_Flyer-A-ons3voisy0q8wd72q7pgz20ojyvn3uyjokj68pmhua.jpg\" title=\"12ARTE-C-T-S_Flyer-A\" alt=\"12ARTE-C-T-S_Flyer-A\" loading=\"lazy\" \/>\t\t\t\t\t\t\t\t\t\t\t\t\t<\/div>\n\t\t\t\t<\/div>\n\t\t\t\t\t<\/div>\n\t\t<\/div>\n\t\t\t\t\t<\/div>\n\t\t<\/section>\n\t\t\t\t<section class=\"elementor-section elementor-top-section elementor-element elementor-element-9c05985 elementor-section-boxed elementor-section-height-default elementor-section-height-default\" data-id=\"9c05985\" data-element_type=\"section\">\n\t\t\t\t\t\t<div class=\"elementor-container elementor-column-gap-default\">\n\t\t\t\t\t<div class=\"elementor-column elementor-col-100 elementor-top-column elementor-element elementor-element-f6bde80\" data-id=\"f6bde80\" data-element_type=\"column\">\n\t\t\t<div class=\"elementor-widget-wrap elementor-element-populated\">\n\t\t\t\t\t\t<div class=\"elementor-element elementor-element-0ec9271 elementor-widget elementor-widget-spacer\" data-id=\"0ec9271\" data-element_type=\"widget\" data-widget_type=\"spacer.default\">\n\t\t\t\t<div class=\"elementor-widget-container\">\n\t\t\t\t\t<div class=\"elementor-spacer\">\n\t\t\t<div class=\"elementor-spacer-inner\"><\/div>\n\t\t<\/div>\n\t\t\t\t<\/div>\n\t\t\t\t<\/div>\n\t\t\t\t<div class=\"elementor-element elementor-element-a5c4894 elementor-widget elementor-widget-text-editor\" data-id=\"a5c4894\" data-element_type=\"widget\" data-widget_type=\"text-editor.default\">\n\t\t\t\t<div class=\"elementor-widget-container\">\n\t\t\t\t\t\t\t<p style=\"text-align: justify\"><strong>Arte\/Cinema: tens\u00e3o e sil\u00eancio <\/strong>traz \u00e0 Santa Maria obras do artista <strong>Alfredo Nicolaiewsky<\/strong>. Em sua extensa carreira, de mais de 40 anos, o artista porto-alegrense transitou pelo desenho, aquarela, fotografia e inspirou-se no cinema para tratar de temas como o desejo, a mem\u00f3ria, o erotismo, e a religiosidade.<\/p><p>Em Arte\/Cinema: tens\u00e3o e sil\u00eancio, o p\u00fablico poder\u00e1 apreciar obras produzidas por Nicolaiewsky durante o seu doutorado em Po\u00e9ticas Visuais UFRGS (<span class=\"text_exposed_show\">1999-2003) e seu p\u00f3s-doutorado, realizado na Faculdade de Belas Artes da Universidade de Lisboa (2015-2016).<\/span><\/p><p style=\"text-align: justify\">A exposi\u00e7\u00e3o integra a programa\u00e7\u00e3o do <a href=\"https:\/\/www.ufsm.br\/laboratorios\/labart\/2018\/05\/14\/6o-forum-arte-cinema-e-audiovisual\/\">6\u00ba F\u00f3rum Arte, Cinema e Audiovisual<\/a>.<\/p>\t\t\t\t\t\t<\/div>\n\t\t\t\t<\/div>\n\t\t\t\t<div class=\"elementor-element elementor-element-c99b806 elementor-widget elementor-widget-spacer\" data-id=\"c99b806\" data-element_type=\"widget\" data-widget_type=\"spacer.default\">\n\t\t\t\t<div class=\"elementor-widget-container\">\n\t\t\t\t\t<div class=\"elementor-spacer\">\n\t\t\t<div class=\"elementor-spacer-inner\"><\/div>\n\t\t<\/div>\n\t\t\t\t<\/div>\n\t\t\t\t<\/div>\n\t\t\t\t\t<\/div>\n\t\t<\/div>\n\t\t\t\t\t<\/div>\n\t\t<\/section>\n\t\t\t\t<section class=\"elementor-section elementor-top-section elementor-element elementor-element-9996c28 elementor-section-boxed elementor-section-height-default elementor-section-height-default\" data-id=\"9996c28\" data-element_type=\"section\">\n\t\t\t\t\t\t<div class=\"elementor-container elementor-column-gap-default\">\n\t\t\t\t\t<div class=\"elementor-column elementor-col-33 elementor-top-column elementor-element elementor-element-efe0f42\" data-id=\"efe0f42\" data-element_type=\"column\">\n\t\t\t<div class=\"elementor-widget-wrap elementor-element-populated\">\n\t\t\t\t\t\t<div class=\"elementor-element elementor-element-0ec8f33 elementor-widget elementor-widget-image\" data-id=\"0ec8f33\" data-element_type=\"widget\" data-widget_type=\"image.default\">\n\t\t\t\t<div class=\"elementor-widget-container\">\n\t\t\t\t\t\t\t\t\t\t\t\t\t<img fetchpriority=\"high\" decoding=\"async\" width=\"300\" height=\"214\" src=\"https:\/\/www.ufsm.br\/app\/uploads\/sites\/642\/2020\/04\/12ARTE-C-T-S-A-300x214.jpg\" class=\"attachment-medium size-medium wp-image-1166\" alt=\"\" srcset=\"https:\/\/www.ufsm.br\/app\/uploads\/sites\/642\/2020\/04\/12ARTE-C-T-S-A-300x214.jpg 300w, https:\/\/www.ufsm.br\/app\/uploads\/sites\/642\/2020\/04\/12ARTE-C-T-S-A-1024x731.jpg 1024w, https:\/\/www.ufsm.br\/app\/uploads\/sites\/642\/2020\/04\/12ARTE-C-T-S-A-768x548.jpg 768w, https:\/\/www.ufsm.br\/app\/uploads\/sites\/642\/2020\/04\/12ARTE-C-T-S-A-1536x1097.jpg 1536w, https:\/\/www.ufsm.br\/app\/uploads\/sites\/642\/2020\/04\/12ARTE-C-T-S-A.jpg 1920w\" sizes=\"(max-width: 300px) 100vw, 300px\" \/>\t\t\t\t\t\t\t\t\t\t\t\t\t<\/div>\n\t\t\t\t<\/div>\n\t\t\t\t\t<\/div>\n\t\t<\/div>\n\t\t\t\t<div class=\"elementor-column elementor-col-33 elementor-top-column elementor-element elementor-element-cb0718b\" data-id=\"cb0718b\" data-element_type=\"column\">\n\t\t\t<div class=\"elementor-widget-wrap elementor-element-populated\">\n\t\t\t\t\t\t<div class=\"elementor-element elementor-element-7449f12 elementor-widget elementor-widget-image\" data-id=\"7449f12\" data-element_type=\"widget\" data-widget_type=\"image.default\">\n\t\t\t\t<div class=\"elementor-widget-container\">\n\t\t\t\t\t\t\t\t\t\t\t\t\t<img decoding=\"async\" width=\"300\" height=\"214\" src=\"https:\/\/www.ufsm.br\/app\/uploads\/sites\/642\/2020\/04\/12ARTE-C-T-S-B-300x214.jpg\" class=\"attachment-medium size-medium wp-image-1167\" alt=\"\" srcset=\"https:\/\/www.ufsm.br\/app\/uploads\/sites\/642\/2020\/04\/12ARTE-C-T-S-B-300x214.jpg 300w, https:\/\/www.ufsm.br\/app\/uploads\/sites\/642\/2020\/04\/12ARTE-C-T-S-B-1024x731.jpg 1024w, https:\/\/www.ufsm.br\/app\/uploads\/sites\/642\/2020\/04\/12ARTE-C-T-S-B-768x548.jpg 768w, https:\/\/www.ufsm.br\/app\/uploads\/sites\/642\/2020\/04\/12ARTE-C-T-S-B-1536x1097.jpg 1536w, https:\/\/www.ufsm.br\/app\/uploads\/sites\/642\/2020\/04\/12ARTE-C-T-S-B.jpg 1920w\" sizes=\"(max-width: 300px) 100vw, 300px\" \/>\t\t\t\t\t\t\t\t\t\t\t\t\t<\/div>\n\t\t\t\t<\/div>\n\t\t\t\t\t<\/div>\n\t\t<\/div>\n\t\t\t\t<div class=\"elementor-column elementor-col-33 elementor-top-column elementor-element elementor-element-b217bb9\" data-id=\"b217bb9\" data-element_type=\"column\">\n\t\t\t<div class=\"elementor-widget-wrap elementor-element-populated\">\n\t\t\t\t\t\t<div class=\"elementor-element elementor-element-b513789 elementor-widget elementor-widget-image\" data-id=\"b513789\" data-element_type=\"widget\" data-widget_type=\"image.default\">\n\t\t\t\t<div class=\"elementor-widget-container\">\n\t\t\t\t\t\t\t\t\t\t\t\t\t<img decoding=\"async\" width=\"300\" height=\"214\" src=\"https:\/\/www.ufsm.br\/app\/uploads\/sites\/642\/2020\/04\/12ARTE-C-T-S-C-300x214.jpg\" class=\"attachment-medium size-medium wp-image-1168\" alt=\"\" srcset=\"https:\/\/www.ufsm.br\/app\/uploads\/sites\/642\/2020\/04\/12ARTE-C-T-S-C-300x214.jpg 300w, https:\/\/www.ufsm.br\/app\/uploads\/sites\/642\/2020\/04\/12ARTE-C-T-S-C-1024x731.jpg 1024w, https:\/\/www.ufsm.br\/app\/uploads\/sites\/642\/2020\/04\/12ARTE-C-T-S-C-768x548.jpg 768w, https:\/\/www.ufsm.br\/app\/uploads\/sites\/642\/2020\/04\/12ARTE-C-T-S-C-1536x1097.jpg 1536w, https:\/\/www.ufsm.br\/app\/uploads\/sites\/642\/2020\/04\/12ARTE-C-T-S-C.jpg 1920w\" sizes=\"(max-width: 300px) 100vw, 300px\" \/>\t\t\t\t\t\t\t\t\t\t\t\t\t<\/div>\n\t\t\t\t<\/div>\n\t\t\t\t\t<\/div>\n\t\t<\/div>\n\t\t\t\t\t<\/div>\n\t\t<\/section>\n\t\t\t\t<section class=\"elementor-section elementor-top-section elementor-element elementor-element-bd4c27d elementor-section-boxed elementor-section-height-default elementor-section-height-default\" data-id=\"bd4c27d\" data-element_type=\"section\">\n\t\t\t\t\t\t<div class=\"elementor-container elementor-column-gap-default\">\n\t\t\t\t\t<div class=\"elementor-column elementor-col-33 elementor-top-column elementor-element elementor-element-dc70263\" data-id=\"dc70263\" data-element_type=\"column\">\n\t\t\t<div class=\"elementor-widget-wrap elementor-element-populated\">\n\t\t\t\t\t\t<div class=\"elementor-element elementor-element-05d09e5 elementor-widget elementor-widget-image\" data-id=\"05d09e5\" data-element_type=\"widget\" data-widget_type=\"image.default\">\n\t\t\t\t<div class=\"elementor-widget-container\">\n\t\t\t\t\t\t\t\t\t\t\t\t\t<img loading=\"lazy\" decoding=\"async\" width=\"300\" height=\"214\" src=\"https:\/\/www.ufsm.br\/app\/uploads\/sites\/642\/2020\/04\/12ARTE-C-T-S-D-300x214.jpg\" class=\"attachment-medium size-medium wp-image-1169\" alt=\"\" srcset=\"https:\/\/www.ufsm.br\/app\/uploads\/sites\/642\/2020\/04\/12ARTE-C-T-S-D-300x214.jpg 300w, https:\/\/www.ufsm.br\/app\/uploads\/sites\/642\/2020\/04\/12ARTE-C-T-S-D-1024x731.jpg 1024w, https:\/\/www.ufsm.br\/app\/uploads\/sites\/642\/2020\/04\/12ARTE-C-T-S-D-768x548.jpg 768w, https:\/\/www.ufsm.br\/app\/uploads\/sites\/642\/2020\/04\/12ARTE-C-T-S-D-1536x1097.jpg 1536w, https:\/\/www.ufsm.br\/app\/uploads\/sites\/642\/2020\/04\/12ARTE-C-T-S-D.jpg 1920w\" sizes=\"(max-width: 300px) 100vw, 300px\" \/>\t\t\t\t\t\t\t\t\t\t\t\t\t<\/div>\n\t\t\t\t<\/div>\n\t\t\t\t\t<\/div>\n\t\t<\/div>\n\t\t\t\t<div class=\"elementor-column elementor-col-33 elementor-top-column elementor-element elementor-element-e27bff0\" data-id=\"e27bff0\" data-element_type=\"column\">\n\t\t\t<div class=\"elementor-widget-wrap elementor-element-populated\">\n\t\t\t\t\t\t<div class=\"elementor-element elementor-element-cfd2737 elementor-widget elementor-widget-image\" data-id=\"cfd2737\" data-element_type=\"widget\" data-widget_type=\"image.default\">\n\t\t\t\t<div class=\"elementor-widget-container\">\n\t\t\t\t\t\t\t\t\t\t\t\t\t<img loading=\"lazy\" decoding=\"async\" width=\"300\" height=\"214\" src=\"https:\/\/www.ufsm.br\/app\/uploads\/sites\/642\/2020\/04\/12ARTE-C-T-S-E-300x214.jpg\" class=\"attachment-medium size-medium wp-image-1170\" alt=\"\" srcset=\"https:\/\/www.ufsm.br\/app\/uploads\/sites\/642\/2020\/04\/12ARTE-C-T-S-E-300x214.jpg 300w, https:\/\/www.ufsm.br\/app\/uploads\/sites\/642\/2020\/04\/12ARTE-C-T-S-E-1024x731.jpg 1024w, https:\/\/www.ufsm.br\/app\/uploads\/sites\/642\/2020\/04\/12ARTE-C-T-S-E-768x548.jpg 768w, https:\/\/www.ufsm.br\/app\/uploads\/sites\/642\/2020\/04\/12ARTE-C-T-S-E-1536x1097.jpg 1536w, https:\/\/www.ufsm.br\/app\/uploads\/sites\/642\/2020\/04\/12ARTE-C-T-S-E.jpg 1920w\" sizes=\"(max-width: 300px) 100vw, 300px\" \/>\t\t\t\t\t\t\t\t\t\t\t\t\t<\/div>\n\t\t\t\t<\/div>\n\t\t\t\t\t<\/div>\n\t\t<\/div>\n\t\t\t\t<div class=\"elementor-column elementor-col-33 elementor-top-column elementor-element elementor-element-b989f70\" data-id=\"b989f70\" data-element_type=\"column\">\n\t\t\t<div class=\"elementor-widget-wrap elementor-element-populated\">\n\t\t\t\t\t\t<div class=\"elementor-element elementor-element-39fd541 elementor-widget elementor-widget-image\" data-id=\"39fd541\" data-element_type=\"widget\" data-widget_type=\"image.default\">\n\t\t\t\t<div class=\"elementor-widget-container\">\n\t\t\t\t\t\t\t\t\t\t\t\t\t<img decoding=\"async\" src=\"https:\/\/www.ufsm.br\/app\/uploads\/sites\/642\/elementor\/thumbs\/12ARTE-C-T-S-F-ons3swvrl07mrmp6jt8k867ws3qsopnhu5a5n2qjds.jpg\" title=\"12ARTE-C-T-S-F\" alt=\"12ARTE-C-T-S-F\" loading=\"lazy\" \/>\t\t\t\t\t\t\t\t\t\t\t\t\t<\/div>\n\t\t\t\t<\/div>\n\t\t\t\t\t<\/div>\n\t\t<\/div>\n\t\t\t\t\t<\/div>\n\t\t<\/section>\n\t\t\t\t<section class=\"elementor-section elementor-top-section elementor-element elementor-element-82b1a8d elementor-section-boxed elementor-section-height-default elementor-section-height-default\" data-id=\"82b1a8d\" data-element_type=\"section\">\n\t\t\t\t\t\t<div class=\"elementor-container elementor-column-gap-default\">\n\t\t\t\t\t<div class=\"elementor-column elementor-col-100 elementor-top-column elementor-element elementor-element-9dea5bc\" data-id=\"9dea5bc\" data-element_type=\"column\">\n\t\t\t<div class=\"elementor-widget-wrap elementor-element-populated\">\n\t\t\t\t\t\t<div class=\"elementor-element elementor-element-b298af3 elementor-widget elementor-widget-text-editor\" data-id=\"b298af3\" data-element_type=\"widget\" data-widget_type=\"text-editor.default\">\n\t\t\t\t<div class=\"elementor-widget-container\">\n\t\t\t\t\t\t\t<p>Cr\u00e9ditos das imagens: Rittieli Quaiatto. Propriedade das imagens: LABART\/UFSM.<\/p>\t\t\t\t\t\t<\/div>\n\t\t\t\t<\/div>\n\t\t\t\t\t<\/div>\n\t\t<\/div>\n\t\t\t\t\t<\/div>\n\t\t<\/section>\n\t\t\t\t<\/div>\n\t\t","protected":false},"excerpt":{"rendered":"<p>Arte\/Cinema: tens\u00e3o e sil\u00eancio traz \u00e0 Santa Maria obras do artista Alfredo Nicolaiewsky. Em sua extensa carreira, de mais de 40 anos, o artista porto-alegrense transitou pelo desenho, aquarela, fotografia e inspirou-se no cinema para tratar de temas como o desejo, a mem\u00f3ria, o erotismo, e a religiosidade. Em Arte\/Cinema: tens\u00e3o e sil\u00eancio, o p\u00fablico [&hellip;]<\/p>\n","protected":false},"author":1884,"featured_media":0,"parent":0,"menu_order":0,"comment_status":"closed","ping_status":"closed","template":"","meta":{"footnotes":""},"categories":[],"tags":[],"class_list":["post-1845","page","type-page","status-publish","hentry"],"acf":[],"_links":{"self":[{"href":"https:\/\/www.ufsm.br\/laboratorios\/labart\/wp-json\/wp\/v2\/pages\/1845","targetHints":{"allow":["GET"]}}],"collection":[{"href":"https:\/\/www.ufsm.br\/laboratorios\/labart\/wp-json\/wp\/v2\/pages"}],"about":[{"href":"https:\/\/www.ufsm.br\/laboratorios\/labart\/wp-json\/wp\/v2\/types\/page"}],"author":[{"embeddable":true,"href":"https:\/\/www.ufsm.br\/laboratorios\/labart\/wp-json\/wp\/v2\/users\/1884"}],"replies":[{"embeddable":true,"href":"https:\/\/www.ufsm.br\/laboratorios\/labart\/wp-json\/wp\/v2\/comments?post=1845"}],"version-history":[{"count":0,"href":"https:\/\/www.ufsm.br\/laboratorios\/labart\/wp-json\/wp\/v2\/pages\/1845\/revisions"}],"wp:attachment":[{"href":"https:\/\/www.ufsm.br\/laboratorios\/labart\/wp-json\/wp\/v2\/media?parent=1845"}],"wp:term":[{"taxonomy":"category","embeddable":true,"href":"https:\/\/www.ufsm.br\/laboratorios\/labart\/wp-json\/wp\/v2\/categories?post=1845"},{"taxonomy":"post_tag","embeddable":true,"href":"https:\/\/www.ufsm.br\/laboratorios\/labart\/wp-json\/wp\/v2\/tags?post=1845"}],"curies":[{"name":"wp","href":"https:\/\/api.w.org\/{rel}","templated":true}]}}