{"id":2074,"date":"2020-11-10T15:47:35","date_gmt":"2020-11-10T18:47:35","guid":{"rendered":"https:\/\/www.ufsm.br\/laboratorios\/labart\/?page_id=2074"},"modified":"2020-11-10T16:03:33","modified_gmt":"2020-11-10T19:03:33","slug":"raquel-fonseca-fotografias","status":"publish","type":"page","link":"https:\/\/www.ufsm.br\/laboratorios\/labart\/raquel-fonseca-fotografias","title":{"rendered":"Raquel Fonseca &#8211; Fotografias"},"content":{"rendered":"\t\t<div data-elementor-type=\"wp-page\" data-elementor-id=\"2074\" class=\"elementor elementor-2074\">\n\t\t\t\t\t\t<section class=\"elementor-section elementor-top-section elementor-element elementor-element-2fcb37e elementor-section-full_width elementor-section-height-default elementor-section-height-default\" data-id=\"2fcb37e\" data-element_type=\"section\">\n\t\t\t\t\t\t<div class=\"elementor-container elementor-column-gap-default\">\n\t\t\t\t\t<div class=\"elementor-column elementor-col-33 elementor-top-column elementor-element elementor-element-6dfed3f\" data-id=\"6dfed3f\" data-element_type=\"column\">\n\t\t\t<div class=\"elementor-widget-wrap elementor-element-populated\">\n\t\t\t\t\t\t<div class=\"elementor-element elementor-element-a164c2d elementor-widget elementor-widget-image\" data-id=\"a164c2d\" data-element_type=\"widget\" data-widget_type=\"image.default\">\n\t\t\t\t<div class=\"elementor-widget-container\">\n\t\t\t\t\t\t\t\t\t\t\t\t\t<img fetchpriority=\"high\" decoding=\"async\" width=\"300\" height=\"300\" src=\"https:\/\/www.ufsm.br\/app\/uploads\/sites\/642\/2020\/11\/21Raquel-Fonseca_FlayerA-300x300.jpg\" class=\"attachment-medium size-medium wp-image-2070\" alt=\"\" srcset=\"https:\/\/www.ufsm.br\/app\/uploads\/sites\/642\/2020\/11\/21Raquel-Fonseca_FlayerA-300x300.jpg 300w, https:\/\/www.ufsm.br\/app\/uploads\/sites\/642\/2020\/11\/21Raquel-Fonseca_FlayerA-1024x1024.jpg 1024w, https:\/\/www.ufsm.br\/app\/uploads\/sites\/642\/2020\/11\/21Raquel-Fonseca_FlayerA-150x150.jpg 150w, https:\/\/www.ufsm.br\/app\/uploads\/sites\/642\/2020\/11\/21Raquel-Fonseca_FlayerA-768x768.jpg 768w, https:\/\/www.ufsm.br\/app\/uploads\/sites\/642\/2020\/11\/21Raquel-Fonseca_FlayerA.jpg 1080w\" sizes=\"(max-width: 300px) 100vw, 300px\" \/>\t\t\t\t\t\t\t\t\t\t\t\t\t<\/div>\n\t\t\t\t<\/div>\n\t\t\t\t\t<\/div>\n\t\t<\/div>\n\t\t\t\t<div class=\"elementor-column elementor-col-33 elementor-top-column elementor-element elementor-element-884d7d9\" data-id=\"884d7d9\" data-element_type=\"column\">\n\t\t\t<div class=\"elementor-widget-wrap elementor-element-populated\">\n\t\t\t\t\t\t<div class=\"elementor-element elementor-element-0bbe027 elementor-widget elementor-widget-image\" data-id=\"0bbe027\" data-element_type=\"widget\" data-widget_type=\"image.default\">\n\t\t\t\t<div class=\"elementor-widget-container\">\n\t\t\t\t\t\t\t\t\t\t\t\t\t<img decoding=\"async\" width=\"300\" height=\"300\" src=\"https:\/\/www.ufsm.br\/app\/uploads\/sites\/642\/2020\/11\/21Raquel-Fonseca_FlayerB-300x300.jpg\" class=\"attachment-medium size-medium wp-image-2071\" alt=\"\" srcset=\"https:\/\/www.ufsm.br\/app\/uploads\/sites\/642\/2020\/11\/21Raquel-Fonseca_FlayerB-300x300.jpg 300w, https:\/\/www.ufsm.br\/app\/uploads\/sites\/642\/2020\/11\/21Raquel-Fonseca_FlayerB-1024x1024.jpg 1024w, https:\/\/www.ufsm.br\/app\/uploads\/sites\/642\/2020\/11\/21Raquel-Fonseca_FlayerB-150x150.jpg 150w, https:\/\/www.ufsm.br\/app\/uploads\/sites\/642\/2020\/11\/21Raquel-Fonseca_FlayerB-768x768.jpg 768w, https:\/\/www.ufsm.br\/app\/uploads\/sites\/642\/2020\/11\/21Raquel-Fonseca_FlayerB.jpg 1080w\" sizes=\"(max-width: 300px) 100vw, 300px\" \/>\t\t\t\t\t\t\t\t\t\t\t\t\t<\/div>\n\t\t\t\t<\/div>\n\t\t\t\t\t<\/div>\n\t\t<\/div>\n\t\t\t\t<div class=\"elementor-column elementor-col-33 elementor-top-column elementor-element elementor-element-44301b4\" data-id=\"44301b4\" data-element_type=\"column\">\n\t\t\t<div class=\"elementor-widget-wrap elementor-element-populated\">\n\t\t\t\t\t\t<div class=\"elementor-element elementor-element-d45764a elementor-widget elementor-widget-image\" data-id=\"d45764a\" data-element_type=\"widget\" data-widget_type=\"image.default\">\n\t\t\t\t<div class=\"elementor-widget-container\">\n\t\t\t\t\t\t\t\t\t\t\t\t\t<img decoding=\"async\" width=\"300\" height=\"300\" src=\"https:\/\/www.ufsm.br\/app\/uploads\/sites\/642\/2020\/11\/21Raquel-Fonseca_FlayerC-300x300.png\" class=\"attachment-medium size-medium wp-image-2072\" alt=\"\" srcset=\"https:\/\/www.ufsm.br\/app\/uploads\/sites\/642\/2020\/11\/21Raquel-Fonseca_FlayerC-300x300.png 300w, https:\/\/www.ufsm.br\/app\/uploads\/sites\/642\/2020\/11\/21Raquel-Fonseca_FlayerC-1024x1024.png 1024w, https:\/\/www.ufsm.br\/app\/uploads\/sites\/642\/2020\/11\/21Raquel-Fonseca_FlayerC-150x150.png 150w, https:\/\/www.ufsm.br\/app\/uploads\/sites\/642\/2020\/11\/21Raquel-Fonseca_FlayerC-768x768.png 768w, https:\/\/www.ufsm.br\/app\/uploads\/sites\/642\/2020\/11\/21Raquel-Fonseca_FlayerC.png 1080w\" sizes=\"(max-width: 300px) 100vw, 300px\" \/>\t\t\t\t\t\t\t\t\t\t\t\t\t<\/div>\n\t\t\t\t<\/div>\n\t\t\t\t\t<\/div>\n\t\t<\/div>\n\t\t\t\t\t<\/div>\n\t\t<\/section>\n\t\t\t\t<section class=\"elementor-section elementor-top-section elementor-element elementor-element-ec9319d elementor-section-boxed elementor-section-height-default elementor-section-height-default\" data-id=\"ec9319d\" data-element_type=\"section\">\n\t\t\t\t\t\t<div class=\"elementor-container elementor-column-gap-default\">\n\t\t\t\t\t<div class=\"elementor-column elementor-col-100 elementor-top-column elementor-element elementor-element-cdd9dab\" data-id=\"cdd9dab\" data-element_type=\"column\">\n\t\t\t<div class=\"elementor-widget-wrap elementor-element-populated\">\n\t\t\t\t\t\t<div class=\"elementor-element elementor-element-338545c elementor-widget elementor-widget-spacer\" data-id=\"338545c\" data-element_type=\"widget\" data-widget_type=\"spacer.default\">\n\t\t\t\t<div class=\"elementor-widget-container\">\n\t\t\t\t\t<div class=\"elementor-spacer\">\n\t\t\t<div class=\"elementor-spacer-inner\"><\/div>\n\t\t<\/div>\n\t\t\t\t<\/div>\n\t\t\t\t<\/div>\n\t\t\t\t\t<\/div>\n\t\t<\/div>\n\t\t\t\t\t<\/div>\n\t\t<\/section>\n\t\t\t\t<section class=\"elementor-section elementor-top-section elementor-element elementor-element-13e4224 elementor-section-boxed elementor-section-height-default elementor-section-height-default\" data-id=\"13e4224\" data-element_type=\"section\">\n\t\t\t\t\t\t<div class=\"elementor-container elementor-column-gap-default\">\n\t\t\t\t\t<div class=\"elementor-column elementor-col-100 elementor-top-column elementor-element elementor-element-3dabb80\" data-id=\"3dabb80\" data-element_type=\"column\">\n\t\t\t<div class=\"elementor-widget-wrap elementor-element-populated\">\n\t\t\t\t\t\t<div class=\"elementor-element elementor-element-20000ba elementor-widget elementor-widget-text-editor\" data-id=\"20000ba\" data-element_type=\"widget\" data-widget_type=\"text-editor.default\">\n\t\t\t\t<div class=\"elementor-widget-container\">\n\t\t\t\t\t\t\t<p>A exposi\u00e7\u00e3o\u00a0<strong>Raquel Fonseca &#8211; Fotografias<\/strong> apresenta um conjunto de obras da artista\u00a0<strong>Raquel Fonseca.<\/strong><\/p><p>\u00a0<\/p><p><strong>Raquel Fonseca &#8211; Fotografias <\/strong><\/p><p><strong>Abertura <\/strong>\u2192 3.09.2020<br \/>Exposi\u00e7\u00e3o dispon\u00edvel no Instagram do\u00a0<a href=\"https:\/\/www.instagram.com\/masmmuseudearte\/\" target=\"_blank\" rel=\"noopener\">@masmmuseudearte<\/a> e do <a href=\"https:\/\/www.instagram.com\/labfotoufsm\/\" target=\"_blank\" rel=\"noopener\">@labfotoufsm<\/a><\/p><p>\u00a0<\/p><p>Curadoria | Nara Cristina Santos<br \/>Assist\u00eancia Curatorial | Natascha Carvalho e Ana Luiza Martins<br \/>Projeto Gr\u00e1fico | Ana Luiza Martins<\/p>\t\t\t\t\t\t<\/div>\n\t\t\t\t<\/div>\n\t\t\t\t\t<\/div>\n\t\t<\/div>\n\t\t\t\t\t<\/div>\n\t\t<\/section>\n\t\t\t\t<section class=\"elementor-section elementor-top-section elementor-element elementor-element-7ba92c5 elementor-section-boxed elementor-section-height-default elementor-section-height-default\" data-id=\"7ba92c5\" data-element_type=\"section\">\n\t\t\t\t\t\t<div class=\"elementor-container elementor-column-gap-default\">\n\t\t\t\t\t<div class=\"elementor-column elementor-col-100 elementor-top-column elementor-element elementor-element-3baad4c\" data-id=\"3baad4c\" data-element_type=\"column\">\n\t\t\t<div class=\"elementor-widget-wrap elementor-element-populated\">\n\t\t\t\t\t\t<div class=\"elementor-element elementor-element-69a0e85 elementor-widget elementor-widget-image\" data-id=\"69a0e85\" data-element_type=\"widget\" data-widget_type=\"image.default\">\n\t\t\t\t<div class=\"elementor-widget-container\">\n\t\t\t\t\t\t\t\t\t\t\t\t\t<img decoding=\"async\" src=\"https:\/\/www.ufsm.br\/app\/uploads\/sites\/642\/elementor\/thumbs\/21Raquel-Fonseca_CapturaInsta-A-oy81padner0x6dcu3f669hqm8cqdc7yovzw88ktpe0.png\" title=\"21Raquel-Fonseca_CapturaInsta-A\" alt=\"21Raquel-Fonseca_CapturaInsta-A\" loading=\"lazy\" \/>\t\t\t\t\t\t\t\t\t\t\t\t\t<\/div>\n\t\t\t\t<\/div>\n\t\t\t\t<div class=\"elementor-element elementor-element-33e98b9 elementor-widget elementor-widget-image\" data-id=\"33e98b9\" data-element_type=\"widget\" data-widget_type=\"image.default\">\n\t\t\t\t<div class=\"elementor-widget-container\">\n\t\t\t\t\t\t\t\t\t\t\t\t\t<img decoding=\"async\" src=\"https:\/\/www.ufsm.br\/app\/uploads\/sites\/642\/elementor\/thumbs\/21Raquel-Fonseca_CapturaInsta-B-oy81q5eboa7dti3s2akv1rwtu2hhe8du09f92pjtpy.jpg\" title=\"21Raquel-Fonseca_CapturaInsta-B\" alt=\"21Raquel-Fonseca_CapturaInsta-B\" loading=\"lazy\" \/>\t\t\t\t\t\t\t\t\t\t\t\t\t<\/div>\n\t\t\t\t<\/div>\n\t\t\t\t\t<\/div>\n\t\t<\/div>\n\t\t\t\t\t<\/div>\n\t\t<\/section>\n\t\t\t\t<section class=\"elementor-section elementor-top-section elementor-element elementor-element-e1f3f98 elementor-section-boxed elementor-section-height-default elementor-section-height-default\" data-id=\"e1f3f98\" data-element_type=\"section\">\n\t\t\t\t\t\t<div class=\"elementor-container elementor-column-gap-default\">\n\t\t\t\t\t<div class=\"elementor-column elementor-col-100 elementor-top-column elementor-element elementor-element-5bb19cd\" data-id=\"5bb19cd\" data-element_type=\"column\">\n\t\t\t<div class=\"elementor-widget-wrap elementor-element-populated\">\n\t\t\t\t\t\t<div class=\"elementor-element elementor-element-7362463 elementor-widget elementor-widget-spacer\" data-id=\"7362463\" data-element_type=\"widget\" data-widget_type=\"spacer.default\">\n\t\t\t\t<div class=\"elementor-widget-container\">\n\t\t\t\t\t<div class=\"elementor-spacer\">\n\t\t\t<div class=\"elementor-spacer-inner\"><\/div>\n\t\t<\/div>\n\t\t\t\t<\/div>\n\t\t\t\t<\/div>\n\t\t\t\t\t<\/div>\n\t\t<\/div>\n\t\t\t\t\t<\/div>\n\t\t<\/section>\n\t\t\t\t<section class=\"elementor-section elementor-top-section elementor-element elementor-element-b5fcfae elementor-section-boxed elementor-section-height-default elementor-section-height-default\" data-id=\"b5fcfae\" data-element_type=\"section\">\n\t\t\t\t\t\t<div class=\"elementor-container elementor-column-gap-default\">\n\t\t\t\t\t<div class=\"elementor-column elementor-col-100 elementor-top-column elementor-element elementor-element-52319d4\" data-id=\"52319d4\" data-element_type=\"column\">\n\t\t\t<div class=\"elementor-widget-wrap elementor-element-populated\">\n\t\t\t\t\t\t<div class=\"elementor-element elementor-element-dcc247c elementor-widget elementor-widget-text-editor\" data-id=\"dcc247c\" data-element_type=\"widget\" data-widget_type=\"text-editor.default\">\n\t\t\t\t<div class=\"elementor-widget-container\">\n\t\t\t\t\t\t\t<div><div data-elementor-type=\"wp-page\" data-elementor-id=\"2052\" data-elementor-settings=\"[]\"><div><div><section data-id=\"3083379\" data-element_type=\"section\"><div><div><div data-id=\"29326d8\" data-element_type=\"column\"><div><div><div data-id=\"938d849\" data-element_type=\"widget\" data-widget_type=\"text-editor.default\"><div><div><div><div data-elementor-type=\"wp-page\" data-elementor-id=\"1862\" data-elementor-settings=\"[]\"><div><div><section data-id=\"711fb6f\" data-element_type=\"section\"><div><div><div data-id=\"d5f1e6c\" data-element_type=\"column\"><div><div><div data-id=\"a5723dc\" data-element_type=\"widget\" data-widget_type=\"text-editor.default\"><div><div><div><div data-elementor-type=\"wp-page\" data-elementor-id=\"1857\" data-elementor-settings=\"[]\"><div><div><section data-id=\"795e867\"><div><div><div data-id=\"4b8a710\"><div><div><div data-id=\"7624630\"><div><div><p>Propriedade das imagens: LABART\/UFSM.<\/p><\/div><\/div><\/div><\/div><\/div><\/div><\/div><\/div><\/section><\/div><\/div><\/div><\/div><\/div><\/div><\/div><\/div><\/div><\/div><\/div><\/div><\/section><\/div><\/div><\/div><\/div><\/div><\/div><\/div><\/div><\/div><\/div><\/div><\/div><\/section><\/div><\/div><\/div><\/div>\t\t\t\t\t\t<\/div>\n\t\t\t\t<\/div>\n\t\t\t\t\t<\/div>\n\t\t<\/div>\n\t\t\t\t\t<\/div>\n\t\t<\/section>\n\t\t\t\t<\/div>\n\t\t","protected":false},"excerpt":{"rendered":"<p>A exposi\u00e7\u00e3o\u00a0Raquel Fonseca &#8211; Fotografias apresenta um conjunto de obras da artista\u00a0Raquel Fonseca. \u00a0 Raquel Fonseca &#8211; Fotografias Abertura \u2192 3.09.2020Exposi\u00e7\u00e3o dispon\u00edvel no Instagram do\u00a0@masmmuseudearte e do @labfotoufsm \u00a0 Curadoria | Nara Cristina SantosAssist\u00eancia Curatorial | Natascha Carvalho e Ana Luiza MartinsProjeto Gr\u00e1fico | Ana Luiza Martins Propriedade das imagens: LABART\/UFSM.<\/p>\n","protected":false},"author":1884,"featured_media":0,"parent":0,"menu_order":0,"comment_status":"closed","ping_status":"closed","template":"","meta":{"footnotes":""},"categories":[],"tags":[],"class_list":["post-2074","page","type-page","status-publish","hentry"],"acf":[],"_links":{"self":[{"href":"https:\/\/www.ufsm.br\/laboratorios\/labart\/wp-json\/wp\/v2\/pages\/2074","targetHints":{"allow":["GET"]}}],"collection":[{"href":"https:\/\/www.ufsm.br\/laboratorios\/labart\/wp-json\/wp\/v2\/pages"}],"about":[{"href":"https:\/\/www.ufsm.br\/laboratorios\/labart\/wp-json\/wp\/v2\/types\/page"}],"author":[{"embeddable":true,"href":"https:\/\/www.ufsm.br\/laboratorios\/labart\/wp-json\/wp\/v2\/users\/1884"}],"replies":[{"embeddable":true,"href":"https:\/\/www.ufsm.br\/laboratorios\/labart\/wp-json\/wp\/v2\/comments?post=2074"}],"version-history":[{"count":0,"href":"https:\/\/www.ufsm.br\/laboratorios\/labart\/wp-json\/wp\/v2\/pages\/2074\/revisions"}],"wp:attachment":[{"href":"https:\/\/www.ufsm.br\/laboratorios\/labart\/wp-json\/wp\/v2\/media?parent=2074"}],"wp:term":[{"taxonomy":"category","embeddable":true,"href":"https:\/\/www.ufsm.br\/laboratorios\/labart\/wp-json\/wp\/v2\/categories?post=2074"},{"taxonomy":"post_tag","embeddable":true,"href":"https:\/\/www.ufsm.br\/laboratorios\/labart\/wp-json\/wp\/v2\/tags?post=2074"}],"curies":[{"name":"wp","href":"https:\/\/api.w.org\/{rel}","templated":true}]}}