{"id":383,"date":"2019-08-02T14:09:28","date_gmt":"2019-08-02T17:09:28","guid":{"rendered":"https:\/\/www.ufsm.br\/laboratorios\/labart\/?page_id=383"},"modified":"2019-08-02T14:09:31","modified_gmt":"2019-08-02T17:09:31","slug":"mostra-4-0","status":"publish","type":"page","link":"https:\/\/www.ufsm.br\/laboratorios\/labart\/mostra-4-0","title":{"rendered":"+Mostra 4.0"},"content":{"rendered":"\n<ul class=\"wp-block-gallery columns-2 is-cropped wp-block-gallery-1 is-layout-flex wp-block-gallery-is-layout-flex\"><li class=\"blocks-gallery-item\"><figure><img decoding=\"async\" src=\"https:\/\/www.ufsm.br\/laboratorios\/labart\/wp-content\/uploads\/sites\/642\/2019\/08\/obra_barbara.jpg\" alt=\"\" data-id=\"384\" data-link=\"https:\/\/www.ufsm.br\/laboratorios\/labart\/obra_barbara\/\" class=\"wp-image-384\" \/><figcaption>Transborda &#8211; B\u00e1rbara Castro<\/figcaption><\/figure><\/li><li class=\"blocks-gallery-item\"><figure><img decoding=\"async\" src=\"https:\/\/www.ufsm.br\/laboratorios\/labart\/wp-content\/uploads\/sites\/642\/2019\/08\/obra_malu.jpg\" alt=\"\" data-id=\"385\" data-link=\"https:\/\/www.ufsm.br\/laboratorios\/labart\/obra_malu\/\" class=\"wp-image-385\" \/><figcaption>N\u00f3s abelhas &#8211; Malu Fragoso<\/figcaption><\/figure><\/li><li class=\"blocks-gallery-item\"><figure><img decoding=\"async\" src=\"https:\/\/www.ufsm.br\/laboratorios\/labart\/wp-content\/uploads\/sites\/642\/2019\/08\/obra_muriel-1024x640.jpg\" alt=\"\" data-id=\"386\" data-link=\"https:\/\/www.ufsm.br\/laboratorios\/labart\/obra_muriel\/\" class=\"wp-image-386\" \/><figcaption>\u00c9ter &#8211; Muriel Paraboni<\/figcaption><\/figure><\/li><li class=\"blocks-gallery-item\"><figure><img decoding=\"async\" src=\"https:\/\/www.ufsm.br\/laboratorios\/labart\/wp-content\/uploads\/sites\/642\/2019\/08\/obra_matheus.jpg\" alt=\"\" data-id=\"387\" data-link=\"https:\/\/www.ufsm.br\/laboratorios\/labart\/obra_matheus\/\" class=\"wp-image-387\" \/><figcaption>TransGraf &#8211; Matheus Moreno<\/figcaption><\/figure><\/li><\/ul>\n\n\n\n<p style=\"font-weight: 400\"><b><strong>Natureza, tecnologia e transforma\u00e7\u00e3o<\/strong><\/b><\/p>\n<p style=\"font-weight: 400\">Para a quarta edi\u00e7\u00e3o da Mostra Online a equipe curatorial apresenta artistas que, atrav\u00e9s de v\u00eddeos e performances, proporcionam um olhar peculiar e atento \u00e0s a\u00e7\u00f5es da natureza e que, vista por outros \u00e2ngulos, contribui para pensar seus fluxos e suas transforma\u00e7\u00f5es.<\/p>\n<p style=\"font-weight: 400\">Barbara Castro em \u201cTransborda\u201d (2015), apresenta no\u00e7\u00f5es de fluxo e conectividade na medida que remete simultaneamente a algo fluido que n\u00e3o se n\u00e3o se cont\u00e9m em um modelo fechado e \u00e0 expans\u00e3o de uma rede no ato de bordar conex\u00f5es que n\u00e3o se conformam em uma fronteira fixa. A visualiza\u00e7\u00e3o da produ\u00e7\u00e3o e a troca de dados foram mapeadas e projetadas nos troncos, ra\u00edzes e galhos de uma \u00e1rvore e que proporcionou, sobretudo, uma troca afetiva na produ\u00e7\u00e3o de arte telem\u00e1tica como fluxos vitais-est\u00e9ticos. A estrutura da \u00e1rvore foi utilizada como canal para a manifesta\u00e7\u00e3o da seiva vital de dados.<\/p>\n<p style=\"font-weight: 400\">Inser\u00e7\u00f5es po\u00e9ticas entre arte, natureza e tecnologia tamb\u00e9m podem ser visualizadas atrav\u00e9s do desdobramento do <i>projeto S.H.A.S.T.<\/i> &#8211; Sistema Habitacional para Abelhas sem Teto, com a obra \u201cN\u00f3s abelhas\u201d (2015), de Malu Fragoso onde a artista apresenta uma proposta de arte contempor\u00e2nea computacional no contexto das telecomunica\u00e7\u00f5es informatizadas. Criado dentro do contexto de pesquisar, projetar e desenvolver processos art\u00edsticos compostos por objetos de naturezas h\u00edbridas, a obra est\u00e1 relacionada a quest\u00f5es de ecologia humana e equil\u00edbrio agroecol\u00f3gico apontando o problema da qualidade urbana. A obra sugere uma met\u00e1fora de uma colmeia e convida o p\u00fablico e se sentir abelha e possibilitar ao p\u00fablico uma reflex\u00e3o quanto \u00e0 preocupa\u00e7\u00e3o mundial diante do desaparecimento das abelhas e a import\u00e2ncia que elas t\u00eam na cadeia natural da sobreviv\u00eancia de in\u00fameras esp\u00e9cies animais e vegetais, inclusive a humana.<\/p>\n<p style=\"font-weight: 400\">A met\u00e1fora tamb\u00e9m est\u00e1 presente na obra de Muriel Paraboni, \u00c9ter (2016), onde o artista recorre \u00e0 tem\u00e1tica da natureza que se transforma e evolui, assim como todos os seres. A \u00e1gua, as bolhas de arte e o reflexo do vidro prop\u00f5em provoca\u00e7\u00f5es atrav\u00e9s da arte. O som tamb\u00e9m proporciona diversas sensa\u00e7\u00f5es e coloca em d\u00favida o habitat do ser vivo, do peixe que reluta em seguir o seu caminho, em um processo de busca e de transforma\u00e7\u00e3o. Ao multiplicar-se, a imagem do peixe parece ganhar for\u00e7a e um novo sentido de dire\u00e7\u00e3o. Seria, portanto, uma alus\u00e3o \u00e0 voca\u00e7\u00e3o perp\u00e9tua de reinven\u00e7\u00e3o do ser?<\/p>\n<p style=\"font-weight: 400\">Questionamentos acerca do habitat dos seres vivos fazem parte da po\u00e9tica de Matheus Moreno que apresenta imagens de <i>transhabitats, <\/i>geradas a partir de escaneamentos de ambientes diversos, como: um apartamento residencial, o Sebo Caf\u00e9 e a Gare da antiga esta\u00e7\u00e3o f\u00e9rrea de Santa Maria\/RS, e exibe imagens de topologias excessivas e em constante generatividade. As rela\u00e7\u00f5es c\u00edbridas entre o habitat natural e o ciberespa\u00e7o encontram-se intrinsecamente ligadas em uma visualiza\u00e7\u00e3o em tr\u00e2nsito e proporcionam estes ambientes transorg\u00e2nicos e conectam a vida ao artificial, digital ou virtual atualizando-se mutuamente.<\/p>\n<p style=\"font-weight: 400\"><br \/>Questionamentos e reflex\u00f5es podem ser percebidas atrav\u00e9s das obras e contribu\u00edrem, sobretudo, para que os seres busquem reconhecer seus ambientes e reconfigurem suas a\u00e7\u00f5es para estarem aptos \u00e0s mudan\u00e7as de ritmo, dire\u00e7\u00e3o e assim garantir a sobreviv\u00eancia.<\/p>\n<p style=\"font-weight: 400\">Curadoria: Andrea Capssa Lima, Cristina Landerdahl, Rittieli Quaiatto.<\/p>\n","protected":false},"excerpt":{"rendered":"<p>Natureza, tecnologia e transforma\u00e7\u00e3o Para a quarta edi\u00e7\u00e3o da Mostra Online a equipe curatorial apresenta artistas que, atrav\u00e9s de v\u00eddeos e performances, proporcionam um olhar peculiar e atento \u00e0s a\u00e7\u00f5es da natureza e que, vista por outros \u00e2ngulos, contribui para pensar seus fluxos e suas transforma\u00e7\u00f5es. Barbara Castro em \u201cTransborda\u201d (2015), apresenta no\u00e7\u00f5es de fluxo [&hellip;]<\/p>\n","protected":false},"author":772,"featured_media":0,"parent":0,"menu_order":0,"comment_status":"closed","ping_status":"closed","template":"","meta":{"footnotes":""},"categories":[],"tags":[],"class_list":["post-383","page","type-page","status-publish","hentry"],"acf":[],"_links":{"self":[{"href":"https:\/\/www.ufsm.br\/laboratorios\/labart\/wp-json\/wp\/v2\/pages\/383","targetHints":{"allow":["GET"]}}],"collection":[{"href":"https:\/\/www.ufsm.br\/laboratorios\/labart\/wp-json\/wp\/v2\/pages"}],"about":[{"href":"https:\/\/www.ufsm.br\/laboratorios\/labart\/wp-json\/wp\/v2\/types\/page"}],"author":[{"embeddable":true,"href":"https:\/\/www.ufsm.br\/laboratorios\/labart\/wp-json\/wp\/v2\/users\/772"}],"replies":[{"embeddable":true,"href":"https:\/\/www.ufsm.br\/laboratorios\/labart\/wp-json\/wp\/v2\/comments?post=383"}],"version-history":[{"count":0,"href":"https:\/\/www.ufsm.br\/laboratorios\/labart\/wp-json\/wp\/v2\/pages\/383\/revisions"}],"wp:attachment":[{"href":"https:\/\/www.ufsm.br\/laboratorios\/labart\/wp-json\/wp\/v2\/media?parent=383"}],"wp:term":[{"taxonomy":"category","embeddable":true,"href":"https:\/\/www.ufsm.br\/laboratorios\/labart\/wp-json\/wp\/v2\/categories?post=383"},{"taxonomy":"post_tag","embeddable":true,"href":"https:\/\/www.ufsm.br\/laboratorios\/labart\/wp-json\/wp\/v2\/tags?post=383"}],"curies":[{"name":"wp","href":"https:\/\/api.w.org\/{rel}","templated":true}]}}