{"id":502,"date":"2019-08-02T16:29:31","date_gmt":"2019-08-02T19:29:31","guid":{"rendered":"https:\/\/www.ufsm.br\/laboratorios\/labart\/?page_id=502"},"modified":"2024-05-22T09:45:15","modified_gmt":"2024-05-22T12:45:15","slug":"museu-arte-ciencia-tecnologia","status":"publish","type":"page","link":"https:\/\/www.ufsm.br\/laboratorios\/labart\/museu-arte-ciencia-tecnologia","title":{"rendered":"Museu Arte Ci\u00eancia Tecnologia"},"content":{"rendered":"\t\t<div data-elementor-type=\"wp-page\" data-elementor-id=\"502\" class=\"elementor elementor-502\">\n\t\t\t\t\t\t<section class=\"elementor-section elementor-top-section elementor-element elementor-element-4dfd02f elementor-section-boxed elementor-section-height-default elementor-section-height-default\" data-id=\"4dfd02f\" data-element_type=\"section\">\n\t\t\t\t\t\t<div class=\"elementor-container elementor-column-gap-default\">\n\t\t\t\t\t<div class=\"elementor-column elementor-col-100 elementor-top-column elementor-element elementor-element-945f9eb\" data-id=\"945f9eb\" data-element_type=\"column\">\n\t\t\t<div class=\"elementor-widget-wrap elementor-element-populated\">\n\t\t\t\t\t\t<div class=\"elementor-element elementor-element-ffb5d84 elementor-widget elementor-widget-image\" data-id=\"ffb5d84\" data-element_type=\"widget\" data-widget_type=\"image.default\">\n\t\t\t\t<div class=\"elementor-widget-container\">\n\t\t\t\t\t\t\t\t\t\t\t\t\t<img fetchpriority=\"high\" decoding=\"async\" width=\"1920\" height=\"502\" src=\"https:\/\/www.ufsm.br\/app\/uploads\/sites\/642\/2020\/03\/banners_site-11.jpg\" class=\"attachment-full size-full wp-image-980\" alt=\"\" srcset=\"https:\/\/www.ufsm.br\/app\/uploads\/sites\/642\/2020\/03\/banners_site-11.jpg 1920w, https:\/\/www.ufsm.br\/app\/uploads\/sites\/642\/2020\/03\/banners_site-11-300x78.jpg 300w, https:\/\/www.ufsm.br\/app\/uploads\/sites\/642\/2020\/03\/banners_site-11-1024x268.jpg 1024w, https:\/\/www.ufsm.br\/app\/uploads\/sites\/642\/2020\/03\/banners_site-11-768x201.jpg 768w, https:\/\/www.ufsm.br\/app\/uploads\/sites\/642\/2020\/03\/banners_site-11-1536x402.jpg 1536w\" sizes=\"(max-width: 1920px) 100vw, 1920px\" \/>\t\t\t\t\t\t\t\t\t\t\t\t\t<\/div>\n\t\t\t\t<\/div>\n\t\t\t\t\t<\/div>\n\t\t<\/div>\n\t\t\t\t\t<\/div>\n\t\t<\/section>\n\t\t\t\t<section class=\"elementor-section elementor-top-section elementor-element elementor-element-e339748 elementor-section-boxed elementor-section-height-default elementor-section-height-default\" data-id=\"e339748\" data-element_type=\"section\">\n\t\t\t\t\t\t<div class=\"elementor-container elementor-column-gap-default\">\n\t\t\t\t\t<div class=\"elementor-column elementor-col-100 elementor-top-column elementor-element elementor-element-f1a5086\" data-id=\"f1a5086\" data-element_type=\"column\">\n\t\t\t<div class=\"elementor-widget-wrap elementor-element-populated\">\n\t\t\t\t\t\t<div class=\"elementor-element elementor-element-18886a1 elementor-widget elementor-widget-text-editor\" data-id=\"18886a1\" data-element_type=\"widget\" data-widget_type=\"text-editor.default\">\n\t\t\t\t<div class=\"elementor-widget-container\">\n\t\t\t\t\t\t\t<p>Acesse o site do Museu <span style=\"font-size: 12pt\"><span style=\"color: #000000\">\u27a5 <a href=\"https:\/\/www.ufsm.br\/museus\/arte-ciencia-tecnologia\" target=\"_blank\" rel=\"noopener\">www.ufsm.br\/museus\/arte-ciencia-tecnologia<\/a><\/span><\/span><\/p>\t\t\t\t\t\t<\/div>\n\t\t\t\t<\/div>\n\t\t\t\t\t<\/div>\n\t\t<\/div>\n\t\t\t\t\t<\/div>\n\t\t<\/section>\n\t\t\t\t<section class=\"elementor-section elementor-top-section elementor-element elementor-element-3661530 elementor-section-boxed elementor-section-height-default elementor-section-height-default\" data-id=\"3661530\" data-element_type=\"section\">\n\t\t\t\t\t\t<div class=\"elementor-container elementor-column-gap-default\">\n\t\t\t\t\t<div class=\"elementor-column elementor-col-100 elementor-top-column elementor-element elementor-element-6eabcaf\" data-id=\"6eabcaf\" data-element_type=\"column\">\n\t\t\t<div class=\"elementor-widget-wrap elementor-element-populated\">\n\t\t\t\t\t\t<div class=\"elementor-element elementor-element-bc70df6 elementor-widget elementor-widget-heading\" data-id=\"bc70df6\" data-element_type=\"widget\" data-widget_type=\"heading.default\">\n\t\t\t\t<div class=\"elementor-widget-container\">\n\t\t\t<h5 class=\"elementor-heading-title elementor-size-default\">Coordena\u00e7\u00e3o MACT<\/h5>\t\t<\/div>\n\t\t\t\t<\/div>\n\t\t\t\t\t<\/div>\n\t\t<\/div>\n\t\t\t\t\t<\/div>\n\t\t<\/section>\n\t\t\t\t<section class=\"elementor-section elementor-top-section elementor-element elementor-element-39de4dc elementor-section-boxed elementor-section-height-default elementor-section-height-default\" data-id=\"39de4dc\" data-element_type=\"section\">\n\t\t\t\t\t\t<div class=\"elementor-container elementor-column-gap-default\">\n\t\t\t\t\t<div class=\"elementor-column elementor-col-100 elementor-top-column elementor-element elementor-element-e6ce16c\" data-id=\"e6ce16c\" data-element_type=\"column\">\n\t\t\t<div class=\"elementor-widget-wrap elementor-element-populated\">\n\t\t\t\t\t\t<div class=\"elementor-element elementor-element-1d80ba2 elementor-widget elementor-widget-text-editor\" data-id=\"1d80ba2\" data-element_type=\"widget\" data-widget_type=\"text-editor.default\">\n\t\t\t\t<div class=\"elementor-widget-container\">\n\t\t\t\t\t\t\t<p>Arte: Prof\u00aa. Dr\u00aa. Nara Cristina Santos &#8211; PPGART\/CAL<\/p><p>Ci\u00eancia: Prof\u00aa. Dr\u00aa. Maria Rosa Chitolina Schetinger &#8211; PPGBTOX e PPGECQVS\/CCNE<\/p><p>Tecnologia: Prof\u00aa. Dr\u00aa. Juliana Vizzotto &#8211; PPGART\/CAL &#8211; CT<\/p>\t\t\t\t\t\t<\/div>\n\t\t\t\t<\/div>\n\t\t\t\t\t<\/div>\n\t\t<\/div>\n\t\t\t\t\t<\/div>\n\t\t<\/section>\n\t\t\t\t<section class=\"elementor-section elementor-top-section elementor-element elementor-element-8299413 elementor-section-boxed elementor-section-height-default elementor-section-height-default\" data-id=\"8299413\" data-element_type=\"section\">\n\t\t\t\t\t\t<div class=\"elementor-container elementor-column-gap-default\">\n\t\t\t\t\t<div class=\"elementor-column elementor-col-100 elementor-top-column elementor-element elementor-element-d09e849\" data-id=\"d09e849\" data-element_type=\"column\">\n\t\t\t<div class=\"elementor-widget-wrap elementor-element-populated\">\n\t\t\t\t\t\t<div class=\"elementor-element elementor-element-dc9f492 elementor-widget elementor-widget-heading\" data-id=\"dc9f492\" data-element_type=\"widget\" data-widget_type=\"heading.default\">\n\t\t\t\t<div class=\"elementor-widget-container\">\n\t\t\t<h5 class=\"elementor-heading-title elementor-size-default\">Agendamento das Visitas<\/h5>\t\t<\/div>\n\t\t\t\t<\/div>\n\t\t\t\t\t<\/div>\n\t\t<\/div>\n\t\t\t\t\t<\/div>\n\t\t<\/section>\n\t\t\t\t<section class=\"elementor-section elementor-top-section elementor-element elementor-element-9a10063 elementor-section-boxed elementor-section-height-default elementor-section-height-default\" data-id=\"9a10063\" data-element_type=\"section\">\n\t\t\t\t\t\t<div class=\"elementor-container elementor-column-gap-default\">\n\t\t\t\t\t<div class=\"elementor-column elementor-col-100 elementor-top-column elementor-element elementor-element-6ee994e\" data-id=\"6ee994e\" data-element_type=\"column\">\n\t\t\t<div class=\"elementor-widget-wrap elementor-element-populated\">\n\t\t\t\t\t\t<div class=\"elementor-element elementor-element-244bf10 elementor-widget elementor-widget-text-editor\" data-id=\"244bf10\" data-element_type=\"widget\" data-widget_type=\"text-editor.default\">\n\t\t\t\t<div class=\"elementor-widget-container\">\n\t\t\t\t\t\t\t<p><strong>As visitas ao museu est\u00e3o suspensas em raz\u00e3o da reforma que ocorre no MACT desde janeiro de 2024.<\/strong><\/p><p>e-mail: <a href=\"mailto:mactmuseu@ufsm.br\" target=\"_blank\" rel=\"noopener\">mactmuseu@ufsm.br<\/a><\/p><p>Hor\u00e1rios | Ter\u00e7a a quinta-feira: 13h30 \u00e0s 16h30.<\/p><p>Museu Arte Ci\u00eancia Tecnologia | Mezanino do Planet\u00e1rio UFSM<\/p>\t\t\t\t\t\t<\/div>\n\t\t\t\t<\/div>\n\t\t\t\t\t<\/div>\n\t\t<\/div>\n\t\t\t\t\t<\/div>\n\t\t<\/section>\n\t\t\t\t<\/div>\n\t\t","protected":false},"excerpt":{"rendered":"<p>Acesse o site do Museu \u27a5 www.ufsm.br\/museus\/arte-ciencia-tecnologia Coordena\u00e7\u00e3o MACT Arte: Prof\u00aa. Dr\u00aa. Nara Cristina Santos &#8211; PPGART\/CAL Ci\u00eancia: Prof\u00aa. Dr\u00aa. Maria Rosa Chitolina Schetinger &#8211; PPGBTOX e PPGECQVS\/CCNE Tecnologia: Prof\u00aa. Dr\u00aa. Juliana Vizzotto &#8211; PPGART\/CAL &#8211; CT Agendamento das Visitas As visitas ao museu est\u00e3o suspensas em raz\u00e3o da reforma que ocorre no MACT desde [&hellip;]<\/p>\n","protected":false},"author":772,"featured_media":0,"parent":0,"menu_order":0,"comment_status":"closed","ping_status":"closed","template":"","meta":{"footnotes":""},"categories":[],"tags":[],"class_list":["post-502","page","type-page","status-publish","hentry"],"acf":[],"_links":{"self":[{"href":"https:\/\/www.ufsm.br\/laboratorios\/labart\/wp-json\/wp\/v2\/pages\/502","targetHints":{"allow":["GET"]}}],"collection":[{"href":"https:\/\/www.ufsm.br\/laboratorios\/labart\/wp-json\/wp\/v2\/pages"}],"about":[{"href":"https:\/\/www.ufsm.br\/laboratorios\/labart\/wp-json\/wp\/v2\/types\/page"}],"author":[{"embeddable":true,"href":"https:\/\/www.ufsm.br\/laboratorios\/labart\/wp-json\/wp\/v2\/users\/772"}],"replies":[{"embeddable":true,"href":"https:\/\/www.ufsm.br\/laboratorios\/labart\/wp-json\/wp\/v2\/comments?post=502"}],"version-history":[{"count":0,"href":"https:\/\/www.ufsm.br\/laboratorios\/labart\/wp-json\/wp\/v2\/pages\/502\/revisions"}],"wp:attachment":[{"href":"https:\/\/www.ufsm.br\/laboratorios\/labart\/wp-json\/wp\/v2\/media?parent=502"}],"wp:term":[{"taxonomy":"category","embeddable":true,"href":"https:\/\/www.ufsm.br\/laboratorios\/labart\/wp-json\/wp\/v2\/categories?post=502"},{"taxonomy":"post_tag","embeddable":true,"href":"https:\/\/www.ufsm.br\/laboratorios\/labart\/wp-json\/wp\/v2\/tags?post=502"}],"curies":[{"name":"wp","href":"https:\/\/api.w.org\/{rel}","templated":true}]}}