{"id":52,"date":"2019-07-31T10:13:14","date_gmt":"2019-07-31T13:13:14","guid":{"rendered":"https:\/\/www.ufsm.br\/laboratorios\/labcine\/?page_id=52"},"modified":"2019-07-31T10:13:17","modified_gmt":"2019-07-31T13:13:17","slug":"orientacoes","status":"publish","type":"page","link":"https:\/\/www.ufsm.br\/laboratorios\/labcine\/orientacoes","title":{"rendered":"Orienta\u00e7\u00f5es"},"content":{"rendered":"\n<h6>INICIA\u00c7\u00c3O CIENT\u00cdFICA<\/h6>\n<p>&#8211; Valida\u00e7\u00e3o do &#8220;Multistage Fitness Test&#8221; para a determina\u00e7\u00e3o do consumo m\u00e1ximo de oxig\u00eanio. Acad. Leandro dos Santos e Vanderson Moro<\/p>\n<p>&#8211; An\u00e1lise do comportamento da frequ\u00eancia cardiaca de repouso em individuos fisicamente ativos em fun\u00e7\u00e3o do ambiente( aqu\u00e1tico e terrestre) e de diferentes posi\u00e7\u00f5es do corpo. Acad. Marcos Franken<\/p>\n<p>&#8211; Rela\u00e7\u00e3o entre diferentes m\u00e9todos utilizados para a avalia\u00e7\u00e3o da gordura corporal relativa em universit\u00e1rios ativos. Acad. Dalila Tosset (conclu\u00eddo)<\/p>\n<p>&#8211; Acompanhamento de manifesta\u00e7\u00f5es f\u00edsicas, psicol\u00f3gicas, emocionais e sociais para a detec\u00e7\u00e3o do desencadeamento da Sindrome do Overtraining. Acad. Leandro dos Santos (conclu\u00eddo)<\/p>\n<p>&#8211; Fases do ciclo menstrual e determina\u00e7\u00e3o do percentual de gordura a partir de diferentes m\u00e9todos de avalia\u00e7\u00e3o. PIBIC 2006\/2007 &#8211; Acad. Dalila Tosset (conclu\u00eddo)<\/p>\n<p>&#8211; Hidrogin\u00e1stica e capacidades f\u00edsicas selecionadas. Acad. Daniela Agnolini<\/p>\n<p>&#8211; An\u00e1lise da aptid\u00e3o f\u00edsica relacionada \u00e0 sa\u00fade de escolares de 13 a 14 anos do munic\u00edpio de Santa Maria\/RS. Acad. Cilene R. Martins (conclu\u00eddo)<\/p>\n<p>&#8211; Influ\u00eancia do Treinamento Aer\u00f3bico e do Treinamento de Resist\u00eancia Muscular Localizada sobre a Sindrome Pr\u00e9- menstrual.PIBIC 2005\/2006 &#8211; Acad. Dalila Tosset (conclu\u00eddo)<\/p>\n<p>\u00a0<\/p>\n<h6>P\u00d3S-GRADUA\u00c7\u00c3O<\/h6>\n<p>&#8211; Percentual de gordura, grau de insatisfa\u00e7\u00e3o coma imagem corporal e commportamento alimentar de meninas de 10 a 16 anos do munic\u00edpio de Santa maria-RS. (Cilene Rebolho Martins)<\/p>\n<p>&#8211; Resposta eletromiogr\u00e1fica de m\u00fasculos do tronco de indiv\u00edduos com desvio postural. (Eliane Celina Guadagnin)<\/p>\n<p>&#8211; Comportamento de vari\u00e1veis fisiol\u00f3gicas durante a aula de hidrogin\u00e1stica.(Mabel M. Olkoski) &#8211; Conclu\u00eddo\/2007<\/p>\n<p>&#8211; A ocorr\u00eancia de desvios posturais em praticantes de muscula\u00e7\u00e3o.(Danieli Mello) &#8211; Conclu\u00eddo\/2007<\/p>\n<p>&#8211; Cat\u00e1logo de crit\u00e9rios para identifica\u00e7\u00e3o e sele\u00e7\u00e3o de talentos no futebol.(Kenji Fuke) &#8211; Conclu\u00eddo\/2007<\/p>\n<p>\u00a0<\/p>\n<h6>INICIA\u00c7\u00c3O CIENT\u00cdFICA<\/h6>\n<p>&#8211; Correla\u00e7\u00e3o entre freq\u00fc\u00eancia card\u00edaca, consumo de oxig\u00eanio e \u00cdndice de Percep\u00e7\u00e3o de Esfor\u00e7o durante exerc\u00edcios de hidrogin\u00e1stica. (Mabel M. Olkoski)<\/p>\n<p>\u00a0<\/p>\n","protected":false},"excerpt":{"rendered":"<p>INICIA\u00c7\u00c3O CIENT\u00cdFICA &#8211; Valida\u00e7\u00e3o do &#8220;Multistage Fitness Test&#8221; para a determina\u00e7\u00e3o do consumo m\u00e1ximo de oxig\u00eanio. Acad. Leandro dos Santos e Vanderson Moro &#8211; An\u00e1lise do comportamento da frequ\u00eancia cardiaca de repouso em individuos fisicamente ativos em fun\u00e7\u00e3o do ambiente( aqu\u00e1tico e terrestre) e de diferentes posi\u00e7\u00f5es do corpo. Acad. Marcos Franken &#8211; Rela\u00e7\u00e3o entre [&hellip;]<\/p>\n","protected":false},"author":115,"featured_media":0,"parent":0,"menu_order":0,"comment_status":"closed","ping_status":"closed","template":"","meta":{"footnotes":""},"categories":[],"tags":[],"class_list":["post-52","page","type-page","status-publish","hentry"],"acf":[],"_links":{"self":[{"href":"https:\/\/www.ufsm.br\/laboratorios\/labcine\/wp-json\/wp\/v2\/pages\/52","targetHints":{"allow":["GET"]}}],"collection":[{"href":"https:\/\/www.ufsm.br\/laboratorios\/labcine\/wp-json\/wp\/v2\/pages"}],"about":[{"href":"https:\/\/www.ufsm.br\/laboratorios\/labcine\/wp-json\/wp\/v2\/types\/page"}],"author":[{"embeddable":true,"href":"https:\/\/www.ufsm.br\/laboratorios\/labcine\/wp-json\/wp\/v2\/users\/115"}],"replies":[{"embeddable":true,"href":"https:\/\/www.ufsm.br\/laboratorios\/labcine\/wp-json\/wp\/v2\/comments?post=52"}],"version-history":[{"count":0,"href":"https:\/\/www.ufsm.br\/laboratorios\/labcine\/wp-json\/wp\/v2\/pages\/52\/revisions"}],"wp:attachment":[{"href":"https:\/\/www.ufsm.br\/laboratorios\/labcine\/wp-json\/wp\/v2\/media?parent=52"}],"wp:term":[{"taxonomy":"category","embeddable":true,"href":"https:\/\/www.ufsm.br\/laboratorios\/labcine\/wp-json\/wp\/v2\/categories?post=52"},{"taxonomy":"post_tag","embeddable":true,"href":"https:\/\/www.ufsm.br\/laboratorios\/labcine\/wp-json\/wp\/v2\/tags?post=52"}],"curies":[{"name":"wp","href":"https:\/\/api.w.org\/{rel}","templated":true}]}}