{"id":112,"date":"2020-07-29T21:26:56","date_gmt":"2020-07-30T00:26:56","guid":{"rendered":"https:\/\/www.ufsm.br\/laboratorios\/labeflo\/?page_id=112"},"modified":"2025-12-18T16:39:04","modified_gmt":"2025-12-18T19:39:04","slug":"entidades-parceiras","status":"publish","type":"page","link":"https:\/\/www.ufsm.br\/laboratorios\/labeflo\/entidades-parceiras","title":{"rendered":"Entidades parceiras"},"content":{"rendered":"\n<h4>\u00a0<\/h4>\n<ul>\n<li>\n<h4><strong><a href=\"https:\/\/www.hnee.de\/de\/Startseite\/HNEEberswalde-Startseite-E9875.htm\">Hochschule f\u00fcr nachhaltige Entwicklung Eberswalde<\/a><\/strong><\/h4>\n<\/li>\n<li>\n<h4><strong><a href=\"http:\/\/icp-forests.net\/\">ICP Forests<\/a><\/strong><\/h4>\n<\/li>\n<li>\n<h4><strong><a href=\"https:\/\/www.ipef.br\/\">Instituto de Pesquisas e Estudos Florestais &#8211; IPEF<\/a><\/strong><\/h4>\n<\/li>\n<li>\n<h4><strong><a href=\"https:\/\/www.facebook.com\/labb.unesp\/\">Laborat\u00f3rio Agroflorestal de Biomassa e Bioenergia<\/a><\/strong><\/h4>\n<\/li>\n<li>\n<h4><a href=\"http:\/\/antesqueanaturezamorra.blogspot.com\/2009\/10\/projeto-pretende-plantar-6-mil-mudas-em.html\"><strong>Pol\u00edcia Federal de Santa Maria<\/strong><\/a><\/h4>\n<\/li>\n<li>\n<h4><strong><a href=\"https:\/\/boku.ac.at\/wabo\/ife\">Universit\u00e4t f\u00fcr Bodenkultur Wien &#8211; BOKU<\/a><\/strong><\/h4>\n<\/li>\n<\/ul>\n","protected":false},"excerpt":{"rendered":"<p>\u00a0 Hochschule f\u00fcr nachhaltige Entwicklung Eberswalde ICP Forests Instituto de Pesquisas e Estudos Florestais &#8211; IPEF Laborat\u00f3rio Agroflorestal de Biomassa e Bioenergia Pol\u00edcia Federal de Santa Maria Universit\u00e4t f\u00fcr Bodenkultur Wien &#8211; BOKU<\/p>\n","protected":false},"author":2846,"featured_media":0,"parent":0,"menu_order":0,"comment_status":"closed","ping_status":"closed","template":"","meta":{"footnotes":""},"categories":[],"tags":[],"class_list":["post-112","page","type-page","status-publish","hentry"],"acf":[],"_links":{"self":[{"href":"https:\/\/www.ufsm.br\/laboratorios\/labeflo\/wp-json\/wp\/v2\/pages\/112","targetHints":{"allow":["GET"]}}],"collection":[{"href":"https:\/\/www.ufsm.br\/laboratorios\/labeflo\/wp-json\/wp\/v2\/pages"}],"about":[{"href":"https:\/\/www.ufsm.br\/laboratorios\/labeflo\/wp-json\/wp\/v2\/types\/page"}],"author":[{"embeddable":true,"href":"https:\/\/www.ufsm.br\/laboratorios\/labeflo\/wp-json\/wp\/v2\/users\/2846"}],"replies":[{"embeddable":true,"href":"https:\/\/www.ufsm.br\/laboratorios\/labeflo\/wp-json\/wp\/v2\/comments?post=112"}],"version-history":[{"count":0,"href":"https:\/\/www.ufsm.br\/laboratorios\/labeflo\/wp-json\/wp\/v2\/pages\/112\/revisions"}],"wp:attachment":[{"href":"https:\/\/www.ufsm.br\/laboratorios\/labeflo\/wp-json\/wp\/v2\/media?parent=112"}],"wp:term":[{"taxonomy":"category","embeddable":true,"href":"https:\/\/www.ufsm.br\/laboratorios\/labeflo\/wp-json\/wp\/v2\/categories?post=112"},{"taxonomy":"post_tag","embeddable":true,"href":"https:\/\/www.ufsm.br\/laboratorios\/labeflo\/wp-json\/wp\/v2\/tags?post=112"}],"curies":[{"name":"wp","href":"https:\/\/api.w.org\/{rel}","templated":true}]}}