{"id":133,"date":"2020-08-03T22:07:24","date_gmt":"2020-08-04T01:07:24","guid":{"rendered":"https:\/\/www.ufsm.br\/laboratorios\/labeflo\/?page_id=133"},"modified":"2021-11-29T15:35:57","modified_gmt":"2021-11-29T18:35:57","slug":"livros","status":"publish","type":"page","link":"https:\/\/www.ufsm.br\/laboratorios\/labeflo\/livros","title":{"rendered":"Livros"},"content":{"rendered":"\n<ul>\n<li>\n<h5><a href=\"https:\/\/www.ipef.br\/publicacoes\/nivel-de-mecanizacao-2020-2021\/\">Levantamento do N\u00edvel de Mecaniza\u00e7\u00e3o na Silvicultura: Edi\u00e7\u00e3o 2020\/2021<\/a><\/h5>\n<\/li>\n<li>\n<h5><a href=\"https:\/\/livrariaufsm.com.br\/silvicultura-do-eucalipto-no-brasil.html\">Silvicultura do Eucalipto no Brasil<\/a><\/h5>\n<\/li>\n<li>\n<h5><a href=\"https:\/\/livrariaufsm.com.br\/floresta-estacional-subtropical-caracterizacao-e-ecologia-no-rebordo-do-planalto-meridiona.html\">A Floresta Estacional Subtropical: Caracteriza\u00e7\u00e3o e Ecologia no Rebordo do Planalto Meridional<\/a><\/h5>\n<\/li>\n<li>\n<h5>Dicion\u00e1rio de termos t\u00e9cnicos florestais<\/h5>\n<\/li>\n<\/ul>\n","protected":false},"excerpt":{"rendered":"<p>Levantamento do N\u00edvel de Mecaniza\u00e7\u00e3o na Silvicultura: Edi\u00e7\u00e3o 2020\/2021 Silvicultura do Eucalipto no Brasil A Floresta Estacional Subtropical: Caracteriza\u00e7\u00e3o e Ecologia no Rebordo do Planalto Meridional Dicion\u00e1rio de termos t\u00e9cnicos florestais<\/p>\n","protected":false},"author":2846,"featured_media":0,"parent":0,"menu_order":0,"comment_status":"closed","ping_status":"closed","template":"","meta":{"footnotes":""},"categories":[],"tags":[],"class_list":["post-133","page","type-page","status-publish","hentry"],"acf":[],"_links":{"self":[{"href":"https:\/\/www.ufsm.br\/laboratorios\/labeflo\/wp-json\/wp\/v2\/pages\/133","targetHints":{"allow":["GET"]}}],"collection":[{"href":"https:\/\/www.ufsm.br\/laboratorios\/labeflo\/wp-json\/wp\/v2\/pages"}],"about":[{"href":"https:\/\/www.ufsm.br\/laboratorios\/labeflo\/wp-json\/wp\/v2\/types\/page"}],"author":[{"embeddable":true,"href":"https:\/\/www.ufsm.br\/laboratorios\/labeflo\/wp-json\/wp\/v2\/users\/2846"}],"replies":[{"embeddable":true,"href":"https:\/\/www.ufsm.br\/laboratorios\/labeflo\/wp-json\/wp\/v2\/comments?post=133"}],"version-history":[{"count":0,"href":"https:\/\/www.ufsm.br\/laboratorios\/labeflo\/wp-json\/wp\/v2\/pages\/133\/revisions"}],"wp:attachment":[{"href":"https:\/\/www.ufsm.br\/laboratorios\/labeflo\/wp-json\/wp\/v2\/media?parent=133"}],"wp:term":[{"taxonomy":"category","embeddable":true,"href":"https:\/\/www.ufsm.br\/laboratorios\/labeflo\/wp-json\/wp\/v2\/categories?post=133"},{"taxonomy":"post_tag","embeddable":true,"href":"https:\/\/www.ufsm.br\/laboratorios\/labeflo\/wp-json\/wp\/v2\/tags?post=133"}],"curies":[{"name":"wp","href":"https:\/\/api.w.org\/{rel}","templated":true}]}}