{"id":456,"date":"2021-05-07T10:02:26","date_gmt":"2021-05-07T13:02:26","guid":{"rendered":"https:\/\/www.ufsm.br\/laboratorios\/labeflo\/?page_id=456"},"modified":"2021-05-07T10:02:27","modified_gmt":"2021-05-07T13:02:27","slug":"456-2","status":"publish","type":"page","link":"https:\/\/www.ufsm.br\/laboratorios\/labeflo\/456-2","title":{"rendered":""},"content":{"rendered":"\n<div class=\"kvgmc6g5 cxmmr5t8 oygrvhab hcukyx3x c1et5uql ii04i59q\">\n<div dir=\"auto\">Ap\u00f3s completar um ano do Inc\u00eandio Florestal em Agudo\/RS, no dia 06\/05\/2021 aconteceu o &#8220;2\u00ba encontro t\u00e9cnico-cient\u00edfico &#8211; Efeitos do fogo em florestas: estudo de caso em Agudo-RS&#8221;.<\/div>\n<div dir=\"auto\">Na ocasi\u00e3o foram apresentados os aspectos gerais e os resultados das pesquisas para a nova gest\u00e3o do mun\u00edcipio, al\u00e9m de serem debatidas as pr\u00f3ximas estrat\u00e9gias e atividades de educa\u00e7\u00e3o ambiental e extens\u00e3o.<\/div>\n<div dir=\"auto\">No encontro estiveram presentes Secret\u00e1rios de Educa\u00e7\u00e3o, Agricultura e Turismo do munic\u00edpio de Agudo, Bombeiros volunt\u00e1rios de Agudo e a equipe da Empresa Santa Maria Consultoria Florestal.<span class=\"pq6dq46d tbxw36s4 knj5qynh kvgmc6g5 ditlmg2l oygrvhab nvdbi5me sf5mxxl7 gl3lb2sf hhz5lgdu\"><img decoding=\"async\" src=\"https:\/\/static.xx.fbcdn.net\/images\/emoji.php\/v9\/ta\/1\/16\/1f343.png\" alt=\"\ud83c\udf43\" width=\"16\" height=\"16\" \/><\/span><\/div>\n<\/div>\n<div class=\"o9v6fnle cxmmr5t8 oygrvhab hcukyx3x c1et5uql ii04i59q\">\n<div dir=\"auto\">Relembre alguns dados e not\u00edcias sobre o Inc\u00eandio Florestal em Agudo\/RS:<\/div>\n<div dir=\"auto\">Em \u00e1rea de 50 ha de Floresta Prim\u00e1ria foram lan\u00e7ados 1425 ton. de CO2 na atmosfera, por meio da queima da camada org\u00e2nica depositada sobre o solo;<\/div>\n<div dir=\"auto\">Mais de 4.100 ton. de carbono estavam estocados na biomassa da vegeta\u00e7\u00e3o dessa floresta;<\/div>\n<div dir=\"auto\">O fogo reduziu 300% da diversidade da fauna do solo em Floresta Prim\u00e1ria.<\/div>\n<\/div>\n<div class=\"o9v6fnle cxmmr5t8 oygrvhab hcukyx3x c1et5uql ii04i59q\">\n<div dir=\"auto\">(Dados produzidos pela equipe de pesquisadores do LABEFLO e Empresa Santa Maria Consultoria Florestal).<\/div>\n<\/div>\n<div class=\"o9v6fnle cxmmr5t8 oygrvhab hcukyx3x c1et5uql ii04i59q\">\n<div dir=\"auto\">M\u00eddia:<\/div>\n<ul>\n<li><a href=\"https:\/\/diariosm.com.br\/not%C3%ADcias\/geral\/pesquisadores-da-ufsm-v%C3%A3o-monitorar-impactos-em-%C3%A1rea-devastada-em-agudo-1.2221700?l=?l=\">Pesquisadores da UFSM v\u00e3o monitorar impactos em \u00e1rea devastada em Agudo<\/a><\/li>\n<li><a href=\"https:\/\/www.youtube.com\/watch?v=NgeGQBfzIbg\">V\u00cdDEO: Estudo come\u00e7a a monitorar impactos de inc\u00eandio em Agudo<\/a><\/li>\n<li><a href=\"https:\/\/diariosm.com.br\/not%C3%ADcias\/geral\/v%C3%ADdeo-pesquisadores-da-ufsm-come%C3%A7am-a-monitorar-impactos-de-inc%C3%AAndio-em-agudo-1.2227381?fbclid=IwAR1BVCa_Gt0hDN_PPzNTS3pheilfcUbawWR6jtzOfUUT0U9H1YBFEZoPiUY\">V\u00cdDEO: pesquisadores da UFSM come\u00e7am a monitorar impactos de inc\u00eandio em Agudo<\/a><\/li>\n<li><a href=\"https:\/\/diariosm.com.br\/not%C3%ADcias\/geral\/v%C3%ADdeo-estudo-aponta-que-105-hectares-foram-queimados-em-inc%C3%AAndio-de-agudo-1.2228239?fbclid=IwAR19wEKkAEiOMhxYWKaR1DJ3Keu_V53AEn3ZS_I4dRjhVNPf-34_5q0y2yY?fbclid=IwAR19wEKkAEiOMhxYWKaR1DJ3Keu_V53AEn3ZS_I4dRjhVNPf-34_5q0y2yY\">V\u00cdDEO: estudo aponta que 105 hectares foram queimados em inc\u00eandio de Agudo<\/a><\/li>\n<li><a href=\"https:\/\/gauchazh.clicrbs.com.br\/geral\/noticia\/2020\/05\/ao-menos-por-cinco-anos-ufsm-vai-acompanhar-regeneracao-de-area-atingida-por-incendio-florestal-em-agudo-ckaikahjo00n4015nohlmodoy.html?fbclid=IwAR1lcWKLTMMiEjn-NXBG5MvJ7TuspeB6B6Ar5PPpc5nQkmjC6W2pWs5L9N4\">Ao menos por cinco anos, UFSM vai acompanhar regenera\u00e7\u00e3o\u00a0de \u00e1rea atingida por inc\u00eandio florestal em Agudo<\/a><\/li>\n<li><a href=\"https:\/\/radioagudo.com.br\/Noticias\/17451?fbclid=IwAR2lK1pOitH4G3z8xToE_1tLAp-hM1MrNouSc0gF33AfFAUEfigVyOcp_XU\">Equipe da UFSM monitora o impacto do inc\u00eandio no Cerro da Igreja<\/a><\/li>\n<li><a href=\"https:\/\/radioagudo.com.br\/Audio\/3039?fbclid=IwAR3jRXZdtV7yI2PH-L2QiJ2ano149yTpvKLvRJeP8wkyMDyiPgBFJEVq3Cw\">Entrevista do Professor Mauro Schumacher \u00e0 Radio Agudo sobre o Inc\u00eandio Florestal<\/a><\/li>\n<li><a href=\"https:\/\/diariosm.com.br\/not%C3%ADcias\/geral\/inc%C3%AAndio-em-agudo-lan%C3%A7ou-para-a-atmosfera-mais-de-2-3-mil-toneladas-de-g%C3%A1s-carb%C3%B4nico-1.2244461?fbclid=IwAR3BU9GOaH5jw2vqGGZytTAkj6199PM9sG-2MEgaXdLGfNQ0gbDMCXN3Hr8#.XxL5KzNW6Tx.facebook\">Inc\u00eandio em Agudo lan\u00e7ou para a atmosfera mais de 2,3 mil toneladas de g\u00e1s carb\u00f4nico<\/a><\/li>\n<\/ul>\n<\/div>\n","protected":false},"excerpt":{"rendered":"<p>Ap\u00f3s completar um ano do Inc\u00eandio Florestal em Agudo\/RS, no dia 06\/05\/2021 aconteceu o &#8220;2\u00ba encontro t\u00e9cnico-cient\u00edfico &#8211; Efeitos do fogo em florestas: estudo de caso em Agudo-RS&#8221;. Na ocasi\u00e3o foram apresentados os aspectos gerais e os resultados das pesquisas para a nova gest\u00e3o do mun\u00edcipio, al\u00e9m de serem debatidas as pr\u00f3ximas estrat\u00e9gias e atividades [&hellip;]<\/p>\n","protected":false},"author":2847,"featured_media":0,"parent":0,"menu_order":0,"comment_status":"closed","ping_status":"closed","template":"","meta":{"footnotes":""},"categories":[],"tags":[],"class_list":["post-456","page","type-page","status-publish","hentry"],"acf":[],"_links":{"self":[{"href":"https:\/\/www.ufsm.br\/laboratorios\/labeflo\/wp-json\/wp\/v2\/pages\/456","targetHints":{"allow":["GET"]}}],"collection":[{"href":"https:\/\/www.ufsm.br\/laboratorios\/labeflo\/wp-json\/wp\/v2\/pages"}],"about":[{"href":"https:\/\/www.ufsm.br\/laboratorios\/labeflo\/wp-json\/wp\/v2\/types\/page"}],"author":[{"embeddable":true,"href":"https:\/\/www.ufsm.br\/laboratorios\/labeflo\/wp-json\/wp\/v2\/users\/2847"}],"replies":[{"embeddable":true,"href":"https:\/\/www.ufsm.br\/laboratorios\/labeflo\/wp-json\/wp\/v2\/comments?post=456"}],"version-history":[{"count":0,"href":"https:\/\/www.ufsm.br\/laboratorios\/labeflo\/wp-json\/wp\/v2\/pages\/456\/revisions"}],"wp:attachment":[{"href":"https:\/\/www.ufsm.br\/laboratorios\/labeflo\/wp-json\/wp\/v2\/media?parent=456"}],"wp:term":[{"taxonomy":"category","embeddable":true,"href":"https:\/\/www.ufsm.br\/laboratorios\/labeflo\/wp-json\/wp\/v2\/categories?post=456"},{"taxonomy":"post_tag","embeddable":true,"href":"https:\/\/www.ufsm.br\/laboratorios\/labeflo\/wp-json\/wp\/v2\/tags?post=456"}],"curies":[{"name":"wp","href":"https:\/\/api.w.org\/{rel}","templated":true}]}}