{"id":26,"date":"2019-05-14T17:03:27","date_gmt":"2019-05-14T20:03:27","guid":{"rendered":"https:\/\/www.ufsm.br\/template-laboratprio\/?page_id=26"},"modified":"2022-05-13T17:17:25","modified_gmt":"2022-05-13T20:17:25","slug":"contato","status":"publish","type":"page","link":"https:\/\/www.ufsm.br\/laboratorios\/laben\/contato","title":{"rendered":"Contato"},"content":{"rendered":"\t\t<div data-elementor-type=\"wp-page\" data-elementor-id=\"26\" class=\"elementor elementor-26\">\n\t\t\t\t\t\t<section class=\"elementor-section elementor-top-section elementor-element elementor-element-9e72108 elementor-section-boxed elementor-section-height-default elementor-section-height-default\" data-id=\"9e72108\" data-element_type=\"section\">\n\t\t\t\t\t\t<div class=\"elementor-container elementor-column-gap-default\">\n\t\t\t\t\t<div class=\"elementor-column elementor-col-100 elementor-top-column elementor-element elementor-element-52a9f0a\" data-id=\"52a9f0a\" data-element_type=\"column\">\n\t\t\t<div class=\"elementor-widget-wrap elementor-element-populated\">\n\t\t\t\t\t\t<div class=\"elementor-element elementor-element-4765b7d elementor-widget elementor-widget-text-editor\" data-id=\"4765b7d\" data-element_type=\"widget\" data-widget_type=\"text-editor.default\">\n\t\t\t\t<div class=\"elementor-widget-container\">\n\t\t\t\t\t\t\t<p style=\"text-align: center\"><span style=\"font-size: 14pt\"><em><strong>Laborat\u00f3rio de ENGENHARIA NATURAL <span style=\"font-family: georgia, palatino, serif\">(LabEN)<\/span><\/strong><\/em><\/span><\/p><p style=\"text-align: center\">Av. Roraima n\u00b0 1000, Cidade Universit\u00e1ria, Bairro Camobi, Santa Maria (RS), Brasil<\/p><p style=\"text-align: center\">CEP: 97105-900,\u00a0Pr\u00e9dio 44 N, pr\u00f3ximo ao Jardim Bot\u00e2nico da UFSM<\/p><p style=\"text-align: center\"><strong>Telefone:\u00a0<\/strong>(55) 3220-8709\u00a0 \u00a0 \u00a0 \u00a0 \u00a0 \u00a0 \u00a0 \u00a0 \u00a0 \u00a0<strong>Email:\u00a0<\/strong><span id=\"cloakd7a862e5eb3a8b980efd7f0bf9a1f8d2\"><a href=\"mailto:laben.ufsm@gmail.com\">laben.ufsm@gmail.com<\/a><\/span><\/p>\t\t\t\t\t\t<\/div>\n\t\t\t\t<\/div>\n\t\t\t\t\t<\/div>\n\t\t<\/div>\n\t\t\t\t\t<\/div>\n\t\t<\/section>\n\t\t\t\t<section class=\"elementor-section elementor-top-section elementor-element elementor-element-692d277 elementor-section-boxed elementor-section-height-default elementor-section-height-default\" data-id=\"692d277\" data-element_type=\"section\">\n\t\t\t\t\t\t<div class=\"elementor-container elementor-column-gap-default\">\n\t\t\t\t\t<div class=\"elementor-column elementor-col-100 elementor-top-column elementor-element elementor-element-5308159\" data-id=\"5308159\" data-element_type=\"column\">\n\t\t\t<div class=\"elementor-widget-wrap elementor-element-populated\">\n\t\t\t\t\t\t<div class=\"elementor-element elementor-element-d42973d elementor-widget elementor-widget-image\" data-id=\"d42973d\" data-element_type=\"widget\" data-widget_type=\"image.default\">\n\t\t\t\t<div class=\"elementor-widget-container\">\n\t\t\t\t\t\t\t\t\t\t\t\t\t<img fetchpriority=\"high\" decoding=\"async\" width=\"1280\" height=\"622\" src=\"https:\/\/www.ufsm.br\/app\/uploads\/sites\/848\/2020\/12\/IMG-20181129-WA0002.jpg\" class=\"attachment-full size-full wp-image-93\" alt=\"\" srcset=\"https:\/\/www.ufsm.br\/app\/uploads\/sites\/848\/2020\/12\/IMG-20181129-WA0002.jpg 1280w, https:\/\/www.ufsm.br\/app\/uploads\/sites\/848\/2020\/12\/IMG-20181129-WA0002-300x146.jpg 300w, https:\/\/www.ufsm.br\/app\/uploads\/sites\/848\/2020\/12\/IMG-20181129-WA0002-1024x498.jpg 1024w, https:\/\/www.ufsm.br\/app\/uploads\/sites\/848\/2020\/12\/IMG-20181129-WA0002-768x373.jpg 768w\" sizes=\"(max-width: 1280px) 100vw, 1280px\" \/>\t\t\t\t\t\t\t\t\t\t\t\t\t<\/div>\n\t\t\t\t<\/div>\n\t\t\t\t\t<\/div>\n\t\t<\/div>\n\t\t\t\t\t<\/div>\n\t\t<\/section>\n\t\t\t\t<\/div>\n\t\t","protected":false},"excerpt":{"rendered":"<p>Laborat\u00f3rio de ENGENHARIA NATURAL (LabEN) Av. Roraima n\u00b0 1000, Cidade Universit\u00e1ria, Bairro Camobi, Santa Maria (RS), Brasil CEP: 97105-900,\u00a0Pr\u00e9dio 44 N, pr\u00f3ximo ao Jardim Bot\u00e2nico da UFSM Telefone:\u00a0(55) 3220-8709\u00a0 \u00a0 \u00a0 \u00a0 \u00a0 \u00a0 \u00a0 \u00a0 \u00a0 \u00a0Email:\u00a0laben.ufsm@gmail.com<\/p>\n","protected":false},"author":124,"featured_media":0,"parent":0,"menu_order":0,"comment_status":"closed","ping_status":"closed","template":"","meta":{"footnotes":""},"categories":[],"tags":[],"class_list":["post-26","page","type-page","status-publish","hentry"],"acf":[],"_links":{"self":[{"href":"https:\/\/www.ufsm.br\/laboratorios\/laben\/wp-json\/wp\/v2\/pages\/26","targetHints":{"allow":["GET"]}}],"collection":[{"href":"https:\/\/www.ufsm.br\/laboratorios\/laben\/wp-json\/wp\/v2\/pages"}],"about":[{"href":"https:\/\/www.ufsm.br\/laboratorios\/laben\/wp-json\/wp\/v2\/types\/page"}],"author":[{"embeddable":true,"href":"https:\/\/www.ufsm.br\/laboratorios\/laben\/wp-json\/wp\/v2\/users\/124"}],"replies":[{"embeddable":true,"href":"https:\/\/www.ufsm.br\/laboratorios\/laben\/wp-json\/wp\/v2\/comments?post=26"}],"version-history":[{"count":0,"href":"https:\/\/www.ufsm.br\/laboratorios\/laben\/wp-json\/wp\/v2\/pages\/26\/revisions"}],"wp:attachment":[{"href":"https:\/\/www.ufsm.br\/laboratorios\/laben\/wp-json\/wp\/v2\/media?parent=26"}],"wp:term":[{"taxonomy":"category","embeddable":true,"href":"https:\/\/www.ufsm.br\/laboratorios\/laben\/wp-json\/wp\/v2\/categories?post=26"},{"taxonomy":"post_tag","embeddable":true,"href":"https:\/\/www.ufsm.br\/laboratorios\/laben\/wp-json\/wp\/v2\/tags?post=26"}],"curies":[{"name":"wp","href":"https:\/\/api.w.org\/{rel}","templated":true}]}}