{"id":54,"date":"2020-12-03T13:01:48","date_gmt":"2020-12-03T16:01:48","guid":{"rendered":"https:\/\/www.ufsm.br\/laboratorios\/laben\/?page_id=54"},"modified":"2020-12-09T15:00:25","modified_gmt":"2020-12-09T18:00:25","slug":"informacoes-gerais","status":"publish","type":"page","link":"https:\/\/www.ufsm.br\/laboratorios\/laben\/informacoes-gerais","title":{"rendered":"Sobre"},"content":{"rendered":"\t\t<div data-elementor-type=\"wp-page\" data-elementor-id=\"54\" class=\"elementor elementor-54\">\n\t\t\t\t\t\t<section class=\"elementor-section elementor-top-section elementor-element elementor-element-823e065 elementor-section-boxed elementor-section-height-default elementor-section-height-default\" data-id=\"823e065\" data-element_type=\"section\">\n\t\t\t\t\t\t<div class=\"elementor-container elementor-column-gap-default\">\n\t\t\t\t\t<div class=\"elementor-column elementor-col-100 elementor-top-column elementor-element elementor-element-14ae913\" data-id=\"14ae913\" data-element_type=\"column\">\n\t\t\t<div class=\"elementor-widget-wrap elementor-element-populated\">\n\t\t\t\t\t\t<div class=\"elementor-element elementor-element-66d807e elementor-widget elementor-widget-text-editor\" data-id=\"66d807e\" data-element_type=\"widget\" data-widget_type=\"text-editor.default\">\n\t\t\t\t<div class=\"elementor-widget-container\">\n\t\t\t\t\t\t\t<!-- wp:tadv\/classic-paragraph \/-->\t\t\t\t\t\t<\/div>\n\t\t\t\t<\/div>\n\t\t\t\t\t<\/div>\n\t\t<\/div>\n\t\t\t\t\t<\/div>\n\t\t<\/section>\n\t\t\t\t<section class=\"elementor-section elementor-top-section elementor-element elementor-element-5c8d55c elementor-section-boxed elementor-section-height-default elementor-section-height-default\" data-id=\"5c8d55c\" data-element_type=\"section\">\n\t\t\t\t\t\t<div class=\"elementor-container elementor-column-gap-default\">\n\t\t\t\t\t<div class=\"elementor-column elementor-col-100 elementor-top-column elementor-element elementor-element-2aa30b5\" data-id=\"2aa30b5\" data-element_type=\"column\">\n\t\t\t<div class=\"elementor-widget-wrap elementor-element-populated\">\n\t\t\t\t\t\t<div class=\"elementor-element elementor-element-7593b40 elementor-widget elementor-widget-heading\" data-id=\"7593b40\" data-element_type=\"widget\" data-widget_type=\"heading.default\">\n\t\t\t\t<div class=\"elementor-widget-container\">\n\t\t\t<h2 class=\"elementor-heading-title elementor-size-default\">Hist\u00f3rico<\/h2>\t\t<\/div>\n\t\t\t\t<\/div>\n\t\t\t\t\t<\/div>\n\t\t<\/div>\n\t\t\t\t\t<\/div>\n\t\t<\/section>\n\t\t\t\t<section class=\"elementor-section elementor-top-section elementor-element elementor-element-9ca5faa elementor-section-boxed elementor-section-height-default elementor-section-height-default\" data-id=\"9ca5faa\" data-element_type=\"section\">\n\t\t\t\t\t\t<div class=\"elementor-container elementor-column-gap-default\">\n\t\t\t\t\t<div class=\"elementor-column elementor-col-100 elementor-top-column elementor-element elementor-element-4a9812d\" data-id=\"4a9812d\" data-element_type=\"column\">\n\t\t\t<div class=\"elementor-widget-wrap elementor-element-populated\">\n\t\t\t\t\t\t<div class=\"elementor-element elementor-element-2ea8cff elementor-widget elementor-widget-text-editor\" data-id=\"2ea8cff\" data-element_type=\"widget\" data-widget_type=\"text-editor.default\">\n\t\t\t\t<div class=\"elementor-widget-container\">\n\t\t\t\t\t\t\t<p>A infraestrutura do Laborat\u00f3rio de Engenharia Natural foi executada com financiamento do Cenpes\/Petrobras, por meio de projetos de pesquisa apoiados pela Ag\u00eancia Nacional do Petr\u00f3leo (ANP).<\/p>\n<p>O grupo tem por objetivo promover pesquisas relacionadas com a aplica\u00e7\u00e3o e desenvolvimento da Engenharia Natural em \u00e2mbito brasileiro, nomeadamente estudos relativos ao emprego e desenvolvimento de solu\u00e7\u00f5es construtivas para proporcionar estabilidade e prote\u00e7\u00e3o de taludes fluviais e \u00e1reas em processo erosivo, recupera\u00e7\u00e3o de \u00e1reas degradadas, renaturaliza\u00e7\u00e3o de ambientes naturais impactados por interven\u00e7\u00f5es antr\u00f3picas, propaga\u00e7\u00e3o e utiliza\u00e7\u00e3o de vegeta\u00e7\u00e3o nativa, metodologias para elabora\u00e7\u00e3o de projetos e de especifica\u00e7\u00e3o de plantas como material construtivo.<\/p>\t\t\t\t\t\t<\/div>\n\t\t\t\t<\/div>\n\t\t\t\t\t<\/div>\n\t\t<\/div>\n\t\t\t\t\t<\/div>\n\t\t<\/section>\n\t\t\t\t<section class=\"elementor-section elementor-top-section elementor-element elementor-element-2bc9bae elementor-section-boxed elementor-section-height-default elementor-section-height-default\" data-id=\"2bc9bae\" data-element_type=\"section\">\n\t\t\t\t\t\t<div class=\"elementor-container elementor-column-gap-default\">\n\t\t\t\t\t<div class=\"elementor-column elementor-col-100 elementor-top-column elementor-element elementor-element-0697e4b\" data-id=\"0697e4b\" data-element_type=\"column\">\n\t\t\t<div class=\"elementor-widget-wrap elementor-element-populated\">\n\t\t\t\t\t\t<div class=\"elementor-element elementor-element-361b623 elementor-widget elementor-widget-heading\" data-id=\"361b623\" data-element_type=\"widget\" data-widget_type=\"heading.default\">\n\t\t\t\t<div class=\"elementor-widget-container\">\n\t\t\t<h2 class=\"elementor-heading-title elementor-size-default\">Engenharia Natural\n<\/h2>\t\t<\/div>\n\t\t\t\t<\/div>\n\t\t\t\t\t<\/div>\n\t\t<\/div>\n\t\t\t\t\t<\/div>\n\t\t<\/section>\n\t\t\t\t<section class=\"elementor-section elementor-top-section elementor-element elementor-element-f56035c elementor-section-boxed elementor-section-height-default elementor-section-height-default\" data-id=\"f56035c\" data-element_type=\"section\">\n\t\t\t\t\t\t<div class=\"elementor-container elementor-column-gap-default\">\n\t\t\t\t\t<div class=\"elementor-column elementor-col-100 elementor-top-column elementor-element elementor-element-4bddeb3\" data-id=\"4bddeb3\" data-element_type=\"column\">\n\t\t\t<div class=\"elementor-widget-wrap elementor-element-populated\">\n\t\t\t\t\t\t<div class=\"elementor-element elementor-element-60b3b9b elementor-widget elementor-widget-text-editor\" data-id=\"60b3b9b\" data-element_type=\"widget\" data-widget_type=\"text-editor.default\">\n\t\t\t\t<div class=\"elementor-widget-container\">\n\t\t\t\t\t\t\t<ol>\n<li><strong><em>DEFINI\u00c7\u00c3O E CONCEITOS DE ENGENHARIA NATURAL<\/em><\/strong><\/li>\n<\/ol>\n<p>A Engenharia Natural \u00e9 definida como um subdom\u00ednio da Engenharia que tem objetivos t\u00e9cnicos, ecol\u00f3gicos, criativos, construtivos e econ\u00f3micos, recorrendo principalmente \u00e0 utiliza\u00e7\u00e3o de materiais construtivos vivos, como sementes, plantas, partes de plantas e associa\u00e7\u00f5es vegetais. Pode ser utilizada como substituto, mas principalmente como complemento \u00fatil e por vezes necess\u00e1rio \u00e0s t\u00e9cnicas cl\u00e1ssicas de Engenharia Civil (SCHIECHTL, 1980).<\/p>\n<p>T\u00e9cnicas construtivas de Engenharia Natural solucionam problemas estruturais de estabiliza\u00e7\u00e3o geot\u00e9cnica e hidr\u00e1ulica, controlam processos erosivos superficiais, e simultaneamente projetam ecossistemas em equil\u00edbrio din\u00e2mico (SOUSA, 2017).<\/p>\n<p>\u00c9 uma disciplina transversal que utiliza informa\u00e7\u00f5es, conhecimentos e tecnologia de diversas disciplinas, para a realiza\u00e7\u00e3o de interven\u00e7\u00f5es em que a combina\u00e7\u00e3o da a\u00e7\u00e3o da vegeta\u00e7\u00e3o com outros materiais naturais ou artificiais tem objetivos anti-erosivos, estabilizantes e consolidantes (SAULI; CORNELINI; PRETI, 2003).<\/p>\n<p>S\u00e3o t\u00e9cnicas de baixo impacto ambiental e baseiam-se essencialmente nas propriedades biot\u00e9cnicas de algumas esp\u00e9cies de plantas (DE ANTONIS; MOLINARI, 2007; SAULI; CORNELINI, 2005; VENTI et al., 2003).<\/p>\n<p>Segundo Donat (1995) a Engenharia Natural baseia-se em conhecimentos biol\u00f3gicos para constru\u00e7\u00e3o de estruturas hidr\u00e1ulicas e para estabiliza\u00e7\u00e3o de taludes e margens de cursos de \u00e1gua. Plantas inteiras ou suas partes s\u00e3o usadas como material construtivo combinadas com outros materiais (mortos) de constru\u00e7\u00e3o. No entanto, a Engenharia Natural n\u00e3o substitui, em todos os casos, a tradicional Engenharia Hidr\u00e1ulica ou Geot\u00e9cnica, mas em muitas circust\u00e2ncias complementa e melhora outros m\u00e9todos t\u00e9cnicos de engenharia.<\/p>\n<p>Estas t\u00e9cnicas promovem a utiliza\u00e7\u00e3o de materiais naturais adquiridos nos locais de interven\u00e7\u00e3o (por exemplo, plantas, solo, madeira, etc), o que geralmente leva a obras de menor custo relativamente \u00e0s obras tradicionais de engenharia, obtendo por isso um maior \u00edndice de custo \u2013 benef\u00edcio (FERNANDES; FREITAS, 2011).<\/p>\n<p>O recurso \u00e0 utiliza\u00e7\u00e3o das plantas na Engenharia Natural, caracter\u00edstica distintiva desta disciplina em rela\u00e7\u00e3o \u00e0 engenharia tradicional, \u00e9 fundamental, sendo as mesmas consideradas do ponto de vista funcional e t\u00e9cnico e n\u00e3o apenas ecol\u00f3gico e est\u00e9tico, ou seja, as plantas s\u00e3o utilizadas como materiais construtivos vivos (SOUSA, 2015). Esta caracter\u00edstica \u00e9 muito importante e diferencia a Engenharia Natural das disciplinas tradicionais que recorrem apenas \u00e0 utiliza\u00e7\u00e3o de materiais inertes, ou consideram apenas as plantas do ponto de vista paisag\u00edstico ou de restaura\u00e7\u00e3o ecol\u00f3gica (SAULI; CORNELINI, 2005).<\/p>\n<p>O uso de t\u00e9cnicas de Engenharia Natural visa, atrav\u00e9s da vegeta\u00e7\u00e3o, de forma particular, a reconstitui\u00e7\u00e3o de novas unidades ecossistem\u00e1ticas capazes de se autossustentar atrav\u00e9s de processos naturais (SOUSA, 2015). Isso resulta em um impacto positivo na melhoria das caracter\u00edsticas geopedol\u00f3gicas, hidrol\u00f3gicas, hidr\u00e1ulicas, flor\u00edsticas, faun\u00edsticas e paisag\u00edsticas do territ\u00f3rio. Numa escala geral a Engenharia Natural pretende aumentar a complexidade, diversidade e heterogeneidade do &#8220;sistema dos ecossistemas.&#8221; (MENEGAZZI; PALMERI, 2013).<\/p>\t\t\t\t\t\t<\/div>\n\t\t\t\t<\/div>\n\t\t\t\t\t<\/div>\n\t\t<\/div>\n\t\t\t\t\t<\/div>\n\t\t<\/section>\n\t\t\t\t<section class=\"elementor-section elementor-top-section elementor-element elementor-element-b2d9a02 elementor-section-boxed elementor-section-height-default elementor-section-height-default\" data-id=\"b2d9a02\" data-element_type=\"section\">\n\t\t\t\t\t\t<div class=\"elementor-container elementor-column-gap-default\">\n\t\t\t\t\t<div class=\"elementor-column elementor-col-100 elementor-top-column elementor-element elementor-element-58d49e5\" data-id=\"58d49e5\" data-element_type=\"column\">\n\t\t\t<div class=\"elementor-widget-wrap elementor-element-populated\">\n\t\t\t\t\t\t<div class=\"elementor-element elementor-element-d0d38e7 elementor-widget elementor-widget-text-editor\" data-id=\"d0d38e7\" data-element_type=\"widget\" data-widget_type=\"text-editor.default\">\n\t\t\t\t<div class=\"elementor-widget-container\">\n\t\t\t\t\t\t\t<ol start=\"2\">\n<li><strong><em>CAMPOS DE APLICA\u00c7\u00c3O DA ENGENHARIA NATURAL<\/em><\/strong><\/li>\n<\/ol>\n<p>Os campos de aplica\u00e7\u00e3o das t\u00e9cnicas de Engenharia Natural s\u00e3o a consolida\u00e7\u00e3o de taludes, encostas, margens de cursos e planos de \u00e1gua, faixas marginais de obras de infra-estrutura, diques, represas, aterros, zonas degradadas por explora\u00e7\u00f5es mineiras ou outras atividades industriais, assim como zonas enquadrantes de infra-estruturas:<\/p>\n<ul>\n<li>Em cursos de \u00e1gua, aplica-se na estabiliza\u00e7\u00e3o e consolida\u00e7\u00e3o de margens amea\u00e7adas pela eros\u00e3o, condu\u00e7\u00e3o do canal de escoamento, renaturaliza\u00e7\u00e3o de cursos de \u00e1gua degradados ou fortemente alterados, aumento da capacidade de reten\u00e7\u00e3o nas v\u00e1rzeas e leitos de cheia e decorrente prote\u00e7\u00e3o contra cheias, tudo em conjuga\u00e7\u00e3o com o aumento da qualidade e funcionalidade ecol\u00f3gica e efic\u00e1cia em termos de seguran\u00e7a e consolida\u00e7\u00e3o de diques, represas e \u00e1reas marginais.<\/li>\n<li>Em taludes e encostas, aplica-se na preven\u00e7\u00e3o e impedimento de eros\u00e3o superficial e profunda, reposi\u00e7\u00e3o da cobertura vegetal e estabiliza\u00e7\u00e3o de zonas de risco de aluimento assim como a prote\u00e7\u00e3o imediata e a longo prazo de encostas suscet\u00edveis a movimentos de massa atrav\u00e9s do seu ancoramento com ra\u00edzes e a drenagem do solo atrav\u00e9s da transpira\u00e7\u00e3o das plantas.<\/li>\n<li>No dom\u00ednio da gest\u00e3o e melhoria do balan\u00e7o h\u00eddrico local e regional, aplica-se atrav\u00e9s de medidas de floresta\u00e7\u00e3o e reposi\u00e7\u00e3o da cobertura vegetal adequada em encostas, assim como, atrav\u00e9s de medidas de engenharia natural adequadas, na corre\u00e7\u00e3o torrencial, retardamento do escoamento superficial, promo\u00e7\u00e3o da infiltra\u00e7\u00e3o, etc.<\/li>\n<li>Nas costas mar\u00edtimas e lagunares, aplica-se na consolida\u00e7\u00e3o de \u00e1reas e margens amea\u00e7adas pela eros\u00e3o e na estabiliza\u00e7\u00e3o de diques, dunas e terrenos envolventes.<\/li>\n<li>Em zonas h\u00famidas, aplica-se na cria\u00e7\u00e3o de habitats adequados \u00e0 preserva\u00e7\u00e3o da biodiversidade.<\/li>\n<li>Nas \u00e1reas degradas por explora\u00e7\u00f5es mineiras ou por atividades industriais, aplica-se na consolida\u00e7\u00e3o, desenvolvimento e restabelecimento de novas comunidades vegetais.<\/li>\n<\/ul>\n<p>A utiliza\u00e7\u00e3o de plantas \u00e9 poss\u00edvel em todos os locais onde exista em habitat potencial para o estabelecimento da vegeta\u00e7\u00e3o. \u00c9 poss\u00edvel e racional o estabelecimento de uma cobertura vegetal protetora e estabilizadora para a preven\u00e7\u00e3o da eros\u00e3o como substituto de interven\u00e7\u00f5es t\u00e9cnicas tradicionais, sempre que as capacidades t\u00e9cnicas e biol\u00f3gicas das plantas sejam para tal suficientes.<\/p>\n<p>No desenvolvimento da solu\u00e7\u00e3o t\u00e9cnica a empregar, utiliza-se conhecimento especializado de disciplinas da engenharia civil, geotecnia e ci\u00eancias de materiais, assim como conhecimentos dos dom\u00ednios da biologia e da ecologia da paisagem. Garantem-se deste modo as condi\u00e7\u00f5es para o estabelecimento bem-sucedido de uma cobertura vegetal adequada \u00e0s condi\u00e7\u00f5es ecol\u00f3gicas do local, que preencha, pelo seu desenvolvimento, os objetivos t\u00e9cnicos pretendidos. Al\u00e9m das medidas de prote\u00e7\u00e3o contra a eros\u00e3o e de gest\u00e3o do regime e balan\u00e7o h\u00eddrico, a Engenharia Natural preenche igualmente importantes fun\u00e7\u00f5es nos dom\u00ednios da regula\u00e7\u00e3o microclim\u00e1tica, da gest\u00e3o da estrutura de bi\u00f3topos e da est\u00e9tica da paisagem.<\/p>\t\t\t\t\t\t<\/div>\n\t\t\t\t<\/div>\n\t\t\t\t\t<\/div>\n\t\t<\/div>\n\t\t\t\t\t<\/div>\n\t\t<\/section>\n\t\t\t\t<section class=\"elementor-section elementor-top-section elementor-element elementor-element-85c1301 elementor-section-boxed elementor-section-height-default elementor-section-height-default\" data-id=\"85c1301\" data-element_type=\"section\">\n\t\t\t\t\t\t<div class=\"elementor-container elementor-column-gap-default\">\n\t\t\t\t\t<div class=\"elementor-column elementor-col-100 elementor-top-column elementor-element elementor-element-92ceb89\" data-id=\"92ceb89\" data-element_type=\"column\">\n\t\t\t<div class=\"elementor-widget-wrap elementor-element-populated\">\n\t\t\t\t\t\t<div class=\"elementor-element elementor-element-cc2e41b elementor-widget elementor-widget-text-editor\" data-id=\"cc2e41b\" data-element_type=\"widget\" data-widget_type=\"text-editor.default\">\n\t\t\t\t<div class=\"elementor-widget-container\">\n\t\t\t\t\t\t\t<ol start=\"3\">\n<li><strong><em>VANTAGENS DAS INTERVEN\u00c7\u00d5ES DE ENGENHARIA NATURAL<\/em><\/strong><\/li>\n<\/ol>\n<ul>\n<li>Curvas de desenvolvimento funcional mais dur\u00e1veis e sustent\u00e1veis devido \u00e0 capacidade de desenvolvimento e regenera\u00e7\u00e3o das plantas e das associa\u00e7\u00f5es vegetais.<\/li>\n<li>Possibilidade de instala\u00e7\u00e3o de uma comunidade vegetal correspondente a um est\u00e1dio mais desenvolvido da sucess\u00e3o vegetal.<\/li>\n<li>Aumento da estabilidade com o desenvolvimento das plantas.<\/li>\n<li>Rec\u00e7\u00e3o positiva \u00e0s perturba\u00e7\u00f5es devido \u00e0 capacidade natural de adapta\u00e7\u00e3o das plantas.<\/li>\n<li>Adapta\u00e7\u00e3o das plantas \u00e0s for\u00e7as nelas atuantes devido \u00e0 sua elasticidade, resist\u00eancia ao arranquio e estabelecimento de novos padr\u00f5es sucessionais.<\/li>\n<li>A\u00e7\u00e3o estruturante das plantas.<\/li>\n<li>Aumento da biodiversidade e das fun\u00e7\u00f5es de habitat (ecologia).<\/li>\n<li>Melhoria da qualidade visual (est\u00e1tica da paisagem).<\/li>\n<li>Favorecimento de factores socio-econ\u00f3micos (turismo, recreio).<\/li>\n<li>Medidas com impacto reduzido, baixo consumo energ\u00e9tico e capazes de potenciarem o desenvolvimento aut\u00f3nomo dos sistemas naturais.<\/li>\n<\/ul>\n<p>Atrav\u00e9s do uso generalizado de material vegetal de origem local, assim como de variedades espont\u00e2neas locais em detrimento de variedades modificadas de origem estranha ao local de interven\u00e7\u00e3o, obt\u00eam-se diversos efeitos positivos:<\/p>\n<ul>\n<li>Efeito dur\u00e1vel e bem sucedido de consolida\u00e7\u00e3o devido \u00e0 integra\u00e7\u00e3o otimizada no ecossistema, melhor adapta\u00e7\u00e3o a condi\u00e7\u00f5es locais extremas e a particularidades clim\u00e1ticas e geol\u00f3gicas locais e regionais.<\/li>\n<li>Potencial mais significativo de desenvolvimento de associa\u00e7\u00f5es vegetais adequadas \u00e0s caracter\u00edsticas locais.<\/li>\n<li>Melhor e mais sustent\u00e1vel enquadramento nos processos e sistemas naturais.<\/li>\n<li>Melhor rela\u00e7\u00e3o custo-benef\u00edcio e melhor rentabilidade.<\/li>\n<\/ul>\t\t\t\t\t\t<\/div>\n\t\t\t\t<\/div>\n\t\t\t\t\t<\/div>\n\t\t<\/div>\n\t\t\t\t\t<\/div>\n\t\t<\/section>\n\t\t\t\t<section class=\"elementor-section elementor-top-section elementor-element elementor-element-09bde8d elementor-section-boxed elementor-section-height-default elementor-section-height-default\" data-id=\"09bde8d\" data-element_type=\"section\">\n\t\t\t\t\t\t<div class=\"elementor-container elementor-column-gap-default\">\n\t\t\t\t\t<div class=\"elementor-column elementor-col-100 elementor-top-column elementor-element elementor-element-78f0c9b\" data-id=\"78f0c9b\" data-element_type=\"column\">\n\t\t\t<div class=\"elementor-widget-wrap elementor-element-populated\">\n\t\t\t\t\t\t<div class=\"elementor-element elementor-element-541d5e4 elementor-widget elementor-widget-text-editor\" data-id=\"541d5e4\" data-element_type=\"widget\" data-widget_type=\"text-editor.default\">\n\t\t\t\t<div class=\"elementor-widget-container\">\n\t\t\t\t\t\t\t<ol start=\"4\">\n<li><strong><em>LIMITES DA ENGENHARIA NATURAL<\/em><\/strong><\/li>\n<\/ol>\n<p>Correspondem aos limites de aplica\u00e7\u00e3o da Engenharia Natural em que as capacidades t\u00e9cnicas, biol\u00f3gicas e funcionais das plantas s\u00e3o insuficientes para os objetivos em vista, como \u00e9 o caso de:<\/p>\n<ul>\n<li>As for\u00e7as mec\u00e2nicas envolvidas s\u00e3o superiores \u00e0 capacidade de resist\u00eancia das plantas e forma\u00e7\u00f5es vegetais;<\/li>\n<li>A profundidade do enraizamento das plantas \u00e9 insuficiente para a consolida\u00e7\u00e3o de uma encosta ou talude;<\/li>\n<li>As condi\u00e7\u00f5es de germina\u00e7\u00e3o e estabelecimento da vegeta\u00e7\u00e3o s\u00e3o t\u00e3o dif\u00edceis que, mesmo com a ajuda de materiais complementares, n\u00e3o \u00e9 poss\u00edvel a instala\u00e7\u00e3o de uma cobertura vegetal adequada;<\/li>\n<li>Uma manuten\u00e7\u00e3o inadequada conduz \u00e0 modifica\u00e7\u00e3o das condi\u00e7\u00f5es locais, determinando condi\u00e7\u00f5es adversas \u00e0 consolida\u00e7\u00e3o e seguran\u00e7a dos terrenos e ao controle do escoamento fluvial.<\/li>\n<li>Sazonalidade das interven\u00e7\u00f5es. Os trabalhos construtivos que impliquem a introdu\u00e7\u00e3o de plantas devem ser realizados nas esta\u00e7\u00f5es em que a mesma se encontra no estado vegetativo adequado (per\u00edodo de repouso vegetativo), e tamb\u00e9m quando as caracter\u00edsticas clim\u00e1ticas locais s\u00e3o favor\u00e1veis ao enraizamento das plantas.<\/li>\n<\/ul>\t\t\t\t\t\t<\/div>\n\t\t\t\t<\/div>\n\t\t\t\t\t<\/div>\n\t\t<\/div>\n\t\t\t\t\t<\/div>\n\t\t<\/section>\n\t\t\t\t<section class=\"elementor-section elementor-top-section elementor-element elementor-element-0b58858 elementor-section-boxed elementor-section-height-default elementor-section-height-default\" data-id=\"0b58858\" data-element_type=\"section\">\n\t\t\t\t\t\t<div class=\"elementor-container elementor-column-gap-default\">\n\t\t\t\t\t<div class=\"elementor-column elementor-col-100 elementor-top-column elementor-element elementor-element-0af07b3\" data-id=\"0af07b3\" data-element_type=\"column\">\n\t\t\t<div class=\"elementor-widget-wrap elementor-element-populated\">\n\t\t\t\t\t\t<div class=\"elementor-element elementor-element-986e213 elementor-widget elementor-widget-text-editor\" data-id=\"986e213\" data-element_type=\"widget\" data-widget_type=\"text-editor.default\">\n\t\t\t\t<div class=\"elementor-widget-container\">\n\t\t\t\t\t\t\t<ol start=\"5\">\n<li><strong><em>EXEMPLO DE UMA OBRA DE ENGENHARIA NATURAL<\/em><\/strong><\/li>\n<\/ol>\t\t\t\t\t\t<\/div>\n\t\t\t\t<\/div>\n\t\t\t\t\t<\/div>\n\t\t<\/div>\n\t\t\t\t\t<\/div>\n\t\t<\/section>\n\t\t\t\t<section class=\"elementor-section elementor-top-section elementor-element elementor-element-1f3e423 elementor-section-boxed elementor-section-height-default elementor-section-height-default\" data-id=\"1f3e423\" data-element_type=\"section\">\n\t\t\t\t\t\t<div class=\"elementor-container elementor-column-gap-default\">\n\t\t\t\t\t<div class=\"elementor-column elementor-col-100 elementor-top-column elementor-element elementor-element-c7cbfe8\" data-id=\"c7cbfe8\" data-element_type=\"column\">\n\t\t\t<div class=\"elementor-widget-wrap elementor-element-populated\">\n\t\t\t\t\t\t<div class=\"elementor-element elementor-element-d8a64e0 elementor-widget elementor-widget-image\" data-id=\"d8a64e0\" data-element_type=\"widget\" data-widget_type=\"image.default\">\n\t\t\t\t<div class=\"elementor-widget-container\">\n\t\t\t\t\t\t\t\t\t\t\t\t\t<img fetchpriority=\"high\" decoding=\"async\" width=\"1024\" height=\"713\" src=\"https:\/\/www.ufsm.br\/app\/uploads\/sites\/848\/2020\/12\/Pardinho-1024x713.png\" class=\"attachment-large size-large wp-image-50\" alt=\"\" srcset=\"https:\/\/www.ufsm.br\/app\/uploads\/sites\/848\/2020\/12\/Pardinho-1024x713.png 1024w, https:\/\/www.ufsm.br\/app\/uploads\/sites\/848\/2020\/12\/Pardinho-300x209.png 300w, https:\/\/www.ufsm.br\/app\/uploads\/sites\/848\/2020\/12\/Pardinho-768x535.png 768w, https:\/\/www.ufsm.br\/app\/uploads\/sites\/848\/2020\/12\/Pardinho.png 1369w\" sizes=\"(max-width: 1024px) 100vw, 1024px\" \/>\t\t\t\t\t\t\t\t\t\t\t\t\t<\/div>\n\t\t\t\t<\/div>\n\t\t\t\t\t<\/div>\n\t\t<\/div>\n\t\t\t\t\t<\/div>\n\t\t<\/section>\n\t\t\t\t<\/div>\n\t\t","protected":false},"excerpt":{"rendered":"<p>Hist\u00f3rico A infraestrutura do Laborat\u00f3rio de Engenharia Natural foi executada com financiamento do Cenpes\/Petrobras, por meio de projetos de pesquisa apoiados pela Ag\u00eancia Nacional do Petr\u00f3leo (ANP). O grupo tem por objetivo promover pesquisas relacionadas com a aplica\u00e7\u00e3o e desenvolvimento da Engenharia Natural em \u00e2mbito brasileiro, nomeadamente estudos relativos ao emprego e desenvolvimento de solu\u00e7\u00f5es [&hellip;]<\/p>\n","protected":false},"author":867,"featured_media":0,"parent":0,"menu_order":0,"comment_status":"closed","ping_status":"closed","template":"","meta":{"footnotes":""},"categories":[],"tags":[],"class_list":["post-54","page","type-page","status-publish","hentry"],"acf":[],"_links":{"self":[{"href":"https:\/\/www.ufsm.br\/laboratorios\/laben\/wp-json\/wp\/v2\/pages\/54","targetHints":{"allow":["GET"]}}],"collection":[{"href":"https:\/\/www.ufsm.br\/laboratorios\/laben\/wp-json\/wp\/v2\/pages"}],"about":[{"href":"https:\/\/www.ufsm.br\/laboratorios\/laben\/wp-json\/wp\/v2\/types\/page"}],"author":[{"embeddable":true,"href":"https:\/\/www.ufsm.br\/laboratorios\/laben\/wp-json\/wp\/v2\/users\/867"}],"replies":[{"embeddable":true,"href":"https:\/\/www.ufsm.br\/laboratorios\/laben\/wp-json\/wp\/v2\/comments?post=54"}],"version-history":[{"count":0,"href":"https:\/\/www.ufsm.br\/laboratorios\/laben\/wp-json\/wp\/v2\/pages\/54\/revisions"}],"wp:attachment":[{"href":"https:\/\/www.ufsm.br\/laboratorios\/laben\/wp-json\/wp\/v2\/media?parent=54"}],"wp:term":[{"taxonomy":"category","embeddable":true,"href":"https:\/\/www.ufsm.br\/laboratorios\/laben\/wp-json\/wp\/v2\/categories?post=54"},{"taxonomy":"post_tag","embeddable":true,"href":"https:\/\/www.ufsm.br\/laboratorios\/laben\/wp-json\/wp\/v2\/tags?post=54"}],"curies":[{"name":"wp","href":"https:\/\/api.w.org\/{rel}","templated":true}]}}