{"id":22,"date":"2019-05-14T17:01:42","date_gmt":"2019-05-14T20:01:42","guid":{"rendered":"https:\/\/www.ufsm.br\/template-laboratprio\/?page_id=22"},"modified":"2020-12-03T13:44:02","modified_gmt":"2020-12-03T16:44:02","slug":"informacoes-gerais","status":"publish","type":"page","link":"https:\/\/www.ufsm.br\/laboratorios\/labfala\/informacoes-gerais","title":{"rendered":"Sobre"},"content":{"rendered":"\n<p><img fetchpriority=\"high\" decoding=\"async\" class=\"wp-image-63 alignleft\" src=\"https:\/\/www.ufsm.br\/app\/uploads\/sites\/847\/2020\/11\/95c00cd3215f39d46ac697ff43c36cd4-300x192.jpg\" alt=\"\" width=\"281\" height=\"180\" srcset=\"https:\/\/www.ufsm.br\/app\/uploads\/sites\/847\/2020\/11\/95c00cd3215f39d46ac697ff43c36cd4-300x192.jpg 300w, https:\/\/www.ufsm.br\/app\/uploads\/sites\/847\/2020\/11\/95c00cd3215f39d46ac697ff43c36cd4.jpg 350w\" sizes=\"(max-width: 281px) 100vw, 281px\" \/>O Laborat\u00f3rio de Fala&nbsp;<strong>(LABFALA)<\/strong> \u00e9 um \u00f3rg\u00e3o suplementar do Curso de Fonoaudiologia, o qual foi criado com o intuito de realiza\u00e7\u00e3o de ensino, pesquisa e extens\u00e3o. S\u00e3o desenvolvidos diversos estudos e atendimentos ao p\u00fablico, contando com a participa\u00e7\u00e3o de alunos de gradua\u00e7\u00e3o e p\u00f3s-gradua\u00e7\u00e3o. O trabalho \u00e9 desenvolvido no Servi\u00e7o de Atendimento Fonoaudiol\u00f3gico (SAF), no pr\u00e9dio de apoio da UFSM, localizado no centro da cidade de Santa Maria-RS, sob orienta\u00e7\u00e3o&nbsp;das professoras&nbsp; M\u00e1rcia Keske-Soares e&nbsp;Karina Pagliarin.&nbsp;Est\u00e1 equipado com os seguintes instrumentos: Nas\u00f4metro II Modelo 4500, Ultrassom<img decoding=\"async\" class=\"wp-image-98 alignleft\" src=\"https:\/\/www.ufsm.br\/app\/uploads\/sites\/847\/2020\/12\/LABFALA.png\" alt=\"\" width=\"183\" height=\"89\"> MindRay Modelo DP6600, software de an\u00e1lise articulat\u00f3ria Articulate Assistant Advanced, Eletroglot\u00f3grafo, Computerized Speech Lab, MultiSpeech, MotorSpeech, SonaSpeech, Phonatory Aerodynamic System e Eletropalat\u00f3grafo WinEPG System.<\/p>\n<p>&nbsp;<\/p>\n","protected":false},"excerpt":{"rendered":"<p>O Laborat\u00f3rio de Fala&nbsp;(LABFALA) \u00e9 um \u00f3rg\u00e3o suplementar do Curso de Fonoaudiologia, o qual foi criado com o intuito de realiza\u00e7\u00e3o de ensino, pesquisa e extens\u00e3o. S\u00e3o desenvolvidos diversos estudos e atendimentos ao p\u00fablico, contando com a participa\u00e7\u00e3o de alunos de gradua\u00e7\u00e3o e p\u00f3s-gradua\u00e7\u00e3o. O trabalho \u00e9 desenvolvido no Servi\u00e7o de Atendimento Fonoaudiol\u00f3gico (SAF), no [&hellip;]<\/p>\n","protected":false},"author":8,"featured_media":0,"parent":0,"menu_order":0,"comment_status":"closed","ping_status":"closed","template":"","meta":{"footnotes":""},"categories":[],"tags":[],"class_list":["post-22","page","type-page","status-publish","hentry"],"acf":[],"_links":{"self":[{"href":"https:\/\/www.ufsm.br\/laboratorios\/labfala\/wp-json\/wp\/v2\/pages\/22","targetHints":{"allow":["GET"]}}],"collection":[{"href":"https:\/\/www.ufsm.br\/laboratorios\/labfala\/wp-json\/wp\/v2\/pages"}],"about":[{"href":"https:\/\/www.ufsm.br\/laboratorios\/labfala\/wp-json\/wp\/v2\/types\/page"}],"author":[{"embeddable":true,"href":"https:\/\/www.ufsm.br\/laboratorios\/labfala\/wp-json\/wp\/v2\/users\/8"}],"replies":[{"embeddable":true,"href":"https:\/\/www.ufsm.br\/laboratorios\/labfala\/wp-json\/wp\/v2\/comments?post=22"}],"version-history":[{"count":0,"href":"https:\/\/www.ufsm.br\/laboratorios\/labfala\/wp-json\/wp\/v2\/pages\/22\/revisions"}],"wp:attachment":[{"href":"https:\/\/www.ufsm.br\/laboratorios\/labfala\/wp-json\/wp\/v2\/media?parent=22"}],"wp:term":[{"taxonomy":"category","embeddable":true,"href":"https:\/\/www.ufsm.br\/laboratorios\/labfala\/wp-json\/wp\/v2\/categories?post=22"},{"taxonomy":"post_tag","embeddable":true,"href":"https:\/\/www.ufsm.br\/laboratorios\/labfala\/wp-json\/wp\/v2\/tags?post=22"}],"curies":[{"name":"wp","href":"https:\/\/api.w.org\/{rel}","templated":true}]}}

<p><img fetchpriority="high" decoding="async" class="wp-image-63 alignleft" src="https://www.ufsm.br/app/uploads/sites/847/2020/11/95c00cd3215f39d46ac697ff43c36cd4-300x192.jpg" alt="" width="281" height="180" srcset="https://www.ufsm.br/app/uploads/sites/847/2020/11/95c00cd3215f39d46ac697ff43c36cd4-300x192.jpg 300w, https://www.ufsm.br/app/uploads/sites/847/2020/11/95c00cd3215f39d46ac697ff43c36cd4.jpg 350w" sizes="(max-width: 281px) 100vw, 281px" />O Laboratório de Fala&nbsp;<strong>(LABFALA)</strong> é um órgão suplementar do Curso de Fonoaudiologia, o qual foi criado com o intuito de realização de ensino, pesquisa e extensão. São desenvolvidos diversos estudos e atendimentos ao público, contando com a participação de alunos de graduação e pós-graduação. O trabalho é desenvolvido no Serviço de Atendimento Fonoaudiológico (SAF), no prédio de apoio da UFSM, localizado no centro da cidade de Santa Maria-RS, sob orientação&nbsp;das professoras&nbsp; Márcia Keske-Soares e&nbsp;Karina Pagliarin.&nbsp;Está equipado com os seguintes instrumentos: Nasômetro II Modelo 4500, Ultrassom<img decoding="async" class="wp-image-98 alignleft" src="https://www.ufsm.br/app/uploads/sites/847/2020/12/LABFALA.png" alt="" width="183" height="89"> MindRay Modelo DP6600, software de análise articulatória Articulate Assistant Advanced, Eletroglotógrafo, Computerized Speech Lab, MultiSpeech, MotorSpeech, SonaSpeech, Phonatory Aerodynamic System e Eletropalatógrafo WinEPG System.</p>
<p>&nbsp;</p>

<p>O Laboratório de Fala&nbsp;(LABFALA) é um órgão suplementar do Curso de Fonoaudiologia, o qual foi criado com o intuito de realização de ensino, pesquisa e extensão. São desenvolvidos diversos estudos e atendimentos ao público, contando com a participação de alunos de graduação e pós-graduação. O trabalho é desenvolvido no Serviço de Atendimento Fonoaudiológico (SAF), no [&hellip;]</p>
