{"id":45,"date":"2019-07-30T14:06:51","date_gmt":"2019-07-30T17:06:51","guid":{"rendered":"https:\/\/www.ufsm.br\/laboratorios\/labhidrogeo\/?page_id=45"},"modified":"2019-07-30T14:11:59","modified_gmt":"2019-07-30T17:11:59","slug":"disciplinas","status":"publish","type":"page","link":"https:\/\/www.ufsm.br\/laboratorios\/labhidrogeo\/disciplinas","title":{"rendered":"Disciplinas"},"content":{"rendered":"\n<h4>Disciplinas ministradas na gradua\u00e7\u00e3o<\/h4>\n<p><a href=\"https:\/\/www.ufsm.br\/laboratorios\/labhidrogeo\/wp-content\/uploads\/sites\/643\/2019\/07\/GEOQUIMICA.pdf\">GCC156 Geoqu\u00edmica de Superf\u00edcie<\/a><\/p>\n<p><a href=\"https:\/\/www.ufsm.br\/laboratorios\/labhidrogeo\/wp-content\/uploads\/sites\/643\/2019\/07\/TRABALHOCI.pdf\">GCC171 Trabalho de Campo Integrado I<\/a><\/p>\n<p><a href=\"https:\/\/www.ufsm.br\/laboratorios\/labhidrogeo\/wp-content\/uploads\/sites\/643\/2019\/07\/TRABALHOCII.pdf\">GCC175 Trabalho de Campo Integrado II<\/a><\/p>\n<p><a href=\"https:\/\/www.ufsm.br\/laboratorios\/labhidrogeo\/wp-content\/uploads\/sites\/643\/2019\/07\/TRABALHOCIII.pdf\">GCC179 Trabalho de Campo Integrado III<\/a><\/p>\n<p><a href=\"https:\/\/www.ufsm.br\/laboratorios\/labhidrogeo\/wp-content\/uploads\/sites\/643\/2019\/07\/TGI.pdf\">GCC178 Trabalho de Gradua\u00e7\u00e3o de Bacharelado I<\/a><\/p>\n<p><a href=\"https:\/\/www.ufsm.br\/laboratorios\/labhidrogeo\/wp-content\/uploads\/sites\/643\/2019\/07\/TGII.pdf\">GCC181 Trabalho de Gradua\u00e7\u00e3o de Bacharelado II<\/a><\/p>\n<p><a href=\"https:\/\/www.ufsm.br\/laboratorios\/labhidrogeo\/wp-content\/uploads\/sites\/643\/2019\/07\/Geo_A_Eng.pdf\">GCC1005 Geologia Aplicada \u00e0 Engenharia (Programa)<\/a><\/p>\n<p><a href=\"https:\/\/www.ufsm.br\/laboratorios\/labhidrogeo\/wp-content\/uploads\/sites\/643\/2019\/07\/Geo_A_EngB.pdf\">GCC1005 Geologia Aplicada a Engenharia (Bibliografia)<\/a><\/p>\n<p><a href=\"https:\/\/www.ufsm.br\/laboratorios\/labhidrogeo\/wp-content\/uploads\/sites\/643\/2019\/07\/Geologia_EF.pdf\">GCC1006 Geologia (Programa)<\/a><\/p>\n<h6>Disciplinas ministradas na P\u00f3s-gradua\u00e7\u00e3o<\/h6>\n<h6>Programa de P\u00f3s-Gradua\u00e7\u00e3o em Engenharia Civil &#8211; Mestrado\/PPGEC &#8211; CT &#8211; UFSM<\/h6>\n<p><a href=\"https:\/\/www.ufsm.br\/laboratorios\/labhidrogeo\/wp-content\/uploads\/sites\/643\/2019\/07\/HDS_TOPICOS.pdf\">HDS 809 &#8211; T\u00f3picos Especiais em Recursos H\u00eddricos\/ Mestrado Engenharia Civil<\/a><\/p>\n<p><a href=\"https:\/\/www.ufsm.br\/cursos\/pos-graduacao\/santa-maria\/ppgec\/\">p\u00e1gina do PPGEC na internet<\/a><\/p>\n<h6>Programa de P\u00f3s-Gradua\u00e7\u00e3o em Geografia e Geoci\u00eancias &#8211; Especializa\u00e7\u00e3o e Mestrado\/PPGGEO &#8211; CCNE &#8211; UFSM<\/h6>\n<p>GCC 850 &#8211; Gest\u00e3o de Recursos H\u00eddricos Subterr\u00e2neos<\/p>\n<p><a href=\"http:\/\/www.ufsm.br\/ppggeo\/\">p\u00e1gina do PPGGEO na internet<\/a><\/p>\n<p><a href=\"http:\/\/www.ufsm.br\/depgeo\/\">p\u00e1gina do Departamento de Geoci\u00eancias<\/a><\/p>\n<p>\u00a0<\/p>\n","protected":false},"excerpt":{"rendered":"<p>Disciplinas ministradas na gradua\u00e7\u00e3o GCC156 Geoqu\u00edmica de Superf\u00edcie GCC171 Trabalho de Campo Integrado I GCC175 Trabalho de Campo Integrado II GCC179 Trabalho de Campo Integrado III GCC178 Trabalho de Gradua\u00e7\u00e3o de Bacharelado I GCC181 Trabalho de Gradua\u00e7\u00e3o de Bacharelado II GCC1005 Geologia Aplicada \u00e0 Engenharia (Programa) GCC1005 Geologia Aplicada a Engenharia (Bibliografia) GCC1006 Geologia (Programa) [&hellip;]<\/p>\n","protected":false},"author":115,"featured_media":0,"parent":0,"menu_order":0,"comment_status":"closed","ping_status":"closed","template":"","meta":{"footnotes":""},"categories":[],"tags":[],"class_list":["post-45","page","type-page","status-publish","hentry"],"acf":[],"_links":{"self":[{"href":"https:\/\/www.ufsm.br\/laboratorios\/labhidrogeo\/wp-json\/wp\/v2\/pages\/45","targetHints":{"allow":["GET"]}}],"collection":[{"href":"https:\/\/www.ufsm.br\/laboratorios\/labhidrogeo\/wp-json\/wp\/v2\/pages"}],"about":[{"href":"https:\/\/www.ufsm.br\/laboratorios\/labhidrogeo\/wp-json\/wp\/v2\/types\/page"}],"author":[{"embeddable":true,"href":"https:\/\/www.ufsm.br\/laboratorios\/labhidrogeo\/wp-json\/wp\/v2\/users\/115"}],"replies":[{"embeddable":true,"href":"https:\/\/www.ufsm.br\/laboratorios\/labhidrogeo\/wp-json\/wp\/v2\/comments?post=45"}],"version-history":[{"count":0,"href":"https:\/\/www.ufsm.br\/laboratorios\/labhidrogeo\/wp-json\/wp\/v2\/pages\/45\/revisions"}],"wp:attachment":[{"href":"https:\/\/www.ufsm.br\/laboratorios\/labhidrogeo\/wp-json\/wp\/v2\/media?parent=45"}],"wp:term":[{"taxonomy":"category","embeddable":true,"href":"https:\/\/www.ufsm.br\/laboratorios\/labhidrogeo\/wp-json\/wp\/v2\/categories?post=45"},{"taxonomy":"post_tag","embeddable":true,"href":"https:\/\/www.ufsm.br\/laboratorios\/labhidrogeo\/wp-json\/wp\/v2\/tags?post=45"}],"curies":[{"name":"wp","href":"https:\/\/api.w.org\/{rel}","templated":true}]}}