{"id":22,"date":"2019-05-14T17:01:42","date_gmt":"2019-05-14T20:01:42","guid":{"rendered":"https:\/\/www.ufsm.br\/template-laboratprio\/?page_id=22"},"modified":"2019-07-22T14:50:30","modified_gmt":"2019-07-22T17:50:30","slug":"informacoes-gerais","status":"publish","type":"page","link":"https:\/\/www.ufsm.br\/laboratorios\/labinfo\/informacoes-gerais","title":{"rendered":"Sobre"},"content":{"rendered":"\n<p style=\"border: 0px;font-family: 'Helvetica Neue', Helvetica, Arial, 'Lucida Grande', sans-serif;font-size: 16px;padding: 0px;vertical-align: baseline;color: #666666;background-color: #fcfcfc\">O Projeto Labinfo PRAE\/CPD oferece \u00e0 comunidade acad\u00eamica a oportunidade de acesso gratuito \u00e0 dois laborat\u00f3rios de inform\u00e1tica, objetivando a oferta de\u00a0cursos de qualifica\u00e7\u00e3o aos acad\u00eamicos da UFSM e lhes\u00a0auxiliando nas atividades did\u00e1ticas.<\/p>\n<h4 style=\"border: 0px;font-family: 'Helvetica Neue', Helvetica, Arial, 'Lucida Grande', sans-serif;font-size: 1.4em;font-weight: 500;margin-top: 1em;margin-bottom: 1em;padding: 0px;vertical-align: baseline;clear: both;color: #444444;background-color: #fcfcfc\">Miss\u00e3o<\/h4>\n<p style=\"border: 0px;font-family: 'Helvetica Neue', Helvetica, Arial, 'Lucida Grande', sans-serif;font-size: 16px;padding: 0px;vertical-align: baseline;color: #666666;background-color: #fcfcfc\">Servir de instrumento de isonomia de acesso ao conhecimento e das novas tecnologias aos estudantes de todas as texturas sociais.<\/p>\n<h4 style=\"border: 0px;font-family: 'Helvetica Neue', Helvetica, Arial, 'Lucida Grande', sans-serif;font-size: 1.4em;font-weight: 500;margin-top: 1em;margin-bottom: 1em;padding: 0px;vertical-align: baseline;clear: both;color: #444444;background-color: #fcfcfc\">Valores<\/h4>\n<p style=\"border: 0px;font-family: 'Helvetica Neue', Helvetica, Arial, 'Lucida Grande', sans-serif;font-size: 16px;margin-bottom: 1em;padding: 0px;vertical-align: baseline;color: #666666;background-color: #fcfcfc\">Valoriza\u00e7\u00e3o dos princ\u00edpios fundamentais de cidadania e esp\u00edrito universit\u00e1rio.<\/p>\n","protected":false},"excerpt":{"rendered":"<p>O Projeto Labinfo PRAE\/CPD oferece \u00e0 comunidade acad\u00eamica a oportunidade de acesso gratuito \u00e0 dois laborat\u00f3rios de inform\u00e1tica, objetivando a oferta de\u00a0cursos de qualifica\u00e7\u00e3o aos acad\u00eamicos da UFSM e lhes\u00a0auxiliando nas atividades did\u00e1ticas. Miss\u00e3o Servir de instrumento de isonomia de acesso ao conhecimento e das novas tecnologias aos estudantes de todas as texturas sociais. Valores [&hellip;]<\/p>\n","protected":false},"author":124,"featured_media":0,"parent":0,"menu_order":0,"comment_status":"closed","ping_status":"closed","template":"","meta":{"footnotes":""},"categories":[],"tags":[],"class_list":["post-22","page","type-page","status-publish","hentry"],"acf":[],"_links":{"self":[{"href":"https:\/\/www.ufsm.br\/laboratorios\/labinfo\/wp-json\/wp\/v2\/pages\/22","targetHints":{"allow":["GET"]}}],"collection":[{"href":"https:\/\/www.ufsm.br\/laboratorios\/labinfo\/wp-json\/wp\/v2\/pages"}],"about":[{"href":"https:\/\/www.ufsm.br\/laboratorios\/labinfo\/wp-json\/wp\/v2\/types\/page"}],"author":[{"embeddable":true,"href":"https:\/\/www.ufsm.br\/laboratorios\/labinfo\/wp-json\/wp\/v2\/users\/124"}],"replies":[{"embeddable":true,"href":"https:\/\/www.ufsm.br\/laboratorios\/labinfo\/wp-json\/wp\/v2\/comments?post=22"}],"version-history":[{"count":0,"href":"https:\/\/www.ufsm.br\/laboratorios\/labinfo\/wp-json\/wp\/v2\/pages\/22\/revisions"}],"wp:attachment":[{"href":"https:\/\/www.ufsm.br\/laboratorios\/labinfo\/wp-json\/wp\/v2\/media?parent=22"}],"wp:term":[{"taxonomy":"category","embeddable":true,"href":"https:\/\/www.ufsm.br\/laboratorios\/labinfo\/wp-json\/wp\/v2\/categories?post=22"},{"taxonomy":"post_tag","embeddable":true,"href":"https:\/\/www.ufsm.br\/laboratorios\/labinfo\/wp-json\/wp\/v2\/tags?post=22"}],"curies":[{"name":"wp","href":"https:\/\/api.w.org\/{rel}","templated":true}]}}