{"id":1508,"date":"2024-03-23T21:25:16","date_gmt":"2024-03-24T00:25:16","guid":{"rendered":"https:\/\/www.ufsm.br\/laboratorios\/labinter\/?page_id=1508"},"modified":"2024-03-23T22:50:56","modified_gmt":"2024-03-24T01:50:56","slug":"cyberfaces","status":"publish","type":"page","link":"https:\/\/www.ufsm.br\/laboratorios\/labinter\/projetos\/cyberfaces","title":{"rendered":"CyberFaces"},"content":{"rendered":"\t\t<div data-elementor-type=\"wp-page\" data-elementor-id=\"1508\" class=\"elementor elementor-1508\">\n\t\t\t\t\t\t<section class=\"elementor-section elementor-top-section elementor-element elementor-element-7c328f4 elementor-section-boxed elementor-section-height-default elementor-section-height-default\" data-id=\"7c328f4\" data-element_type=\"section\">\n\t\t\t\t\t\t<div class=\"elementor-container elementor-column-gap-default\">\n\t\t\t\t\t<div class=\"elementor-column elementor-col-100 elementor-top-column elementor-element elementor-element-9eb4ade\" data-id=\"9eb4ade\" data-element_type=\"column\">\n\t\t\t<div class=\"elementor-widget-wrap elementor-element-populated\">\n\t\t\t\t\t\t<div class=\"elementor-element elementor-element-489d3b5 elementor-widget elementor-widget-text-editor\" data-id=\"489d3b5\" data-element_type=\"widget\" data-widget_type=\"text-editor.default\">\n\t\t\t\t<div class=\"elementor-widget-container\">\n\t\t\t\t\t\t\t<div dir=\"auto\" style=\"text-align: justify\">CyberFaces (2023) \u00e9 uma instala\u00e7\u00e3o interativa que, ao usar a intelig\u00eancia artificial para reconhecimento facial, problematiza quest\u00f5es de vigil\u00e2ncia, captura de imagens e privacidade. A partir de uma IA treinada para reconhecer faces, ocorre a captura do rosto dos interatores de duas maneiras: atrav\u00e9s de uma m\u00e1scara que cobre os rostos e, ao mesmo tempo, do armazenamentos destes em um mosaico, sendo projetados publicamente. Juntamente com a captura dos rostos, h\u00e1 frases que aparecem ao redor do interator, e remetem aos di\u00e1logos com as m\u00e1quinas, tendo uma varia\u00e7\u00e3o de acordo com as dist\u00e2ncias: longe, cor vermelha, perigo; pr\u00f3ximo, cor amarela, aten\u00e7\u00e3o; perto, cor verde, seguran\u00e7a. H\u00e1 uma captura n\u00e3o apenas de rostos, mas tamb\u00e9m de subjetividades nestes agenciamentos humanos-m\u00e1quinas.<\/div><div dir=\"auto\" style=\"text-align: justify\">\u00a0<\/div><div dir=\"auto\" style=\"text-align: justify\">LabInter (Brasil) &#8211; Andreia Oliveira, Alisson Costa Schmidt, Everton Rodrigues Santos, Leonardo Prietto Burmann, Matheus Moreno<\/div>\t\t\t\t\t\t<\/div>\n\t\t\t\t<\/div>\n\t\t\t\t\t<\/div>\n\t\t<\/div>\n\t\t\t\t\t<\/div>\n\t\t<\/section>\n\t\t\t\t<section class=\"elementor-section elementor-top-section elementor-element elementor-element-7b8e2ab elementor-section-boxed elementor-section-height-default elementor-section-height-default\" data-id=\"7b8e2ab\" data-element_type=\"section\">\n\t\t\t\t\t\t<div class=\"elementor-container elementor-column-gap-default\">\n\t\t\t\t\t<div class=\"elementor-column elementor-col-50 elementor-top-column elementor-element elementor-element-89aee66\" data-id=\"89aee66\" data-element_type=\"column\">\n\t\t\t<div class=\"elementor-widget-wrap elementor-element-populated\">\n\t\t\t\t\t\t<div class=\"elementor-element elementor-element-ca2ddc3 elementor-widget elementor-widget-image\" data-id=\"ca2ddc3\" data-element_type=\"widget\" data-widget_type=\"image.default\">\n\t\t\t\t<div class=\"elementor-widget-container\">\n\t\t\t\t\t\t\t\t\t\t\t\t\t<img fetchpriority=\"high\" decoding=\"async\" width=\"1024\" height=\"683\" src=\"https:\/\/www.ufsm.br\/app\/uploads\/sites\/814\/2024\/03\/CyberFaces-01-1024x683.jpg\" class=\"attachment-large size-large wp-image-1509\" alt=\"\" srcset=\"https:\/\/www.ufsm.br\/app\/uploads\/sites\/814\/2024\/03\/CyberFaces-01-1024x683.jpg 1024w, https:\/\/www.ufsm.br\/app\/uploads\/sites\/814\/2024\/03\/CyberFaces-01-300x200.jpg 300w, https:\/\/www.ufsm.br\/app\/uploads\/sites\/814\/2024\/03\/CyberFaces-01-768x512.jpg 768w, https:\/\/www.ufsm.br\/app\/uploads\/sites\/814\/2024\/03\/CyberFaces-01-272x182.jpg 272w, https:\/\/www.ufsm.br\/app\/uploads\/sites\/814\/2024\/03\/CyberFaces-01.jpg 1500w\" sizes=\"(max-width: 1024px) 100vw, 1024px\" \/>\t\t\t\t\t\t\t\t\t\t\t\t\t<\/div>\n\t\t\t\t<\/div>\n\t\t\t\t<div class=\"elementor-element elementor-element-48f1e30 elementor-widget elementor-widget-image\" data-id=\"48f1e30\" data-element_type=\"widget\" data-widget_type=\"image.default\">\n\t\t\t\t<div class=\"elementor-widget-container\">\n\t\t\t\t\t\t\t\t\t\t\t\t\t<img decoding=\"async\" width=\"1024\" height=\"683\" src=\"https:\/\/www.ufsm.br\/app\/uploads\/sites\/814\/2024\/03\/CyberFaces-03-1024x683.jpg\" class=\"attachment-large size-large wp-image-1511\" alt=\"\" srcset=\"https:\/\/www.ufsm.br\/app\/uploads\/sites\/814\/2024\/03\/CyberFaces-03-1024x683.jpg 1024w, https:\/\/www.ufsm.br\/app\/uploads\/sites\/814\/2024\/03\/CyberFaces-03-300x200.jpg 300w, https:\/\/www.ufsm.br\/app\/uploads\/sites\/814\/2024\/03\/CyberFaces-03-768x512.jpg 768w, https:\/\/www.ufsm.br\/app\/uploads\/sites\/814\/2024\/03\/CyberFaces-03-272x182.jpg 272w, https:\/\/www.ufsm.br\/app\/uploads\/sites\/814\/2024\/03\/CyberFaces-03.jpg 1500w\" sizes=\"(max-width: 1024px) 100vw, 1024px\" \/>\t\t\t\t\t\t\t\t\t\t\t\t\t<\/div>\n\t\t\t\t<\/div>\n\t\t\t\t<div class=\"elementor-element elementor-element-e537adf elementor-widget elementor-widget-image\" data-id=\"e537adf\" data-element_type=\"widget\" data-widget_type=\"image.default\">\n\t\t\t\t<div class=\"elementor-widget-container\">\n\t\t\t\t\t\t\t\t\t\t\t\t\t<img decoding=\"async\" width=\"1024\" height=\"683\" src=\"https:\/\/www.ufsm.br\/app\/uploads\/sites\/814\/2024\/03\/CyberFaces-05-1024x683.jpg\" class=\"attachment-large size-large wp-image-1513\" alt=\"\" srcset=\"https:\/\/www.ufsm.br\/app\/uploads\/sites\/814\/2024\/03\/CyberFaces-05-1024x683.jpg 1024w, https:\/\/www.ufsm.br\/app\/uploads\/sites\/814\/2024\/03\/CyberFaces-05-300x200.jpg 300w, https:\/\/www.ufsm.br\/app\/uploads\/sites\/814\/2024\/03\/CyberFaces-05-768x512.jpg 768w, https:\/\/www.ufsm.br\/app\/uploads\/sites\/814\/2024\/03\/CyberFaces-05-272x182.jpg 272w, https:\/\/www.ufsm.br\/app\/uploads\/sites\/814\/2024\/03\/CyberFaces-05.jpg 1500w\" sizes=\"(max-width: 1024px) 100vw, 1024px\" \/>\t\t\t\t\t\t\t\t\t\t\t\t\t<\/div>\n\t\t\t\t<\/div>\n\t\t\t\t<div class=\"elementor-element elementor-element-ff70a20 elementor-widget elementor-widget-image\" data-id=\"ff70a20\" data-element_type=\"widget\" data-widget_type=\"image.default\">\n\t\t\t\t<div class=\"elementor-widget-container\">\n\t\t\t\t\t\t\t\t\t\t\t\t\t<img loading=\"lazy\" decoding=\"async\" width=\"1024\" height=\"683\" src=\"https:\/\/www.ufsm.br\/app\/uploads\/sites\/814\/2024\/03\/CyberFaces-07-1024x683.jpg\" class=\"attachment-large size-large wp-image-1515\" alt=\"\" srcset=\"https:\/\/www.ufsm.br\/app\/uploads\/sites\/814\/2024\/03\/CyberFaces-07-1024x683.jpg 1024w, https:\/\/www.ufsm.br\/app\/uploads\/sites\/814\/2024\/03\/CyberFaces-07-300x200.jpg 300w, https:\/\/www.ufsm.br\/app\/uploads\/sites\/814\/2024\/03\/CyberFaces-07-768x512.jpg 768w, https:\/\/www.ufsm.br\/app\/uploads\/sites\/814\/2024\/03\/CyberFaces-07-272x182.jpg 272w, https:\/\/www.ufsm.br\/app\/uploads\/sites\/814\/2024\/03\/CyberFaces-07.jpg 1500w\" sizes=\"(max-width: 1024px) 100vw, 1024px\" \/>\t\t\t\t\t\t\t\t\t\t\t\t\t<\/div>\n\t\t\t\t<\/div>\n\t\t\t\t<div class=\"elementor-element elementor-element-240769b elementor-widget elementor-widget-image\" data-id=\"240769b\" data-element_type=\"widget\" data-widget_type=\"image.default\">\n\t\t\t\t<div class=\"elementor-widget-container\">\n\t\t\t\t\t\t\t\t\t\t\t\t\t<img loading=\"lazy\" decoding=\"async\" width=\"1024\" height=\"683\" src=\"https:\/\/www.ufsm.br\/app\/uploads\/sites\/814\/2024\/03\/CyberFaces-09-1024x683.jpg\" class=\"attachment-large size-large wp-image-1517\" alt=\"\" srcset=\"https:\/\/www.ufsm.br\/app\/uploads\/sites\/814\/2024\/03\/CyberFaces-09-1024x683.jpg 1024w, https:\/\/www.ufsm.br\/app\/uploads\/sites\/814\/2024\/03\/CyberFaces-09-300x200.jpg 300w, https:\/\/www.ufsm.br\/app\/uploads\/sites\/814\/2024\/03\/CyberFaces-09-768x512.jpg 768w, https:\/\/www.ufsm.br\/app\/uploads\/sites\/814\/2024\/03\/CyberFaces-09-272x182.jpg 272w, https:\/\/www.ufsm.br\/app\/uploads\/sites\/814\/2024\/03\/CyberFaces-09.jpg 1500w\" sizes=\"(max-width: 1024px) 100vw, 1024px\" \/>\t\t\t\t\t\t\t\t\t\t\t\t\t<\/div>\n\t\t\t\t<\/div>\n\t\t\t\t<div class=\"elementor-element elementor-element-9bafcb9 elementor-widget elementor-widget-image\" data-id=\"9bafcb9\" data-element_type=\"widget\" data-widget_type=\"image.default\">\n\t\t\t\t<div class=\"elementor-widget-container\">\n\t\t\t\t\t\t\t\t\t\t\t\t\t<img loading=\"lazy\" decoding=\"async\" width=\"1024\" height=\"683\" src=\"https:\/\/www.ufsm.br\/app\/uploads\/sites\/814\/2024\/03\/CyberFaces-11-1024x683.jpg\" class=\"attachment-large size-large wp-image-1519\" alt=\"\" srcset=\"https:\/\/www.ufsm.br\/app\/uploads\/sites\/814\/2024\/03\/CyberFaces-11-1024x683.jpg 1024w, https:\/\/www.ufsm.br\/app\/uploads\/sites\/814\/2024\/03\/CyberFaces-11-300x200.jpg 300w, https:\/\/www.ufsm.br\/app\/uploads\/sites\/814\/2024\/03\/CyberFaces-11-768x512.jpg 768w, https:\/\/www.ufsm.br\/app\/uploads\/sites\/814\/2024\/03\/CyberFaces-11-272x182.jpg 272w, https:\/\/www.ufsm.br\/app\/uploads\/sites\/814\/2024\/03\/CyberFaces-11.jpg 1500w\" sizes=\"(max-width: 1024px) 100vw, 1024px\" \/>\t\t\t\t\t\t\t\t\t\t\t\t\t<\/div>\n\t\t\t\t<\/div>\n\t\t\t\t\t<\/div>\n\t\t<\/div>\n\t\t\t\t<div class=\"elementor-column elementor-col-50 elementor-top-column elementor-element elementor-element-5d1c2bf\" data-id=\"5d1c2bf\" data-element_type=\"column\">\n\t\t\t<div class=\"elementor-widget-wrap elementor-element-populated\">\n\t\t\t\t\t\t<div class=\"elementor-element elementor-element-29f23c0 elementor-widget elementor-widget-image\" data-id=\"29f23c0\" data-element_type=\"widget\" data-widget_type=\"image.default\">\n\t\t\t\t<div class=\"elementor-widget-container\">\n\t\t\t\t\t\t\t\t\t\t\t\t\t<img loading=\"lazy\" decoding=\"async\" width=\"1024\" height=\"683\" src=\"https:\/\/www.ufsm.br\/app\/uploads\/sites\/814\/2024\/03\/CyberFaces-02-1024x683.jpg\" class=\"attachment-large size-large wp-image-1510\" alt=\"\" srcset=\"https:\/\/www.ufsm.br\/app\/uploads\/sites\/814\/2024\/03\/CyberFaces-02-1024x683.jpg 1024w, https:\/\/www.ufsm.br\/app\/uploads\/sites\/814\/2024\/03\/CyberFaces-02-300x200.jpg 300w, https:\/\/www.ufsm.br\/app\/uploads\/sites\/814\/2024\/03\/CyberFaces-02-768x512.jpg 768w, https:\/\/www.ufsm.br\/app\/uploads\/sites\/814\/2024\/03\/CyberFaces-02-272x182.jpg 272w, https:\/\/www.ufsm.br\/app\/uploads\/sites\/814\/2024\/03\/CyberFaces-02.jpg 1500w\" sizes=\"(max-width: 1024px) 100vw, 1024px\" \/>\t\t\t\t\t\t\t\t\t\t\t\t\t<\/div>\n\t\t\t\t<\/div>\n\t\t\t\t<div class=\"elementor-element elementor-element-4b77452 elementor-widget elementor-widget-image\" data-id=\"4b77452\" data-element_type=\"widget\" data-widget_type=\"image.default\">\n\t\t\t\t<div class=\"elementor-widget-container\">\n\t\t\t\t\t\t\t\t\t\t\t\t\t<img loading=\"lazy\" decoding=\"async\" width=\"1024\" height=\"683\" src=\"https:\/\/www.ufsm.br\/app\/uploads\/sites\/814\/2024\/03\/CyberFaces-04-1024x683.jpg\" class=\"attachment-large size-large wp-image-1512\" alt=\"\" srcset=\"https:\/\/www.ufsm.br\/app\/uploads\/sites\/814\/2024\/03\/CyberFaces-04-1024x683.jpg 1024w, https:\/\/www.ufsm.br\/app\/uploads\/sites\/814\/2024\/03\/CyberFaces-04-300x200.jpg 300w, https:\/\/www.ufsm.br\/app\/uploads\/sites\/814\/2024\/03\/CyberFaces-04-768x512.jpg 768w, https:\/\/www.ufsm.br\/app\/uploads\/sites\/814\/2024\/03\/CyberFaces-04-272x182.jpg 272w, https:\/\/www.ufsm.br\/app\/uploads\/sites\/814\/2024\/03\/CyberFaces-04.jpg 1500w\" sizes=\"(max-width: 1024px) 100vw, 1024px\" \/>\t\t\t\t\t\t\t\t\t\t\t\t\t<\/div>\n\t\t\t\t<\/div>\n\t\t\t\t<div class=\"elementor-element elementor-element-e3fbdbf elementor-widget elementor-widget-image\" data-id=\"e3fbdbf\" data-element_type=\"widget\" data-widget_type=\"image.default\">\n\t\t\t\t<div class=\"elementor-widget-container\">\n\t\t\t\t\t\t\t\t\t\t\t\t\t<img loading=\"lazy\" decoding=\"async\" width=\"1024\" height=\"683\" src=\"https:\/\/www.ufsm.br\/app\/uploads\/sites\/814\/2024\/03\/CyberFaces-06-1024x683.jpg\" class=\"attachment-large size-large wp-image-1514\" alt=\"\" srcset=\"https:\/\/www.ufsm.br\/app\/uploads\/sites\/814\/2024\/03\/CyberFaces-06-1024x683.jpg 1024w, https:\/\/www.ufsm.br\/app\/uploads\/sites\/814\/2024\/03\/CyberFaces-06-300x200.jpg 300w, https:\/\/www.ufsm.br\/app\/uploads\/sites\/814\/2024\/03\/CyberFaces-06-768x512.jpg 768w, https:\/\/www.ufsm.br\/app\/uploads\/sites\/814\/2024\/03\/CyberFaces-06-272x182.jpg 272w, https:\/\/www.ufsm.br\/app\/uploads\/sites\/814\/2024\/03\/CyberFaces-06.jpg 1500w\" sizes=\"(max-width: 1024px) 100vw, 1024px\" \/>\t\t\t\t\t\t\t\t\t\t\t\t\t<\/div>\n\t\t\t\t<\/div>\n\t\t\t\t<div class=\"elementor-element elementor-element-1a2977a elementor-widget elementor-widget-image\" data-id=\"1a2977a\" data-element_type=\"widget\" data-widget_type=\"image.default\">\n\t\t\t\t<div class=\"elementor-widget-container\">\n\t\t\t\t\t\t\t\t\t\t\t\t\t<img loading=\"lazy\" decoding=\"async\" width=\"1024\" height=\"683\" src=\"https:\/\/www.ufsm.br\/app\/uploads\/sites\/814\/2024\/03\/CyberFaces-08-1024x683.jpg\" class=\"attachment-large size-large wp-image-1516\" alt=\"\" srcset=\"https:\/\/www.ufsm.br\/app\/uploads\/sites\/814\/2024\/03\/CyberFaces-08-1024x683.jpg 1024w, https:\/\/www.ufsm.br\/app\/uploads\/sites\/814\/2024\/03\/CyberFaces-08-300x200.jpg 300w, https:\/\/www.ufsm.br\/app\/uploads\/sites\/814\/2024\/03\/CyberFaces-08-768x512.jpg 768w, https:\/\/www.ufsm.br\/app\/uploads\/sites\/814\/2024\/03\/CyberFaces-08-272x182.jpg 272w, https:\/\/www.ufsm.br\/app\/uploads\/sites\/814\/2024\/03\/CyberFaces-08.jpg 1500w\" sizes=\"(max-width: 1024px) 100vw, 1024px\" \/>\t\t\t\t\t\t\t\t\t\t\t\t\t<\/div>\n\t\t\t\t<\/div>\n\t\t\t\t<div class=\"elementor-element elementor-element-200249a elementor-widget elementor-widget-image\" data-id=\"200249a\" data-element_type=\"widget\" data-widget_type=\"image.default\">\n\t\t\t\t<div class=\"elementor-widget-container\">\n\t\t\t\t\t\t\t\t\t\t\t\t\t<img loading=\"lazy\" decoding=\"async\" width=\"1024\" height=\"683\" src=\"https:\/\/www.ufsm.br\/app\/uploads\/sites\/814\/2024\/03\/CyberFaces-10-1024x683.jpg\" class=\"attachment-large size-large wp-image-1518\" alt=\"\" srcset=\"https:\/\/www.ufsm.br\/app\/uploads\/sites\/814\/2024\/03\/CyberFaces-10-1024x683.jpg 1024w, https:\/\/www.ufsm.br\/app\/uploads\/sites\/814\/2024\/03\/CyberFaces-10-300x200.jpg 300w, https:\/\/www.ufsm.br\/app\/uploads\/sites\/814\/2024\/03\/CyberFaces-10-768x512.jpg 768w, https:\/\/www.ufsm.br\/app\/uploads\/sites\/814\/2024\/03\/CyberFaces-10-272x182.jpg 272w, https:\/\/www.ufsm.br\/app\/uploads\/sites\/814\/2024\/03\/CyberFaces-10.jpg 1500w\" sizes=\"(max-width: 1024px) 100vw, 1024px\" \/>\t\t\t\t\t\t\t\t\t\t\t\t\t<\/div>\n\t\t\t\t<\/div>\n\t\t\t\t<div class=\"elementor-element elementor-element-f59ae33 elementor-widget elementor-widget-image\" data-id=\"f59ae33\" data-element_type=\"widget\" data-widget_type=\"image.default\">\n\t\t\t\t<div class=\"elementor-widget-container\">\n\t\t\t\t\t\t\t\t\t\t\t\t\t<img loading=\"lazy\" decoding=\"async\" width=\"1024\" height=\"683\" src=\"https:\/\/www.ufsm.br\/app\/uploads\/sites\/814\/2024\/03\/CyberFaces-12-1024x683.jpg\" class=\"attachment-large size-large wp-image-1520\" alt=\"\" srcset=\"https:\/\/www.ufsm.br\/app\/uploads\/sites\/814\/2024\/03\/CyberFaces-12-1024x683.jpg 1024w, https:\/\/www.ufsm.br\/app\/uploads\/sites\/814\/2024\/03\/CyberFaces-12-300x200.jpg 300w, https:\/\/www.ufsm.br\/app\/uploads\/sites\/814\/2024\/03\/CyberFaces-12-768x512.jpg 768w, https:\/\/www.ufsm.br\/app\/uploads\/sites\/814\/2024\/03\/CyberFaces-12-272x182.jpg 272w, https:\/\/www.ufsm.br\/app\/uploads\/sites\/814\/2024\/03\/CyberFaces-12.jpg 1500w\" sizes=\"(max-width: 1024px) 100vw, 1024px\" \/>\t\t\t\t\t\t\t\t\t\t\t\t\t<\/div>\n\t\t\t\t<\/div>\n\t\t\t\t\t<\/div>\n\t\t<\/div>\n\t\t\t\t\t<\/div>\n\t\t<\/section>\n\t\t\t\t<\/div>\n\t\t","protected":false},"excerpt":{"rendered":"<p>CyberFaces (2023) \u00e9 uma instala\u00e7\u00e3o interativa que, ao usar a intelig\u00eancia artificial para reconhecimento facial, problematiza quest\u00f5es de vigil\u00e2ncia, captura de imagens e privacidade. A partir de uma IA treinada para reconhecer faces, ocorre a captura do rosto dos interatores de duas maneiras: atrav\u00e9s de uma m\u00e1scara que cobre os rostos e, ao mesmo tempo, [&hellip;]<\/p>\n","protected":false},"author":7654,"featured_media":0,"parent":32,"menu_order":0,"comment_status":"closed","ping_status":"closed","template":"","meta":{"footnotes":""},"categories":[17],"tags":[],"class_list":["post-1508","page","type-page","status-publish","hentry","category-projetos"],"acf":[],"_links":{"self":[{"href":"https:\/\/www.ufsm.br\/laboratorios\/labinter\/wp-json\/wp\/v2\/pages\/1508","targetHints":{"allow":["GET"]}}],"collection":[{"href":"https:\/\/www.ufsm.br\/laboratorios\/labinter\/wp-json\/wp\/v2\/pages"}],"about":[{"href":"https:\/\/www.ufsm.br\/laboratorios\/labinter\/wp-json\/wp\/v2\/types\/page"}],"author":[{"embeddable":true,"href":"https:\/\/www.ufsm.br\/laboratorios\/labinter\/wp-json\/wp\/v2\/users\/7654"}],"replies":[{"embeddable":true,"href":"https:\/\/www.ufsm.br\/laboratorios\/labinter\/wp-json\/wp\/v2\/comments?post=1508"}],"version-history":[{"count":0,"href":"https:\/\/www.ufsm.br\/laboratorios\/labinter\/wp-json\/wp\/v2\/pages\/1508\/revisions"}],"up":[{"embeddable":true,"href":"https:\/\/www.ufsm.br\/laboratorios\/labinter\/wp-json\/wp\/v2\/pages\/32"}],"wp:attachment":[{"href":"https:\/\/www.ufsm.br\/laboratorios\/labinter\/wp-json\/wp\/v2\/media?parent=1508"}],"wp:term":[{"taxonomy":"category","embeddable":true,"href":"https:\/\/www.ufsm.br\/laboratorios\/labinter\/wp-json\/wp\/v2\/categories?post=1508"},{"taxonomy":"post_tag","embeddable":true,"href":"https:\/\/www.ufsm.br\/laboratorios\/labinter\/wp-json\/wp\/v2\/tags?post=1508"}],"curies":[{"name":"wp","href":"https:\/\/api.w.org\/{rel}","templated":true}]}}