{"id":1622,"date":"2025-03-31T14:07:01","date_gmt":"2025-03-31T17:07:01","guid":{"rendered":"https:\/\/www.ufsm.br\/laboratorios\/labinter\/?page_id=1622"},"modified":"2025-03-31T14:29:21","modified_gmt":"2025-03-31T17:29:21","slug":"subjetividades-afro-brasileiras","status":"publish","type":"page","link":"https:\/\/www.ufsm.br\/laboratorios\/labinter\/projetos\/subjetividades-afro-brasileiras","title":{"rendered":"Arte Contempor\u00e2nea, Subjetividades Afro-Brasileiras e IA: Velamentos Hist\u00f3ricos e (Re)Exist\u00eancia Tecnol\u00f3gica"},"content":{"rendered":"\t\t<div data-elementor-type=\"wp-page\" data-elementor-id=\"1622\" class=\"elementor elementor-1622\">\n\t\t\t\t\t\t<section class=\"elementor-section elementor-top-section elementor-element elementor-element-0a4fdb0 elementor-section-boxed elementor-section-height-default elementor-section-height-default\" data-id=\"0a4fdb0\" data-element_type=\"section\">\n\t\t\t\t\t\t<div class=\"elementor-container elementor-column-gap-default\">\n\t\t\t\t\t<div class=\"elementor-column elementor-col-100 elementor-top-column elementor-element elementor-element-e464fb4\" data-id=\"e464fb4\" data-element_type=\"column\">\n\t\t\t<div class=\"elementor-widget-wrap elementor-element-populated\">\n\t\t\t\t\t\t<div class=\"elementor-element elementor-element-f1fe1fe elementor-widget elementor-widget-text-editor\" data-id=\"f1fe1fe\" data-element_type=\"widget\" data-widget_type=\"text-editor.default\">\n\t\t\t\t<div class=\"elementor-widget-container\">\n\t\t\t\t\t\t\t<p style=\"text-align: justify\">Esta investiga\u00e7\u00e3o articula ancestralidade afro-brasileira e Intelig\u00eancia Artificial (IA), analisando como essa tecnologia tensiona velamentos hist\u00f3ricos e promove (re)exist\u00eancias na arte contempor\u00e2nea. Partindo de fotografias do s\u00e9culo XIX de negros escravizados e libertos, a pesquisa desenvolve instala\u00e7\u00f5es interativas que ressignificam visualidades coloniais, utilizando modelos de <em>Deep Learning<\/em> (como o <em>First Order Motion Model<\/em>) para animar rostos hist\u00f3ricos em tempo real. Com perspectiva decolonial, a obra confronta hierarquias visuais coloniais e o racismo algor\u00edtmico (Joy Buolamwini, Tarcizio Silva), expondo como bancos de dados hegem\u00f4nicos perpetuam exclus\u00f5es, \u00e0 luz da teoria da hist\u00f3ria potencial de Ariella Azoulay.<\/p><p style=\"text-align: justify\">A interatividade nas instala\u00e7\u00f5es subverte a passividade do observador: rostos antes objetificados ganham movimento e afeto, dissolvendo fronteiras entre sujeito e objeto. A IA emerge como ferramenta cr\u00edtica, reativando &#8220;contratos n\u00e3o assinados&#8221; (Azoulay) interrompidos pela viol\u00eancia colonial. O projeto prop\u00f5e um contra-arquivo onde a mem\u00f3ria afro-brasileira se reconstr\u00f3i coletivamente, tensionando \u00e9ticas da representa\u00e7\u00e3o e reivindicando futuros poss\u00edveis. Conclui-se que a integra\u00e7\u00e3o de tecnologias digitais, em abordagem decolonial, amplifica vozes silenciadas, transformando a arte em espa\u00e7o pol\u00edtico de repara\u00e7\u00e3o e afirma\u00e7\u00e3o de subjetividades negras na contemporaneidade.<\/p>\t\t\t\t\t\t<\/div>\n\t\t\t\t<\/div>\n\t\t\t\t<section class=\"elementor-section elementor-inner-section elementor-element elementor-element-0b04bd6 elementor-section-boxed elementor-section-height-default elementor-section-height-default\" data-id=\"0b04bd6\" data-element_type=\"section\">\n\t\t\t\t\t\t<div class=\"elementor-container elementor-column-gap-default\">\n\t\t\t\t\t<div class=\"elementor-column elementor-col-50 elementor-inner-column elementor-element elementor-element-2d9584d\" data-id=\"2d9584d\" data-element_type=\"column\">\n\t\t\t<div class=\"elementor-widget-wrap elementor-element-populated\">\n\t\t\t\t\t\t<div class=\"elementor-element elementor-element-f2b553e elementor-widget elementor-widget-image\" data-id=\"f2b553e\" data-element_type=\"widget\" data-widget_type=\"image.default\">\n\t\t\t\t<div class=\"elementor-widget-container\">\n\t\t\t\t\t\t\t\t\t\t\t\t\t<img fetchpriority=\"high\" decoding=\"async\" width=\"722\" height=\"1024\" src=\"https:\/\/www.ufsm.br\/app\/uploads\/sites\/814\/2025\/03\/Subjetividades-Afro-Brasileiras-01-722x1024.jpg\" class=\"attachment-large size-large wp-image-1623\" alt=\"\" srcset=\"https:\/\/www.ufsm.br\/app\/uploads\/sites\/814\/2025\/03\/Subjetividades-Afro-Brasileiras-01-722x1024.jpg 722w, https:\/\/www.ufsm.br\/app\/uploads\/sites\/814\/2025\/03\/Subjetividades-Afro-Brasileiras-01-212x300.jpg 212w, https:\/\/www.ufsm.br\/app\/uploads\/sites\/814\/2025\/03\/Subjetividades-Afro-Brasileiras-01-768x1089.jpg 768w, https:\/\/www.ufsm.br\/app\/uploads\/sites\/814\/2025\/03\/Subjetividades-Afro-Brasileiras-01-1083x1536.jpg 1083w, https:\/\/www.ufsm.br\/app\/uploads\/sites\/814\/2025\/03\/Subjetividades-Afro-Brasileiras-01-1444x2048.jpg 1444w, https:\/\/www.ufsm.br\/app\/uploads\/sites\/814\/2025\/03\/Subjetividades-Afro-Brasileiras-01.jpg 1523w\" sizes=\"(max-width: 722px) 100vw, 722px\" \/>\t\t\t\t\t\t\t\t\t\t\t\t\t<\/div>\n\t\t\t\t<\/div>\n\t\t\t\t\t<\/div>\n\t\t<\/div>\n\t\t\t\t<div class=\"elementor-column elementor-col-50 elementor-inner-column elementor-element elementor-element-0610f6e\" data-id=\"0610f6e\" data-element_type=\"column\">\n\t\t\t<div class=\"elementor-widget-wrap elementor-element-populated\">\n\t\t\t\t\t\t<div class=\"elementor-element elementor-element-573b97f elementor-widget elementor-widget-image\" data-id=\"573b97f\" data-element_type=\"widget\" data-widget_type=\"image.default\">\n\t\t\t\t<div class=\"elementor-widget-container\">\n\t\t\t\t\t\t\t\t\t\t\t\t\t<img decoding=\"async\" width=\"1024\" height=\"576\" src=\"https:\/\/www.ufsm.br\/app\/uploads\/sites\/814\/2025\/03\/Subjetividades-Afro-Brasileiras-02-1024x576.jpg\" class=\"attachment-large size-large wp-image-1624\" alt=\"\" srcset=\"https:\/\/www.ufsm.br\/app\/uploads\/sites\/814\/2025\/03\/Subjetividades-Afro-Brasileiras-02-1024x576.jpg 1024w, https:\/\/www.ufsm.br\/app\/uploads\/sites\/814\/2025\/03\/Subjetividades-Afro-Brasileiras-02-300x169.jpg 300w, https:\/\/www.ufsm.br\/app\/uploads\/sites\/814\/2025\/03\/Subjetividades-Afro-Brasileiras-02-768x432.jpg 768w, https:\/\/www.ufsm.br\/app\/uploads\/sites\/814\/2025\/03\/Subjetividades-Afro-Brasileiras-02.jpg 1280w\" sizes=\"(max-width: 1024px) 100vw, 1024px\" \/>\t\t\t\t\t\t\t\t\t\t\t\t\t<\/div>\n\t\t\t\t<\/div>\n\t\t\t\t<div class=\"elementor-element elementor-element-a52ac6b elementor-widget elementor-widget-image\" data-id=\"a52ac6b\" data-element_type=\"widget\" data-widget_type=\"image.default\">\n\t\t\t\t<div class=\"elementor-widget-container\">\n\t\t\t\t\t\t\t\t\t\t\t\t\t<img decoding=\"async\" width=\"1024\" height=\"576\" src=\"https:\/\/www.ufsm.br\/app\/uploads\/sites\/814\/2025\/03\/Subjetividades-Afro-Brasileiras-03-1024x576.jpg\" class=\"attachment-large size-large wp-image-1625\" alt=\"\" srcset=\"https:\/\/www.ufsm.br\/app\/uploads\/sites\/814\/2025\/03\/Subjetividades-Afro-Brasileiras-03-1024x576.jpg 1024w, https:\/\/www.ufsm.br\/app\/uploads\/sites\/814\/2025\/03\/Subjetividades-Afro-Brasileiras-03-300x169.jpg 300w, https:\/\/www.ufsm.br\/app\/uploads\/sites\/814\/2025\/03\/Subjetividades-Afro-Brasileiras-03-768x432.jpg 768w, https:\/\/www.ufsm.br\/app\/uploads\/sites\/814\/2025\/03\/Subjetividades-Afro-Brasileiras-03.jpg 1280w\" sizes=\"(max-width: 1024px) 100vw, 1024px\" \/>\t\t\t\t\t\t\t\t\t\t\t\t\t<\/div>\n\t\t\t\t<\/div>\n\t\t\t\t<div class=\"elementor-element elementor-element-c7762ba elementor-widget elementor-widget-image\" data-id=\"c7762ba\" data-element_type=\"widget\" data-widget_type=\"image.default\">\n\t\t\t\t<div class=\"elementor-widget-container\">\n\t\t\t\t\t\t\t\t\t\t\t\t\t<img loading=\"lazy\" decoding=\"async\" width=\"1024\" height=\"576\" src=\"https:\/\/www.ufsm.br\/app\/uploads\/sites\/814\/2025\/03\/Subjetividades-Afro-Brasileiras-04-1024x576.jpg\" class=\"attachment-large size-large wp-image-1626\" alt=\"\" srcset=\"https:\/\/www.ufsm.br\/app\/uploads\/sites\/814\/2025\/03\/Subjetividades-Afro-Brasileiras-04-1024x576.jpg 1024w, https:\/\/www.ufsm.br\/app\/uploads\/sites\/814\/2025\/03\/Subjetividades-Afro-Brasileiras-04-300x169.jpg 300w, https:\/\/www.ufsm.br\/app\/uploads\/sites\/814\/2025\/03\/Subjetividades-Afro-Brasileiras-04-768x432.jpg 768w, https:\/\/www.ufsm.br\/app\/uploads\/sites\/814\/2025\/03\/Subjetividades-Afro-Brasileiras-04.jpg 1280w\" sizes=\"(max-width: 1024px) 100vw, 1024px\" \/>\t\t\t\t\t\t\t\t\t\t\t\t\t<\/div>\n\t\t\t\t<\/div>\n\t\t\t\t\t<\/div>\n\t\t<\/div>\n\t\t\t\t\t<\/div>\n\t\t<\/section>\n\t\t\t\t\t<\/div>\n\t\t<\/div>\n\t\t\t\t\t<\/div>\n\t\t<\/section>\n\t\t\t\t<\/div>\n\t\t","protected":false},"excerpt":{"rendered":"<p>Esta investiga\u00e7\u00e3o articula ancestralidade afro-brasileira e Intelig\u00eancia Artificial (IA), analisando como essa tecnologia tensiona velamentos hist\u00f3ricos e promove (re)exist\u00eancias na arte contempor\u00e2nea. Partindo de fotografias do s\u00e9culo XIX de negros escravizados e libertos, a pesquisa desenvolve instala\u00e7\u00f5es interativas que ressignificam visualidades coloniais, utilizando modelos de Deep Learning (como o First Order Motion Model) para animar [&hellip;]<\/p>\n","protected":false},"author":7654,"featured_media":0,"parent":32,"menu_order":0,"comment_status":"closed","ping_status":"closed","template":"","meta":{"footnotes":""},"categories":[17],"tags":[],"class_list":["post-1622","page","type-page","status-publish","hentry","category-projetos"],"acf":[],"_links":{"self":[{"href":"https:\/\/www.ufsm.br\/laboratorios\/labinter\/wp-json\/wp\/v2\/pages\/1622","targetHints":{"allow":["GET"]}}],"collection":[{"href":"https:\/\/www.ufsm.br\/laboratorios\/labinter\/wp-json\/wp\/v2\/pages"}],"about":[{"href":"https:\/\/www.ufsm.br\/laboratorios\/labinter\/wp-json\/wp\/v2\/types\/page"}],"author":[{"embeddable":true,"href":"https:\/\/www.ufsm.br\/laboratorios\/labinter\/wp-json\/wp\/v2\/users\/7654"}],"replies":[{"embeddable":true,"href":"https:\/\/www.ufsm.br\/laboratorios\/labinter\/wp-json\/wp\/v2\/comments?post=1622"}],"version-history":[{"count":0,"href":"https:\/\/www.ufsm.br\/laboratorios\/labinter\/wp-json\/wp\/v2\/pages\/1622\/revisions"}],"up":[{"embeddable":true,"href":"https:\/\/www.ufsm.br\/laboratorios\/labinter\/wp-json\/wp\/v2\/pages\/32"}],"wp:attachment":[{"href":"https:\/\/www.ufsm.br\/laboratorios\/labinter\/wp-json\/wp\/v2\/media?parent=1622"}],"wp:term":[{"taxonomy":"category","embeddable":true,"href":"https:\/\/www.ufsm.br\/laboratorios\/labinter\/wp-json\/wp\/v2\/categories?post=1622"},{"taxonomy":"post_tag","embeddable":true,"href":"https:\/\/www.ufsm.br\/laboratorios\/labinter\/wp-json\/wp\/v2\/tags?post=1622"}],"curies":[{"name":"wp","href":"https:\/\/api.w.org\/{rel}","templated":true}]}}

Arte Contemporânea, Subjetividades Afro-Brasileiras e IA: Velamentos Históricos e (Re)Existência Tecnológica

<div data-elementor-type="wp-page" data-elementor-id="1622" class="elementor elementor-1622">
						<section class="elementor-section elementor-top-section elementor-element elementor-element-0a4fdb0 elementor-section-boxed elementor-section-height-default elementor-section-height-default" data-id="0a4fdb0" data-element_type="section">
						<div class="elementor-container elementor-column-gap-default">
					<div class="elementor-column elementor-col-100 elementor-top-column elementor-element elementor-element-e464fb4" data-id="e464fb4" data-element_type="column">
			<div class="elementor-widget-wrap elementor-element-populated">
						<div class="elementor-element elementor-element-f1fe1fe elementor-widget elementor-widget-text-editor" data-id="f1fe1fe" data-element_type="widget" data-widget_type="text-editor.default">
				<div class="elementor-widget-container">
							<p style="text-align: justify">Esta investigação articula ancestralidade afro-brasileira e Inteligência Artificial (IA), analisando como essa tecnologia tensiona velamentos históricos e promove (re)existências na arte contemporânea. Partindo de fotografias do século XIX de negros escravizados e libertos, a pesquisa desenvolve instalações interativas que ressignificam visualidades coloniais, utilizando modelos de <em>Deep Learning</em> (como o <em>First Order Motion Model</em>) para animar rostos históricos em tempo real. Com perspectiva decolonial, a obra confronta hierarquias visuais coloniais e o racismo algorítmico (Joy Buolamwini, Tarcizio Silva), expondo como bancos de dados hegemônicos perpetuam exclusões, à luz da teoria da história potencial de Ariella Azoulay.</p><p style="text-align: justify">A interatividade nas instalações subverte a passividade do observador: rostos antes objetificados ganham movimento e afeto, dissolvendo fronteiras entre sujeito e objeto. A IA emerge como ferramenta crítica, reativando &#8220;contratos não assinados&#8221; (Azoulay) interrompidos pela violência colonial. O projeto propõe um contra-arquivo onde a memória afro-brasileira se reconstrói coletivamente, tensionando éticas da representação e reivindicando futuros possíveis. Conclui-se que a integração de tecnologias digitais, em abordagem decolonial, amplifica vozes silenciadas, transformando a arte em espaço político de reparação e afirmação de subjetividades negras na contemporaneidade.</p>						</div>
				</div>
				<section class="elementor-section elementor-inner-section elementor-element elementor-element-0b04bd6 elementor-section-boxed elementor-section-height-default elementor-section-height-default" data-id="0b04bd6" data-element_type="section">
						<div class="elementor-container elementor-column-gap-default">
					<div class="elementor-column elementor-col-50 elementor-inner-column elementor-element elementor-element-2d9584d" data-id="2d9584d" data-element_type="column">
			<div class="elementor-widget-wrap elementor-element-populated">
						<div class="elementor-element elementor-element-f2b553e elementor-widget elementor-widget-image" data-id="f2b553e" data-element_type="widget" data-widget_type="image.default">
				<div class="elementor-widget-container">
													<img fetchpriority="high" decoding="async" width="722" height="1024" src="https://www.ufsm.br/app/uploads/sites/814/2025/03/Subjetividades-Afro-Brasileiras-01-722x1024.jpg" class="attachment-large size-large wp-image-1623" alt="" srcset="https://www.ufsm.br/app/uploads/sites/814/2025/03/Subjetividades-Afro-Brasileiras-01-722x1024.jpg 722w, https://www.ufsm.br/app/uploads/sites/814/2025/03/Subjetividades-Afro-Brasileiras-01-212x300.jpg 212w, https://www.ufsm.br/app/uploads/sites/814/2025/03/Subjetividades-Afro-Brasileiras-01-768x1089.jpg 768w, https://www.ufsm.br/app/uploads/sites/814/2025/03/Subjetividades-Afro-Brasileiras-01-1083x1536.jpg 1083w, https://www.ufsm.br/app/uploads/sites/814/2025/03/Subjetividades-Afro-Brasileiras-01-1444x2048.jpg 1444w, https://www.ufsm.br/app/uploads/sites/814/2025/03/Subjetividades-Afro-Brasileiras-01.jpg 1523w" sizes="(max-width: 722px) 100vw, 722px" />													</div>
				</div>
					</div>
		</div>
				<div class="elementor-column elementor-col-50 elementor-inner-column elementor-element elementor-element-0610f6e" data-id="0610f6e" data-element_type="column">
			<div class="elementor-widget-wrap elementor-element-populated">
						<div class="elementor-element elementor-element-573b97f elementor-widget elementor-widget-image" data-id="573b97f" data-element_type="widget" data-widget_type="image.default">
				<div class="elementor-widget-container">
													<img decoding="async" width="1024" height="576" src="https://www.ufsm.br/app/uploads/sites/814/2025/03/Subjetividades-Afro-Brasileiras-02-1024x576.jpg" class="attachment-large size-large wp-image-1624" alt="" srcset="https://www.ufsm.br/app/uploads/sites/814/2025/03/Subjetividades-Afro-Brasileiras-02-1024x576.jpg 1024w, https://www.ufsm.br/app/uploads/sites/814/2025/03/Subjetividades-Afro-Brasileiras-02-300x169.jpg 300w, https://www.ufsm.br/app/uploads/sites/814/2025/03/Subjetividades-Afro-Brasileiras-02-768x432.jpg 768w, https://www.ufsm.br/app/uploads/sites/814/2025/03/Subjetividades-Afro-Brasileiras-02.jpg 1280w" sizes="(max-width: 1024px) 100vw, 1024px" />													</div>
				</div>
				<div class="elementor-element elementor-element-a52ac6b elementor-widget elementor-widget-image" data-id="a52ac6b" data-element_type="widget" data-widget_type="image.default">
				<div class="elementor-widget-container">
													<img decoding="async" width="1024" height="576" src="https://www.ufsm.br/app/uploads/sites/814/2025/03/Subjetividades-Afro-Brasileiras-03-1024x576.jpg" class="attachment-large size-large wp-image-1625" alt="" srcset="https://www.ufsm.br/app/uploads/sites/814/2025/03/Subjetividades-Afro-Brasileiras-03-1024x576.jpg 1024w, https://www.ufsm.br/app/uploads/sites/814/2025/03/Subjetividades-Afro-Brasileiras-03-300x169.jpg 300w, https://www.ufsm.br/app/uploads/sites/814/2025/03/Subjetividades-Afro-Brasileiras-03-768x432.jpg 768w, https://www.ufsm.br/app/uploads/sites/814/2025/03/Subjetividades-Afro-Brasileiras-03.jpg 1280w" sizes="(max-width: 1024px) 100vw, 1024px" />													</div>
				</div>
				<div class="elementor-element elementor-element-c7762ba elementor-widget elementor-widget-image" data-id="c7762ba" data-element_type="widget" data-widget_type="image.default">
				<div class="elementor-widget-container">
													<img loading="lazy" decoding="async" width="1024" height="576" src="https://www.ufsm.br/app/uploads/sites/814/2025/03/Subjetividades-Afro-Brasileiras-04-1024x576.jpg" class="attachment-large size-large wp-image-1626" alt="" srcset="https://www.ufsm.br/app/uploads/sites/814/2025/03/Subjetividades-Afro-Brasileiras-04-1024x576.jpg 1024w, https://www.ufsm.br/app/uploads/sites/814/2025/03/Subjetividades-Afro-Brasileiras-04-300x169.jpg 300w, https://www.ufsm.br/app/uploads/sites/814/2025/03/Subjetividades-Afro-Brasileiras-04-768x432.jpg 768w, https://www.ufsm.br/app/uploads/sites/814/2025/03/Subjetividades-Afro-Brasileiras-04.jpg 1280w" sizes="(max-width: 1024px) 100vw, 1024px" />													</div>
				</div>
					</div>
		</div>
					</div>
		</section>
					</div>
		</div>
					</div>
		</section>
				</div>

<p>Esta investigação articula ancestralidade afro-brasileira e Inteligência Artificial (IA), analisando como essa tecnologia tensiona velamentos históricos e promove (re)existências na arte contemporânea. Partindo de fotografias do século XIX de negros escravizados e libertos, a pesquisa desenvolve instalações interativas que ressignificam visualidades coloniais, utilizando modelos de Deep Learning (como o First Order Motion Model) para animar [&hellip;]</p>
