{"id":328,"date":"2020-06-23T13:51:01","date_gmt":"2020-06-23T16:51:01","guid":{"rendered":"https:\/\/www.ufsm.br\/laboratorios\/labinter\/?page_id=328"},"modified":"2024-01-25T11:08:14","modified_gmt":"2024-01-25T14:08:14","slug":"ambulacoes","status":"publish","type":"page","link":"https:\/\/www.ufsm.br\/laboratorios\/labinter\/projetos\/ambulacoes","title":{"rendered":"Ambula\u00e7\u00f5es"},"content":{"rendered":"\t\t<div data-elementor-type=\"wp-page\" data-elementor-id=\"328\" class=\"elementor elementor-328\">\n\t\t\t\t\t\t<section class=\"elementor-section elementor-top-section elementor-element elementor-element-b46113d elementor-section-boxed elementor-section-height-default elementor-section-height-default\" data-id=\"b46113d\" data-element_type=\"section\">\n\t\t\t\t\t\t<div class=\"elementor-container elementor-column-gap-default\">\n\t\t\t\t\t<div class=\"elementor-column elementor-col-100 elementor-top-column elementor-element elementor-element-dead5e0\" data-id=\"dead5e0\" data-element_type=\"column\">\n\t\t\t<div class=\"elementor-widget-wrap elementor-element-populated\">\n\t\t\t\t\t\t<div class=\"elementor-element elementor-element-c5c97d5 elementor-widget elementor-widget-text-editor\" data-id=\"c5c97d5\" data-element_type=\"widget\" data-widget_type=\"text-editor.default\">\n\t\t\t\t<div class=\"elementor-widget-container\">\n\t\t\t\t\t\t\t<h5 class=\"western\" align=\"justify\"><span style=\"font-family: Calibri, serif\"><span style=\"font-size: small\"><span style=\"font-size: medium\">Andr\u00e9ia Machado Oliveira, <\/span><span style=\"color: #000000\"><span style=\"font-size: medium\">Evaristo Jos\u00e9 do Nascimento<\/span><\/span><span style=\"font-size: medium\">, <\/span><span style=\"color: #222222\"><span style=\"font-size: medium\">Fabio Gomes de Almeida<\/span><\/span><span style=\"font-size: medium\">, <\/span><span style=\"color: #222222\"><span style=\"font-size: medium\">C\u00e1ssio Lemos<\/span><\/span><span style=\"font-size: medium\"> e <\/span><span style=\"font-size: medium\">Indira Zuhaira Richter<\/span><\/span><\/span><\/h5><p class=\"western\" align=\"justify\">\u00a0<\/p>\t\t\t\t\t\t<\/div>\n\t\t\t\t<\/div>\n\t\t\t\t\t<\/div>\n\t\t<\/div>\n\t\t\t\t\t<\/div>\n\t\t<\/section>\n\t\t\t\t<section class=\"elementor-section elementor-top-section elementor-element elementor-element-0bfdfa2 elementor-section-boxed elementor-section-height-default elementor-section-height-default\" data-id=\"0bfdfa2\" data-element_type=\"section\">\n\t\t\t\t\t\t<div class=\"elementor-container elementor-column-gap-default\">\n\t\t\t\t\t<div class=\"elementor-column elementor-col-100 elementor-top-column elementor-element elementor-element-3ebc17e\" data-id=\"3ebc17e\" data-element_type=\"column\">\n\t\t\t<div class=\"elementor-widget-wrap elementor-element-populated\">\n\t\t\t\t\t\t<div class=\"elementor-element elementor-element-adb70d3 elementor-widget elementor-widget-text-editor\" data-id=\"adb70d3\" data-element_type=\"widget\" data-widget_type=\"text-editor.default\">\n\t\t\t\t<div class=\"elementor-widget-container\">\n\t\t\t\t\t\t\t<p class=\"western\" align=\"justify\"><span style=\"font-family: Calibri, serif\"><span style=\"font-size: small\"><span style=\"color: #222222\"><span style=\"font-size: medium\"><b>Instala\u00e7\u00e3o Interativa &#8211; 2017<\/b><\/span><\/span><\/span><\/span><\/p><p class=\"western\" align=\"justify\"><span style=\"color: #222222\">\u201c<span style=\"font-family: Calibri, serif\"><span style=\"font-size: small\"><span style=\"font-size: medium\">Ambula\u00e7\u00f5es\u201d consiste em uma instala\u00e7\u00e3o interativa que problematiza o ato de ambular ao explorar aspectos corporais de equil\u00edbrio\/desequil\u00edbrio, precis\u00e3o\/aleatoriedade, proximidade\/afastamento. A partir de deslocamentos entre o espa\u00e7o f\u00edsico e o digital, o corpo ambula e expande sua experi\u00eancia perceptiva em rela\u00e7\u00e3o ao meio no qual se encontra. De tal modo, a imagem projetada do corpo n\u00e3o o representa, todavia o presentifica na a\u00e7\u00e3o cotidiana e simples de ambular.<\/span><\/span><\/span><\/span><\/p><p class=\"western\" align=\"justify\"><span style=\"font-family: Calibri, serif\"><span style=\"font-size: small\"><span style=\"font-size: medium\">Em \u201cAmbula\u00e7\u00f5es\u201d o interator encontra-se frente a um t\u00fanel virtual e uma passarela f\u00edsica. Ao caminhar equilibrando-se em dire\u00e7\u00e3o ao t\u00fanel, aproxima-se ao final do mesmo, na proje\u00e7\u00e3o. Esse movimento \u00e9 mapeado atrav\u00e9s de uma c\u00e2mera infravermelho que captura a dist\u00e2ncia do interator, em conjunto com um microcontrolador com um sensor ultrass\u00f4nico acoplado. Toda a intera\u00e7\u00e3o no ambiente virtual \u00e9 feita sem nenhum tipo de <\/span><span style=\"font-size: medium\"><i>joystick<\/i><\/span><span style=\"font-size: medium\"> ou semelhante, apenas atrav\u00e9s da caminhada e do mapeamento atrav\u00e9s dos sensores. Existe tamb\u00e9m som emitido que varia de acordo com a dist\u00e2ncia percorrida pela pessoa interagindo na instala\u00e7\u00e3o. A obra foi exposta na mostra de arte computacional do Immersphere, o Festival Internacional Fulldome de Bras\u00edlia, no planet\u00e1rio de Bras\u00edlia, em novembro de 2017.<\/span><\/span><\/span><\/p>\t\t\t\t\t\t<\/div>\n\t\t\t\t<\/div>\n\t\t\t\t\t<\/div>\n\t\t<\/div>\n\t\t\t\t\t<\/div>\n\t\t<\/section>\n\t\t\t\t<section class=\"elementor-section elementor-top-section elementor-element elementor-element-d41b608 elementor-section-boxed elementor-section-height-default elementor-section-height-default\" data-id=\"d41b608\" data-element_type=\"section\">\n\t\t\t\t\t\t<div class=\"elementor-container elementor-column-gap-default\">\n\t\t\t\t\t<div class=\"elementor-column elementor-col-100 elementor-top-column elementor-element elementor-element-9402a3d\" data-id=\"9402a3d\" data-element_type=\"column\">\n\t\t\t<div class=\"elementor-widget-wrap elementor-element-populated\">\n\t\t\t\t\t\t<div class=\"elementor-element elementor-element-e9abe95 elementor-arrows-position-inside elementor-pagination-position-outside elementor-widget elementor-widget-image-carousel\" data-id=\"e9abe95\" data-element_type=\"widget\" data-settings=\"{&quot;navigation&quot;:&quot;both&quot;,&quot;autoplay&quot;:&quot;yes&quot;,&quot;pause_on_hover&quot;:&quot;yes&quot;,&quot;pause_on_interaction&quot;:&quot;yes&quot;,&quot;autoplay_speed&quot;:5000,&quot;infinite&quot;:&quot;yes&quot;,&quot;speed&quot;:500}\" data-widget_type=\"image-carousel.default\">\n\t\t\t\t<div class=\"elementor-widget-container\">\n\t\t\t\t\t<div class=\"elementor-image-carousel-wrapper swiper\" dir=\"ltr\">\n\t\t\t<div class=\"elementor-image-carousel swiper-wrapper\" aria-live=\"off\">\n\t\t\t\t\t\t\t\t<div class=\"swiper-slide\" role=\"group\" aria-roledescription=\"slide\" aria-label=\"1 of 4\"><figure class=\"swiper-slide-inner\"><img decoding=\"async\" class=\"swiper-slide-image\" src=\"https:\/\/www.ufsm.br\/app\/uploads\/sites\/814\/2020\/06\/1-3-150x150.jpg\" alt=\"1\" \/><\/figure><\/div><div class=\"swiper-slide\" role=\"group\" aria-roledescription=\"slide\" aria-label=\"2 of 4\"><figure class=\"swiper-slide-inner\"><img decoding=\"async\" class=\"swiper-slide-image\" src=\"https:\/\/www.ufsm.br\/app\/uploads\/sites\/814\/2020\/06\/2-1-150x150.jpg\" alt=\"2\" \/><\/figure><\/div><div class=\"swiper-slide\" role=\"group\" aria-roledescription=\"slide\" aria-label=\"3 of 4\"><figure class=\"swiper-slide-inner\"><img decoding=\"async\" class=\"swiper-slide-image\" src=\"https:\/\/www.ufsm.br\/app\/uploads\/sites\/814\/2020\/06\/3-1-150x150.jpg\" alt=\"3\" \/><\/figure><\/div><div class=\"swiper-slide\" role=\"group\" aria-roledescription=\"slide\" aria-label=\"4 of 4\"><figure class=\"swiper-slide-inner\"><img decoding=\"async\" class=\"swiper-slide-image\" src=\"https:\/\/www.ufsm.br\/app\/uploads\/sites\/814\/2020\/06\/ccc-150x150.jpg\" alt=\"ccc\" \/><\/figure><\/div>\t\t\t<\/div>\n\t\t\t\t\t\t\t\t\t\t\t\t<div class=\"elementor-swiper-button elementor-swiper-button-prev\" role=\"button\" tabindex=\"0\">\n\t\t\t\t\t\t<i aria-hidden=\"true\" class=\"eicon-chevron-left\"><\/i>\t\t\t\t\t<\/div>\n\t\t\t\t\t<div class=\"elementor-swiper-button elementor-swiper-button-next\" role=\"button\" tabindex=\"0\">\n\t\t\t\t\t\t<i aria-hidden=\"true\" class=\"eicon-chevron-right\"><\/i>\t\t\t\t\t<\/div>\n\t\t\t\t\n\t\t\t\t\t\t\t\t\t<div class=\"swiper-pagination\"><\/div>\n\t\t\t\t\t\t\t\t\t<\/div>\n\t\t\t\t<\/div>\n\t\t\t\t<\/div>\n\t\t\t\t\t<\/div>\n\t\t<\/div>\n\t\t\t\t\t<\/div>\n\t\t<\/section>\n\t\t\t\t<section class=\"elementor-section elementor-top-section elementor-element elementor-element-2a13cd7 elementor-section-boxed elementor-section-height-default elementor-section-height-default\" data-id=\"2a13cd7\" data-element_type=\"section\">\n\t\t\t\t\t\t<div class=\"elementor-container elementor-column-gap-default\">\n\t\t\t\t\t<div class=\"elementor-column elementor-col-100 elementor-top-column elementor-element elementor-element-c82fd17\" data-id=\"c82fd17\" data-element_type=\"column\">\n\t\t\t<div class=\"elementor-widget-wrap elementor-element-populated\">\n\t\t\t\t\t\t<div class=\"elementor-element elementor-element-23382a3 elementor-widget elementor-widget-image\" data-id=\"23382a3\" data-element_type=\"widget\" data-widget_type=\"image.default\">\n\t\t\t\t<div class=\"elementor-widget-container\">\n\t\t\t\t\t\t\t\t\t\t\t\t\t<img fetchpriority=\"high\" decoding=\"async\" width=\"300\" height=\"177\" src=\"https:\/\/www.ufsm.br\/app\/uploads\/sites\/814\/2020\/06\/huhuj-300x177.jpg\" class=\"attachment-medium size-medium wp-image-333\" alt=\"\" srcset=\"https:\/\/www.ufsm.br\/app\/uploads\/sites\/814\/2020\/06\/huhuj-300x177.jpg 300w, https:\/\/www.ufsm.br\/app\/uploads\/sites\/814\/2020\/06\/huhuj.jpg 512w\" sizes=\"(max-width: 300px) 100vw, 300px\" \/>\t\t\t\t\t\t\t\t\t\t\t\t\t<\/div>\n\t\t\t\t<\/div>\n\t\t\t\t<div class=\"elementor-element elementor-element-23de8af elementor-widget elementor-widget-text-editor\" data-id=\"23de8af\" data-element_type=\"widget\" data-widget_type=\"text-editor.default\">\n\t\t\t\t<div class=\"elementor-widget-container\">\n\t\t\t\t\t\t\t<p style=\"text-align: center\">http:\/\/immersphere.com.br\/pt\/programacao\/exposicao-de-arte-computacional\/<\/p>\t\t\t\t\t\t<\/div>\n\t\t\t\t<\/div>\n\t\t\t\t\t<\/div>\n\t\t<\/div>\n\t\t\t\t\t<\/div>\n\t\t<\/section>\n\t\t\t\t<\/div>\n\t\t","protected":false},"excerpt":{"rendered":"<p>Andr\u00e9ia Machado Oliveira, Evaristo Jos\u00e9 do Nascimento, Fabio Gomes de Almeida, C\u00e1ssio Lemos e Indira Zuhaira Richter \u00a0 Instala\u00e7\u00e3o Interativa &#8211; 2017 \u201cAmbula\u00e7\u00f5es\u201d consiste em uma instala\u00e7\u00e3o interativa que problematiza o ato de ambular ao explorar aspectos corporais de equil\u00edbrio\/desequil\u00edbrio, precis\u00e3o\/aleatoriedade, proximidade\/afastamento. A partir de deslocamentos entre o espa\u00e7o f\u00edsico e o digital, o corpo [&hellip;]<\/p>\n","protected":false},"author":2500,"featured_media":0,"parent":32,"menu_order":0,"comment_status":"closed","ping_status":"closed","template":"","meta":{"footnotes":""},"categories":[17],"tags":[],"class_list":["post-328","page","type-page","status-publish","hentry","category-projetos"],"acf":[],"_links":{"self":[{"href":"https:\/\/www.ufsm.br\/laboratorios\/labinter\/wp-json\/wp\/v2\/pages\/328","targetHints":{"allow":["GET"]}}],"collection":[{"href":"https:\/\/www.ufsm.br\/laboratorios\/labinter\/wp-json\/wp\/v2\/pages"}],"about":[{"href":"https:\/\/www.ufsm.br\/laboratorios\/labinter\/wp-json\/wp\/v2\/types\/page"}],"author":[{"embeddable":true,"href":"https:\/\/www.ufsm.br\/laboratorios\/labinter\/wp-json\/wp\/v2\/users\/2500"}],"replies":[{"embeddable":true,"href":"https:\/\/www.ufsm.br\/laboratorios\/labinter\/wp-json\/wp\/v2\/comments?post=328"}],"version-history":[{"count":0,"href":"https:\/\/www.ufsm.br\/laboratorios\/labinter\/wp-json\/wp\/v2\/pages\/328\/revisions"}],"up":[{"embeddable":true,"href":"https:\/\/www.ufsm.br\/laboratorios\/labinter\/wp-json\/wp\/v2\/pages\/32"}],"wp:attachment":[{"href":"https:\/\/www.ufsm.br\/laboratorios\/labinter\/wp-json\/wp\/v2\/media?parent=328"}],"wp:term":[{"taxonomy":"category","embeddable":true,"href":"https:\/\/www.ufsm.br\/laboratorios\/labinter\/wp-json\/wp\/v2\/categories?post=328"},{"taxonomy":"post_tag","embeddable":true,"href":"https:\/\/www.ufsm.br\/laboratorios\/labinter\/wp-json\/wp\/v2\/tags?post=328"}],"curies":[{"name":"wp","href":"https:\/\/api.w.org\/{rel}","templated":true}]}}