{"id":487,"date":"2020-07-19T00:55:54","date_gmt":"2020-07-19T03:55:54","guid":{"rendered":"https:\/\/www.ufsm.br\/laboratorios\/labinter\/?page_id=487"},"modified":"2026-02-03T18:29:53","modified_gmt":"2026-02-03T21:29:53","slug":"projeto-quarentena-artistica","status":"publish","type":"page","link":"https:\/\/www.ufsm.br\/laboratorios\/labinter\/projetos\/projeto-quarentena-artistica","title":{"rendered":"Projeto Quarentena Art\u00edstica"},"content":{"rendered":"\t\t<div data-elementor-type=\"wp-page\" data-elementor-id=\"487\" class=\"elementor elementor-487\">\n\t\t\t\t\t\t<section class=\"elementor-section elementor-top-section elementor-element elementor-element-9acd843 elementor-section-boxed elementor-section-height-default elementor-section-height-default\" data-id=\"9acd843\" data-element_type=\"section\">\n\t\t\t\t\t\t<div class=\"elementor-container elementor-column-gap-default\">\n\t\t\t\t\t<div class=\"elementor-column elementor-col-50 elementor-top-column elementor-element elementor-element-293b859\" data-id=\"293b859\" data-element_type=\"column\">\n\t\t\t<div class=\"elementor-widget-wrap elementor-element-populated\">\n\t\t\t\t\t\t<div class=\"elementor-element elementor-element-7dc996f elementor-widget elementor-widget-text-editor\" data-id=\"7dc996f\" data-element_type=\"widget\" data-widget_type=\"text-editor.default\">\n\t\t\t\t<div class=\"elementor-widget-container\">\n\t\t\t\t\t\t\t<h5 style=\"font-size: 1rem;width: 916px;color: #21376b !important\"><span style=\"font-size: 1rem;color: black\">Ingra Schmitt e\u00a0<\/span><span style=\"font-size: 1rem;color: black\">Marcio Cardozo<\/span><\/h5><p style=\"color: #000000;font-size: 16px\">Cria\u00e7\u00e3o de um espa\u00e7o virtual em que \u00e9 poss\u00edvel a publica\u00e7\u00e3o de trabalhos art\u00edsticos\u00a0<span style=\"font-size: 1rem;color: black\">de diferentes linguagens dentro das Artes Visuais com base no atual momento de\u00a0<\/span><span style=\"font-size: 1rem;color: black\">quarentena. Na apresenta\u00e7\u00e3o visual (fotografia da obra ou v\u00eddeo) do seu trabalho o\u00a0<\/span><span style=\"font-size: 1rem;color: black\">artista far\u00e1 uma descri\u00e7\u00e3o sobre sua cria\u00e7\u00e3o e a rela\u00e7\u00e3o dela com o cen\u00e1rio de\u00a0<\/span><span style=\"font-size: 1rem;color: black\">junho\/julho de 2020.<\/span><\/p><p style=\"color: #000000;font-size: 16px\"><span style=\"font-size: 1rem;color: black\">\u00a0<\/span><\/p><p style=\"color: #000000;font-size: 16px\">\u00a0<\/p>\t\t\t\t\t\t<\/div>\n\t\t\t\t<\/div>\n\t\t\t\t<section class=\"elementor-section elementor-inner-section elementor-element elementor-element-9ae96d6 elementor-section-boxed elementor-section-height-default elementor-section-height-default\" data-id=\"9ae96d6\" data-element_type=\"section\">\n\t\t\t\t\t\t<div class=\"elementor-container elementor-column-gap-default\">\n\t\t\t\t\t<div class=\"elementor-column elementor-col-100 elementor-inner-column elementor-element elementor-element-7934c0f\" data-id=\"7934c0f\" data-element_type=\"column\">\n\t\t\t<div class=\"elementor-widget-wrap elementor-element-populated\">\n\t\t\t\t\t\t<div class=\"elementor-element elementor-element-84b6d65 elementor-widget elementor-widget-image\" data-id=\"84b6d65\" data-element_type=\"widget\" data-widget_type=\"image.default\">\n\t\t\t\t<div class=\"elementor-widget-container\">\n\t\t\t\t\t\t\t\t\t\t\t\t\t<img fetchpriority=\"high\" decoding=\"async\" width=\"891\" height=\"599\" src=\"https:\/\/www.ufsm.br\/app\/uploads\/sites\/814\/2020\/07\/Captura-de-Tela-2020-07-19-a\u0300s-01.17.05.jpg\" class=\"attachment-large size-large wp-image-489\" alt=\"\" srcset=\"https:\/\/www.ufsm.br\/app\/uploads\/sites\/814\/2020\/07\/Captura-de-Tela-2020-07-19-a\u0300s-01.17.05.jpg 891w, https:\/\/www.ufsm.br\/app\/uploads\/sites\/814\/2020\/07\/Captura-de-Tela-2020-07-19-a\u0300s-01.17.05-300x202.jpg 300w, https:\/\/www.ufsm.br\/app\/uploads\/sites\/814\/2020\/07\/Captura-de-Tela-2020-07-19-a\u0300s-01.17.05-768x516.jpg 768w, https:\/\/www.ufsm.br\/app\/uploads\/sites\/814\/2020\/07\/Captura-de-Tela-2020-07-19-a\u0300s-01.17.05-272x182.jpg 272w\" sizes=\"(max-width: 891px) 100vw, 891px\" \/>\t\t\t\t\t\t\t\t\t\t\t\t\t<\/div>\n\t\t\t\t<\/div>\n\t\t\t\t\t<\/div>\n\t\t<\/div>\n\t\t\t\t\t<\/div>\n\t\t<\/section>\n\t\t\t\t\t<\/div>\n\t\t<\/div>\n\t\t\t\t<div class=\"elementor-column elementor-col-50 elementor-top-column elementor-element elementor-element-2958853\" data-id=\"2958853\" data-element_type=\"column\">\n\t\t\t<div class=\"elementor-widget-wrap elementor-element-populated\">\n\t\t\t\t\t\t<div class=\"elementor-element elementor-element-4f88663 elementor-widget elementor-widget-image\" data-id=\"4f88663\" data-element_type=\"widget\" data-widget_type=\"image.default\">\n\t\t\t\t<div class=\"elementor-widget-container\">\n\t\t\t\t\t\t\t\t\t\t\t\t\t\t<a href=\"https:\/\/www.facebook.com\/groups\/588461048750724\/?multi_permalinks=58852%205578744271\">\n\t\t\t\t\t\t\t<img decoding=\"async\" width=\"857\" height=\"630\" src=\"https:\/\/www.ufsm.br\/app\/uploads\/sites\/814\/2020\/07\/111.jpg\" class=\"attachment-large size-large wp-image-488\" alt=\"\" srcset=\"https:\/\/www.ufsm.br\/app\/uploads\/sites\/814\/2020\/07\/111.jpg 857w, https:\/\/www.ufsm.br\/app\/uploads\/sites\/814\/2020\/07\/111-300x221.jpg 300w, https:\/\/www.ufsm.br\/app\/uploads\/sites\/814\/2020\/07\/111-768x565.jpg 768w\" sizes=\"(max-width: 857px) 100vw, 857px\" \/>\t\t\t\t\t\t\t\t<\/a>\n\t\t\t\t\t\t\t\t\t\t\t\t\t<\/div>\n\t\t\t\t<\/div>\n\t\t\t\t<section class=\"elementor-section elementor-inner-section elementor-element elementor-element-28b5d8b elementor-section-boxed elementor-section-height-default elementor-section-height-default\" data-id=\"28b5d8b\" data-element_type=\"section\">\n\t\t\t\t\t\t<div class=\"elementor-container elementor-column-gap-default\">\n\t\t\t\t\t<div class=\"elementor-column elementor-col-50 elementor-inner-column elementor-element elementor-element-d7ac67b\" data-id=\"d7ac67b\" data-element_type=\"column\">\n\t\t\t<div class=\"elementor-widget-wrap elementor-element-populated\">\n\t\t\t\t\t\t<div class=\"elementor-element elementor-element-19c2c13 elementor-widget elementor-widget-text-editor\" data-id=\"19c2c13\" data-element_type=\"widget\" data-widget_type=\"text-editor.default\">\n\t\t\t\t<div class=\"elementor-widget-container\">\n\t\t\t\t\t\t\t<p>\u00a0<\/p><p style=\"font-size: 16px;color: #000000;text-align: justify\"><span style=\"font-weight: bold\">ETAPAS:<\/span><\/p><p style=\"font-size: 16px;color: #000000;text-align: justify\">1. Cria\u00e7\u00e3o do espa\u00e7o virtual e defini\u00e7\u00e3o da plataforma<br \/><span style=\"font-size: 1rem;color: black\">2. Disponibiliza\u00e7\u00e3o do espa\u00e7o virtual para convidar participantes<br \/><\/span><span style=\"font-size: 1rem;color: black\">3. Apresenta\u00e7\u00e3o da proposta ao grupo<br \/><\/span><span style=\"font-size: 1rem;color: black\">4. Recebimento de obras e relatos<br \/><\/span><span style=\"font-size: 1rem;color: black\">5. Acr\u00e9scimos de demais participantes e mediadores do grupo (Ash e Marcio)\u00a0<\/span><span style=\"font-size: 1rem;color: black\">sobre cada postagem no grupo.<\/span><\/p><p><a href=\"https:\/\/www.facebook.com\/groups\/588461048750724\/?multi_permalinks=58852 5578744271\">Link do facebook\u00a0<\/a><\/p>\t\t\t\t\t\t<\/div>\n\t\t\t\t<\/div>\n\t\t\t\t\t<\/div>\n\t\t<\/div>\n\t\t\t\t<div class=\"elementor-column elementor-col-50 elementor-inner-column elementor-element elementor-element-fb03840\" data-id=\"fb03840\" data-element_type=\"column\">\n\t\t\t<div class=\"elementor-widget-wrap\">\n\t\t\t\t\t\t\t<\/div>\n\t\t<\/div>\n\t\t\t\t\t<\/div>\n\t\t<\/section>\n\t\t\t\t\t<\/div>\n\t\t<\/div>\n\t\t\t\t\t<\/div>\n\t\t<\/section>\n\t\t\t\t<\/div>\n\t\t","protected":false},"excerpt":{"rendered":"<p>Ingra Schmitt e\u00a0Marcio Cardozo Cria\u00e7\u00e3o de um espa\u00e7o virtual em que \u00e9 poss\u00edvel a publica\u00e7\u00e3o de trabalhos art\u00edsticos\u00a0de diferentes linguagens dentro das Artes Visuais com base no atual momento de\u00a0quarentena. Na apresenta\u00e7\u00e3o visual (fotografia da obra ou v\u00eddeo) do seu trabalho o\u00a0artista far\u00e1 uma descri\u00e7\u00e3o sobre sua cria\u00e7\u00e3o e a rela\u00e7\u00e3o dela com o cen\u00e1rio [&hellip;]<\/p>\n","protected":false},"author":2498,"featured_media":0,"parent":32,"menu_order":0,"comment_status":"closed","ping_status":"closed","template":"","meta":{"footnotes":""},"categories":[17],"tags":[],"class_list":["post-487","page","type-page","status-publish","hentry","category-projetos"],"acf":[],"_links":{"self":[{"href":"https:\/\/www.ufsm.br\/laboratorios\/labinter\/wp-json\/wp\/v2\/pages\/487","targetHints":{"allow":["GET"]}}],"collection":[{"href":"https:\/\/www.ufsm.br\/laboratorios\/labinter\/wp-json\/wp\/v2\/pages"}],"about":[{"href":"https:\/\/www.ufsm.br\/laboratorios\/labinter\/wp-json\/wp\/v2\/types\/page"}],"author":[{"embeddable":true,"href":"https:\/\/www.ufsm.br\/laboratorios\/labinter\/wp-json\/wp\/v2\/users\/2498"}],"replies":[{"embeddable":true,"href":"https:\/\/www.ufsm.br\/laboratorios\/labinter\/wp-json\/wp\/v2\/comments?post=487"}],"version-history":[{"count":0,"href":"https:\/\/www.ufsm.br\/laboratorios\/labinter\/wp-json\/wp\/v2\/pages\/487\/revisions"}],"up":[{"embeddable":true,"href":"https:\/\/www.ufsm.br\/laboratorios\/labinter\/wp-json\/wp\/v2\/pages\/32"}],"wp:attachment":[{"href":"https:\/\/www.ufsm.br\/laboratorios\/labinter\/wp-json\/wp\/v2\/media?parent=487"}],"wp:term":[{"taxonomy":"category","embeddable":true,"href":"https:\/\/www.ufsm.br\/laboratorios\/labinter\/wp-json\/wp\/v2\/categories?post=487"},{"taxonomy":"post_tag","embeddable":true,"href":"https:\/\/www.ufsm.br\/laboratorios\/labinter\/wp-json\/wp\/v2\/tags?post=487"}],"curies":[{"name":"wp","href":"https:\/\/api.w.org\/{rel}","templated":true}]}}

Projeto Quarentena Artística

<div data-elementor-type="wp-page" data-elementor-id="487" class="elementor elementor-487">
						<section class="elementor-section elementor-top-section elementor-element elementor-element-9acd843 elementor-section-boxed elementor-section-height-default elementor-section-height-default" data-id="9acd843" data-element_type="section">
						<div class="elementor-container elementor-column-gap-default">
					<div class="elementor-column elementor-col-50 elementor-top-column elementor-element elementor-element-293b859" data-id="293b859" data-element_type="column">
			<div class="elementor-widget-wrap elementor-element-populated">
						<div class="elementor-element elementor-element-7dc996f elementor-widget elementor-widget-text-editor" data-id="7dc996f" data-element_type="widget" data-widget_type="text-editor.default">
				<div class="elementor-widget-container">
							<h5 style="font-size: 1rem;width: 916px;color: #21376b !important"><span style="font-size: 1rem;color: black">Ingra Schmitt e </span><span style="font-size: 1rem;color: black">Marcio Cardozo</span></h5><p style="color: #000000;font-size: 16px">Criação de um espaço virtual em que é possível a publicação de trabalhos artísticos <span style="font-size: 1rem;color: black">de diferentes linguagens dentro das Artes Visuais com base no atual momento de </span><span style="font-size: 1rem;color: black">quarentena. Na apresentação visual (fotografia da obra ou vídeo) do seu trabalho o </span><span style="font-size: 1rem;color: black">artista fará uma descrição sobre sua criação e a relação dela com o cenário de </span><span style="font-size: 1rem;color: black">junho/julho de 2020.</span></p><p style="color: #000000;font-size: 16px"><span style="font-size: 1rem;color: black"> </span></p><p style="color: #000000;font-size: 16px"> </p>						</div>
				</div>
				<section class="elementor-section elementor-inner-section elementor-element elementor-element-9ae96d6 elementor-section-boxed elementor-section-height-default elementor-section-height-default" data-id="9ae96d6" data-element_type="section">
						<div class="elementor-container elementor-column-gap-default">
					<div class="elementor-column elementor-col-100 elementor-inner-column elementor-element elementor-element-7934c0f" data-id="7934c0f" data-element_type="column">
			<div class="elementor-widget-wrap elementor-element-populated">
						<div class="elementor-element elementor-element-84b6d65 elementor-widget elementor-widget-image" data-id="84b6d65" data-element_type="widget" data-widget_type="image.default">
				<div class="elementor-widget-container">
													<img fetchpriority="high" decoding="async" width="891" height="599" src="https://www.ufsm.br/app/uploads/sites/814/2020/07/Captura-de-Tela-2020-07-19-às-01.17.05.jpg" class="attachment-large size-large wp-image-489" alt="" srcset="https://www.ufsm.br/app/uploads/sites/814/2020/07/Captura-de-Tela-2020-07-19-às-01.17.05.jpg 891w, https://www.ufsm.br/app/uploads/sites/814/2020/07/Captura-de-Tela-2020-07-19-às-01.17.05-300x202.jpg 300w, https://www.ufsm.br/app/uploads/sites/814/2020/07/Captura-de-Tela-2020-07-19-às-01.17.05-768x516.jpg 768w, https://www.ufsm.br/app/uploads/sites/814/2020/07/Captura-de-Tela-2020-07-19-às-01.17.05-272x182.jpg 272w" sizes="(max-width: 891px) 100vw, 891px" />													</div>
				</div>
					</div>
		</div>
					</div>
		</section>
					</div>
		</div>
				<div class="elementor-column elementor-col-50 elementor-top-column elementor-element elementor-element-2958853" data-id="2958853" data-element_type="column">
			<div class="elementor-widget-wrap elementor-element-populated">
						<div class="elementor-element elementor-element-4f88663 elementor-widget elementor-widget-image" data-id="4f88663" data-element_type="widget" data-widget_type="image.default">
				<div class="elementor-widget-container">
														<a href="https://www.facebook.com/groups/588461048750724/?multi_permalinks=58852%205578744271">
							<img decoding="async" width="857" height="630" src="https://www.ufsm.br/app/uploads/sites/814/2020/07/111.jpg" class="attachment-large size-large wp-image-488" alt="" srcset="https://www.ufsm.br/app/uploads/sites/814/2020/07/111.jpg 857w, https://www.ufsm.br/app/uploads/sites/814/2020/07/111-300x221.jpg 300w, https://www.ufsm.br/app/uploads/sites/814/2020/07/111-768x565.jpg 768w" sizes="(max-width: 857px) 100vw, 857px" />								</a>
													</div>
				</div>
				<section class="elementor-section elementor-inner-section elementor-element elementor-element-28b5d8b elementor-section-boxed elementor-section-height-default elementor-section-height-default" data-id="28b5d8b" data-element_type="section">
						<div class="elementor-container elementor-column-gap-default">
					<div class="elementor-column elementor-col-50 elementor-inner-column elementor-element elementor-element-d7ac67b" data-id="d7ac67b" data-element_type="column">
			<div class="elementor-widget-wrap elementor-element-populated">
						<div class="elementor-element elementor-element-19c2c13 elementor-widget elementor-widget-text-editor" data-id="19c2c13" data-element_type="widget" data-widget_type="text-editor.default">
				<div class="elementor-widget-container">
							<p> </p><p style="font-size: 16px;color: #000000;text-align: justify"><span style="font-weight: bold">ETAPAS:</span></p><p style="font-size: 16px;color: #000000;text-align: justify">1. Criação do espaço virtual e definição da plataforma<br /><span style="font-size: 1rem;color: black">2. Disponibilização do espaço virtual para convidar participantes<br /></span><span style="font-size: 1rem;color: black">3. Apresentação da proposta ao grupo<br /></span><span style="font-size: 1rem;color: black">4. Recebimento de obras e relatos<br /></span><span style="font-size: 1rem;color: black">5. Acréscimos de demais participantes e mediadores do grupo (Ash e Marcio) </span><span style="font-size: 1rem;color: black">sobre cada postagem no grupo.</span></p><p><a href="https://www.facebook.com/groups/588461048750724/?multi_permalinks=58852 5578744271">Link do facebook </a></p>						</div>
				</div>
					</div>
		</div>
				<div class="elementor-column elementor-col-50 elementor-inner-column elementor-element elementor-element-fb03840" data-id="fb03840" data-element_type="column">
			<div class="elementor-widget-wrap">
							</div>
		</div>
					</div>
		</section>
					</div>
		</div>
					</div>
		</section>
				</div>

<p>Ingra Schmitt e Marcio Cardozo Criação de um espaço virtual em que é possível a publicação de trabalhos artísticos de diferentes linguagens dentro das Artes Visuais com base no atual momento de quarentena. Na apresentação visual (fotografia da obra ou vídeo) do seu trabalho o artista fará uma descrição sobre sua criação e a relação dela com o cenário [&hellip;]</p>
