{"id":22,"date":"2019-05-14T17:01:42","date_gmt":"2019-05-14T20:01:42","guid":{"rendered":"https:\/\/www.ufsm.br\/template-laboratprio\/?page_id=22"},"modified":"2019-07-18T12:20:18","modified_gmt":"2019-07-18T15:20:18","slug":"informacoes-gerais","status":"publish","type":"page","link":"https:\/\/www.ufsm.br\/laboratorios\/labiomec\/informacoes-gerais","title":{"rendered":"Sobre"},"content":{"rendered":"\n<p style=\"color: #000000;font-family: 'Times New Roman';font-size: medium;text-indent: 40px;line-height: 24px;margin-top: 3px;margin-bottom: 0pt\" align=\"justify\"><span style=\"font-family: Verdana\">O Laborat\u00f3rio de Biomec\u00e2nica (LABIOMEC) busca a compreens\u00e3o do movimento humano do ponto de visto mec\u00e2nico, e para isso, conta com um grupo multidisciplinar e uma infra-estrutura capaz de oferecer eficiente suporte \u00e0 pesquisa, aos programas de gradua\u00e7\u00e3o e p\u00f3s-gradua\u00e7\u00e3o na \u00e1rea da Biomec\u00e2nica do Esporte, Biomec\u00e2nica Ocupacional e Metodologia Biomec\u00e2nica.<\/span><\/p>\n<p style=\"color: #000000;font-family: 'Times New Roman';font-size: medium;text-indent: 40px;line-height: 24px;margin-top: 3px;margin-bottom: 0pt\" align=\"justify\">&nbsp;<\/p>\n<p style=\"color: #000000;font-family: 'Times New Roman';font-size: medium;text-indent: 40px;line-height: 24px;margin-top: 3px;margin-bottom: 0pt\" align=\"justify\"><span style=\"font-family: Verdana\">A hist\u00f3ria do Labiomec do Centro de Educa\u00e7\u00e3o F\u00edsica e Desportos da UFSM iniciou em 1976, quando o Dr. Hartmut Riehle ministrou, em Santa Maria, o primeiro curso de especializa\u00e7\u00e3o na \u00e1rea. A partir deste evento, professores e alunos do Curso de Educa\u00e7\u00e3o F\u00edsica come\u00e7aram a se interessar pela Biomec\u00e2nica.<\/span><\/p>\n<p style=\"color: #000000;font-family: 'Times New Roman';font-size: medium;text-indent: 40px;line-height: 24px;margin-top: 3px;margin-bottom: 0pt\" align=\"justify\"><span style=\"font-family: Verdana\">&nbsp;<\/span><\/p>\n<p style=\"color: #000000;font-family: 'Times New Roman';font-size: medium;text-indent: 40px;line-height: 24px;margin-top: 3px;margin-bottom: 0pt\" align=\"justify\"><span style=\"font-family: Verdana\">Com a cria\u00e7\u00e3o do Laborat\u00f3rio de Pesquisa e Ensino do Movimento (LAPEM), em 1982, foi destinada uma \u00e1rea para a Biomec\u00e2nica. Por\u00e9m, seu desenvolvimento efetivo se deu a partir de 1984, com o retorno de professores que realizavam curso de Mestrado e Doutorado no exterior.<\/span><\/p>\n<p style=\"color: #000000;font-family: 'Times New Roman';font-size: medium;text-indent: 40px;line-height: 24px;margin-top: 3px;margin-bottom: 0pt\" align=\"justify\">&nbsp;<\/p>\n<p style=\"color: #000000;font-family: 'Times New Roman';font-size: medium;text-indent: 40px;line-height: 24px;margin-top: 3px;margin-bottom: 0pt\" align=\"justify\"><span style=\"font-family: Verdana\">Atualmente o Laborat\u00f3rio possui rela\u00e7\u00f5es com diversas universidades como&nbsp;<\/span><span style=\"font-family: Verdana\">UFRGS, UDESC, UFSC e USP<\/span><span style=\"font-family: Verdana\">, o que \u00e9 fundamental para o avan\u00e7o na pesquisa.<\/span><\/p>\n<p style=\"color: #000000;font-family: 'Times New Roman';font-size: medium;text-indent: 40px;line-height: 24px;margin-top: 3px;margin-bottom: 0pt\" align=\"justify\">&nbsp;<\/p>\n","protected":false},"excerpt":{"rendered":"<p>O Laborat\u00f3rio de Biomec\u00e2nica (LABIOMEC) busca a compreens\u00e3o do movimento humano do ponto de visto mec\u00e2nico, e para isso, conta com um grupo multidisciplinar e uma infra-estrutura capaz de oferecer eficiente suporte \u00e0 pesquisa, aos programas de gradua\u00e7\u00e3o e p\u00f3s-gradua\u00e7\u00e3o na \u00e1rea da Biomec\u00e2nica do Esporte, Biomec\u00e2nica Ocupacional e Metodologia Biomec\u00e2nica. &nbsp; A hist\u00f3ria do [&hellip;]<\/p>\n","protected":false},"author":124,"featured_media":0,"parent":0,"menu_order":0,"comment_status":"closed","ping_status":"closed","template":"","meta":{"footnotes":""},"categories":[],"tags":[],"class_list":["post-22","page","type-page","status-publish","hentry"],"acf":[],"_links":{"self":[{"href":"https:\/\/www.ufsm.br\/laboratorios\/labiomec\/wp-json\/wp\/v2\/pages\/22","targetHints":{"allow":["GET"]}}],"collection":[{"href":"https:\/\/www.ufsm.br\/laboratorios\/labiomec\/wp-json\/wp\/v2\/pages"}],"about":[{"href":"https:\/\/www.ufsm.br\/laboratorios\/labiomec\/wp-json\/wp\/v2\/types\/page"}],"author":[{"embeddable":true,"href":"https:\/\/www.ufsm.br\/laboratorios\/labiomec\/wp-json\/wp\/v2\/users\/124"}],"replies":[{"embeddable":true,"href":"https:\/\/www.ufsm.br\/laboratorios\/labiomec\/wp-json\/wp\/v2\/comments?post=22"}],"version-history":[{"count":0,"href":"https:\/\/www.ufsm.br\/laboratorios\/labiomec\/wp-json\/wp\/v2\/pages\/22\/revisions"}],"wp:attachment":[{"href":"https:\/\/www.ufsm.br\/laboratorios\/labiomec\/wp-json\/wp\/v2\/media?parent=22"}],"wp:term":[{"taxonomy":"category","embeddable":true,"href":"https:\/\/www.ufsm.br\/laboratorios\/labiomec\/wp-json\/wp\/v2\/categories?post=22"},{"taxonomy":"post_tag","embeddable":true,"href":"https:\/\/www.ufsm.br\/laboratorios\/labiomec\/wp-json\/wp\/v2\/tags?post=22"}],"curies":[{"name":"wp","href":"https:\/\/api.w.org\/{rel}","templated":true}]}}