{"id":635,"date":"2026-07-01T13:12:01","date_gmt":"2026-07-01T16:12:01","guid":{"rendered":"https:\/\/www.ufsm.br\/laboratorios\/labler\/?post_type=eventos&#038;p=635"},"modified":"2026-08-19T18:03:46","modified_gmt":"2026-08-19T21:03:46","slug":"symposium-of-academic-exchange-sae","status":"publish","type":"eventos","link":"https:\/\/www.ufsm.br\/laboratorios\/labler\/eventos\/symposium-of-academic-exchange-sae","parent":0,"template":"","tags":[28,22,20,18,23],"class_list":["post-635","eventos","type-eventos","status-publish","has-post-thumbnail","hentry","tag-dri","tag-internacionalizacao","tag-labler","tag-linc","tag-sae"],"acf":{"evento_nome":"VI Symposium of Academic Exchange - SAE","evento_inicio":"09\/11\/2026 14:00","evento_termino":"11\/11\/2026 18:00","evento_banner":{"ID":723,"id":723,"title":"banner SAE evento JAi","filename":"banner-SAE-evento-JAi.jpg","filesize":30837,"url":"https:\/\/www.ufsm.br\/app\/uploads\/sites\/758\/2026\/07\/banner-SAE-evento-JAi.jpg","link":"https:\/\/www.ufsm.br\/laboratorios\/labler\/eventos\/symposium-of-academic-exchange-sae\/banner-sae-evento-jai","alt":"","author":"5019","description":"","caption":"","name":"banner-sae-evento-jai","status":"inherit","uploaded_to":635,"date":"2026-08-19 20:46:13","modified":"2026-08-19 20:46:17","menu_order":0,"mime_type":"image\/jpeg","type":"image","subtype":"jpeg","icon":"https:\/\/www.ufsm.br\/laboratorios\/labler\/wp-includes\/images\/media\/default.png","width":1500,"height":400,"sizes":{"thumbnail":"https:\/\/www.ufsm.br\/app\/uploads\/sites\/758\/2026\/07\/banner-SAE-evento-JAi-150x150.jpg","thumbnail-width":150,"thumbnail-height":150,"medium":"https:\/\/www.ufsm.br\/app\/uploads\/sites\/758\/2026\/07\/banner-SAE-evento-JAi-300x80.jpg","medium-width":300,"medium-height":80,"medium_large":"https:\/\/www.ufsm.br\/app\/uploads\/sites\/758\/2026\/07\/banner-SAE-evento-JAi-768x205.jpg","medium_large-width":768,"medium_large-height":205,"large":"https:\/\/www.ufsm.br\/app\/uploads\/sites\/758\/2026\/07\/banner-SAE-evento-JAi-1024x273.jpg","large-width":1024,"large-height":273,"1536x1536":"https:\/\/www.ufsm.br\/app\/uploads\/sites\/758\/2026\/07\/banner-SAE-evento-JAi.jpg","1536x1536-width":1500,"1536x1536-height":400,"2048x2048":"https:\/\/www.ufsm.br\/app\/uploads\/sites\/758\/2026\/07\/banner-SAE-evento-JAi.jpg","2048x2048-width":1500,"2048x2048-height":400,"sow-carousel-default":"https:\/\/www.ufsm.br\/app\/uploads\/sites\/758\/2026\/07\/banner-SAE-evento-JAi-272x182.jpg","sow-carousel-default-width":272,"sow-carousel-default-height":182}},"endereco_url":"symposium-of-academic-exchange-sae","evento_categoria":"T\u00c9CNICO-CIENT\u00cdFICOS","evento_descricao":"<p><span style=\"font-weight: 400\">O VI <i>Symposium of Academic Exchange<\/i> (<\/span><a href=\"https:\/\/www.ufsm.br\/laboratorios\/labler\/symposium-of-academic-exchange\"><b>SAE<\/b><\/a>)<span style=\"font-weight: 400\"> \u00e9 voltado a estudantes n\u00e3o angl\u00f3fonos do ensino m\u00e9dio, da gradua\u00e7\u00e3o e da p\u00f3s-gradua\u00e7\u00e3o de todas as \u00e1reas do conhecimento. Pesquisadoras(es) iniciantes s\u00e3o desafiadas(os) a apresentar suas pesquisas em ingl\u00eas em at\u00e9 cinco minutos, de forma envolvente, para que possam ser compreendidos por um p\u00fablico acad\u00eamico n\u00e3o especializado. Inspirado na competi\u00e7\u00e3o internacional <\/span><i><span style=\"font-weight: 400\">Three Minute Thesis<\/span><\/i><span style=\"font-weight: 400\"> (3MT), o evento visa 1) impulsionar os letramentos acad\u00eamicos em ingl\u00eas; e 2) desenvolver a capacidade dessas(es) cientistas de apresentar suas pesquisas para p\u00fablicos multidisciplinares, destacando o potencial impacto na comunidade. As melhores apresenta\u00e7\u00f5es recebem certificados de distin\u00e7\u00e3o acad\u00eamica em categorias como Impacto Social, Populariza\u00e7\u00e3o da Ci\u00eancia, Melhor Slide, Precis\u00e3o e Flu\u00eancia Lingu\u00edstica e Administra\u00e7\u00e3o do Tempo. Al\u00e9m disso, as tr\u00eas melhores apresenta\u00e7\u00f5es recebem pr\u00eamios.<\/span><\/p>\n","evento_programacao":"<p><b>9 de Novembro | Sal\u00e3o Imembu\u00ed (Reitoria)<\/b><\/p>\n<p><span style=\"font-weight: 400\">14h &#8211; Apresenta\u00e7\u00f5es do SAE High School<\/span><\/p>\n<p>&nbsp;<\/p>\n<p><b>10 de Novembro | Sal\u00e3o Imembu\u00ed (Reitoria)<\/b><\/p>\n<p><span style=\"font-weight: 400\">14h &#8211; Apresenta\u00e7\u00f5es do SAE Higher Education<\/span><\/p>\n<p>&nbsp;<\/p>\n<p><b>11 de Novembro | Sal\u00e3o Imembu\u00ed (Reitoria)<\/b><\/p>\n<p><span style=\"font-weight: 400\">14h &#8211; Apresenta\u00e7\u00f5es do SAE Higher Education<\/span><\/p>\n<p>&nbsp;<\/p>\n","evento_inscricao":"<p>Inscri\u00e7\u00f5es: <a href=\"https:\/\/www.ufsm.br\/laboratorios\/labler\/editais\/010-2026\">Edital VI SAE<\/a><\/p>\n","evento_local":"Sal\u00e3o Imembu\u00ed - Reitoria","evento_contato":"<p>LabLeR &#8211; Laborat\u00f3rio de Pesquisa e Ensino de Leitura e Reda\u00e7\u00e3o<\/p>\n"},"_links":{"self":[{"href":"https:\/\/www.ufsm.br\/laboratorios\/labler\/wp-json\/wp\/v2\/eventos\/635","targetHints":{"allow":["GET"]}}],"collection":[{"href":"https:\/\/www.ufsm.br\/laboratorios\/labler\/wp-json\/wp\/v2\/eventos"}],"about":[{"href":"https:\/\/www.ufsm.br\/laboratorios\/labler\/wp-json\/wp\/v2\/types\/eventos"}],"wp:featuredmedia":[{"embeddable":true,"href":"https:\/\/www.ufsm.br\/laboratorios\/labler\/wp-json\/wp\/v2\/media\/723"}],"wp:attachment":[{"href":"https:\/\/www.ufsm.br\/laboratorios\/labler\/wp-json\/wp\/v2\/media?parent=635"}],"wp:term":[{"taxonomy":"post_tag","embeddable":true,"href":"https:\/\/www.ufsm.br\/laboratorios\/labler\/wp-json\/wp\/v2\/tags?post=635"}],"curies":[{"name":"wp","href":"https:\/\/api.w.org\/{rel}","templated":true}]}}

TÉCNICO-CIENTÍFICOS

<p><span style="font-weight: 400">O VI <i>Symposium of Academic Exchange</i> (</span><a href="https://www.ufsm.br/laboratorios/labler/symposium-of-academic-exchange"><b>SAE</b></a>)<span style="font-weight: 400"> é voltado a estudantes não anglófonos do ensino médio, da graduação e da pós-graduação de todas as áreas do conhecimento. Pesquisadoras(es) iniciantes são desafiadas(os) a apresentar suas pesquisas em inglês em até cinco minutos, de forma envolvente, para que possam ser compreendidos por um público acadêmico não especializado. Inspirado na competição internacional </span><i><span style="font-weight: 400">Three Minute Thesis</span></i><span style="font-weight: 400"> (3MT), o evento visa 1) impulsionar os letramentos acadêmicos em inglês; e 2) desenvolver a capacidade dessas(es) cientistas de apresentar suas pesquisas para públicos multidisciplinares, destacando o potencial impacto na comunidade. As melhores apresentações recebem certificados de distinção acadêmica em categorias como Impacto Social, Popularização da Ciência, Melhor Slide, Precisão e Fluência Linguística e Administração do Tempo. Além disso, as três melhores apresentações recebem prêmios.</span></p>

<p><b>9 de Novembro | Salão Imembuí (Reitoria)</b></p>
<p><span style="font-weight: 400">14h &#8211; Apresentações do SAE High School</span></p>
<p>&nbsp;</p>
<p><b>10 de Novembro | Salão Imembuí (Reitoria)</b></p>
<p><span style="font-weight: 400">14h &#8211; Apresentações do SAE Higher Education</span></p>
<p>&nbsp;</p>
<p><b>11 de Novembro | Salão Imembuí (Reitoria)</b></p>
<p><span style="font-weight: 400">14h &#8211; Apresentações do SAE Higher Education</span></p>
<p>&nbsp;</p>

<p>Inscrições: <a href="https://www.ufsm.br/laboratorios/labler/editais/010-2026">Edital VI SAE</a></p>

Salão Imembuí - Reitoria

<p>LabLeR &#8211; Laboratório de Pesquisa e Ensino de Leitura e Redação</p>
