{"id":32,"date":"2019-05-24T15:38:39","date_gmt":"2019-05-24T18:38:39","guid":{"rendered":"https:\/\/www.ufsm.br\/template-laboratprio\/?page_id=32"},"modified":"2023-06-29T14:31:42","modified_gmt":"2023-06-29T17:31:42","slug":"projetos","status":"publish","type":"page","link":"https:\/\/www.ufsm.br\/laboratorios\/labler\/projetos","title":{"rendered":"Projetos"},"content":{"rendered":"\t\t<div data-elementor-type=\"wp-page\" data-elementor-id=\"32\" class=\"elementor elementor-32\">\n\t\t\t\t\t\t<section class=\"elementor-section elementor-top-section elementor-element elementor-element-1990aa9 elementor-section-boxed elementor-section-height-default elementor-section-height-default\" data-id=\"1990aa9\" data-element_type=\"section\">\n\t\t\t\t\t\t<div class=\"elementor-container elementor-column-gap-default\">\n\t\t\t\t\t<div class=\"elementor-column elementor-col-100 elementor-top-column elementor-element elementor-element-14009c7\" data-id=\"14009c7\" data-element_type=\"column\">\n\t\t\t<div class=\"elementor-widget-wrap elementor-element-populated\">\n\t\t\t\t\t\t<div class=\"elementor-element elementor-element-c56f8d3 elementor-widget elementor-widget-heading\" data-id=\"c56f8d3\" data-element_type=\"widget\" data-widget_type=\"heading.default\">\n\t\t\t\t<div class=\"elementor-widget-container\">\n\t\t\t<h2 class=\"elementor-heading-title elementor-size-default\">Pesquisa<\/h2>\t\t<\/div>\n\t\t\t\t<\/div>\n\t\t\t\t\t<\/div>\n\t\t<\/div>\n\t\t\t\t\t<\/div>\n\t\t<\/section>\n\t\t\t\t<section class=\"elementor-section elementor-top-section elementor-element elementor-element-70dbd95 elementor-section-boxed elementor-section-height-default elementor-section-height-default\" data-id=\"70dbd95\" data-element_type=\"section\">\n\t\t\t\t\t\t<div class=\"elementor-container elementor-column-gap-default\">\n\t\t\t\t\t<div class=\"elementor-column elementor-col-50 elementor-top-column elementor-element elementor-element-0a20755\" data-id=\"0a20755\" data-element_type=\"column\">\n\t\t\t<div class=\"elementor-widget-wrap elementor-element-populated\">\n\t\t\t\t\t\t<div class=\"elementor-element elementor-element-b9dd88a elementor-widget elementor-widget-heading\" data-id=\"b9dd88a\" data-element_type=\"widget\" data-widget_type=\"heading.default\">\n\t\t\t\t<div class=\"elementor-widget-container\">\n\t\t\t<h2 class=\"elementor-heading-title elementor-size-medium\"><h5 class=\"wp-block-heading\">NELA<\/h5><\/h2>\t\t<\/div>\n\t\t\t\t<\/div>\n\t\t\t\t<div class=\"elementor-element elementor-element-ae65b3b elementor-widget elementor-widget-wp-widget-ufsm_apresentacao_widget\" data-id=\"ae65b3b\" data-element_type=\"widget\" data-widget_type=\"wp-widget-ufsm_apresentacao_widget.default\">\n\t\t\t\t<div class=\"elementor-widget-container\">\n\t\t\t<p>\n    O projeto <b>N\u00facleo de Estudos sobre Letramentos Acad\u00eamicos (NELA)<\/b> possui sua classifica\u00e7\u00e3o principal como <b>Pesquisa<\/b>,\n    sendo sua dura\u00e7\u00e3o de <b>01\/05\/2021<\/b> at\u00e9 <b>30\/04\/2025<\/b>. Ele est\u00e1 registrado pelo processo de n\u00famero <b>23081.050469\/2021-75<\/b>. \n    Atualmente ele est\u00e1 em <b>em andamento<\/b>.\n<\/p>\n    <p>\n        <b>Palavras-chave:<\/b> Letramentos Acad\u00eamicos, An\u00e1lise Cr\u00edtica de G\u00eanero, Comunica\u00e7\u00e3o cient\u00edfica, Internacionaliza\u00e7\u00e3o    <\/p>\n<p>\n    <a href=\"https:\/\/portal.ufsm.br\/projetos\/publico\/projetos\/view.html?idProjeto=68663\" target=\"_blank\">\n        <i class=\"fa fa-external-link me-1\" aria-hidden=\"true\"><\/i>\n        Ver mais informa\u00e7\u00f5es no Portal de Projetos\n    <\/a>\n<\/p>\n\t\t<\/div>\n\t\t\t\t<\/div>\n\t\t\t\t<div class=\"elementor-element elementor-element-9bc494f elementor-widget elementor-widget-heading\" data-id=\"9bc494f\" data-element_type=\"widget\" data-widget_type=\"heading.default\">\n\t\t\t\t<div class=\"elementor-widget-container\">\n\t\t\t<h2 class=\"elementor-heading-title elementor-size-medium\"><h5 class=\"wp-block-heading\">An\u00e1lise Cr\u00edtica da Multimodalidade<\/h5><\/h2>\t\t<\/div>\n\t\t\t\t<\/div>\n\t\t\t\t<div class=\"elementor-element elementor-element-a376d7e elementor-widget elementor-widget-wp-widget-ufsm_apresentacao_widget\" data-id=\"a376d7e\" data-element_type=\"widget\" data-widget_type=\"wp-widget-ufsm_apresentacao_widget.default\">\n\t\t\t\t<div class=\"elementor-widget-container\">\n\t\t\t<p>\n    O projeto <b>An\u00e1lise cr\u00edtica da multimodalidade: ci\u00eancia da linguagem para os multiletramentos<\/b> possui sua classifica\u00e7\u00e3o principal como <b>Pesquisa<\/b>,\n    sendo sua dura\u00e7\u00e3o de <b>17\/04\/2017<\/b> at\u00e9 <b>28\/02\/2022<\/b>. Ele est\u00e1 registrado pelo processo de n\u00famero <b>23081.017636\/2017-90<\/b>. \n    Atualmente ele est\u00e1 em <b>conclu\u00eddo\/publicado<\/b>.\n<\/p>\n    <p>\n        <b>Palavras-chave:<\/b> An\u00e1lise Cr\u00edtica de G\u00eanero, Multimodalidade, Multiletramentos    <\/p>\n<p>\n    <a href=\"https:\/\/portal.ufsm.br\/projetos\/publico\/projetos\/view.html?idProjeto=57169\" target=\"_blank\">\n        <i class=\"fa fa-external-link me-1\" aria-hidden=\"true\"><\/i>\n        Ver mais informa\u00e7\u00f5es no Portal de Projetos\n    <\/a>\n<\/p>\n\t\t<\/div>\n\t\t\t\t<\/div>\n\t\t\t\t\t<\/div>\n\t\t<\/div>\n\t\t\t\t<div class=\"elementor-column elementor-col-50 elementor-top-column elementor-element elementor-element-6d746b5\" data-id=\"6d746b5\" data-element_type=\"column\">\n\t\t\t<div class=\"elementor-widget-wrap elementor-element-populated\">\n\t\t\t\t\t\t<div class=\"elementor-element elementor-element-8832de8 elementor-widget elementor-widget-heading\" data-id=\"8832de8\" data-element_type=\"widget\" data-widget_type=\"heading.default\">\n\t\t\t\t<div class=\"elementor-widget-container\">\n\t\t\t<h2 class=\"elementor-heading-title elementor-size-medium\"><h5 class=\"wp-block-heading\">Forma\u00e7\u00e3o  de professores para o ensino de pr\u00e1ticas letradas transl\u00edngues<\/h5><\/h2>\t\t<\/div>\n\t\t\t\t<\/div>\n\t\t\t\t<div class=\"elementor-element elementor-element-620d110 elementor-widget elementor-widget-wp-widget-ufsm_apresentacao_widget\" data-id=\"620d110\" data-element_type=\"widget\" data-widget_type=\"wp-widget-ufsm_apresentacao_widget.default\">\n\t\t\t\t<div class=\"elementor-widget-container\">\n\t\t\t<p>\n    O projeto <b>FORMA\u00c7\u00c3O INICIAL E CONTINUADA DE PROFESSORES PARA O ENSINO DE PR\u00c1TICAS LETRADAS TRANSLINGUES<\/b> possui sua classifica\u00e7\u00e3o principal como <b>Pesquisa<\/b>,\n    sendo sua dura\u00e7\u00e3o de <b>16\/03\/2023<\/b> at\u00e9 <b>30\/03\/2028<\/b>. Ele est\u00e1 registrado pelo processo de n\u00famero <b>23081.006292\/2023-31<\/b>. \n    Atualmente ele est\u00e1 em <b>em andamento<\/b>.\n<\/p>\n    <p>\n        <b>Palavras-chave:<\/b> Ensino transl\u00edngue, letramentos, forma\u00e7\u00e3o inicial e continuada de professores, Etnografia e PCCol    <\/p>\n<p>\n    <a href=\"https:\/\/portal.ufsm.br\/projetos\/publico\/projetos\/view.html?idProjeto=72392\" target=\"_blank\">\n        <i class=\"fa fa-external-link me-1\" aria-hidden=\"true\"><\/i>\n        Ver mais informa\u00e7\u00f5es no Portal de Projetos\n    <\/a>\n<\/p>\n\t\t<\/div>\n\t\t\t\t<\/div>\n\t\t\t\t<div class=\"elementor-element elementor-element-17aacb0 elementor-widget elementor-widget-heading\" data-id=\"17aacb0\" data-element_type=\"widget\" data-widget_type=\"heading.default\">\n\t\t\t\t<div class=\"elementor-widget-container\">\n\t\t\t<h2 class=\"elementor-heading-title elementor-size-medium\"><h5 class=\"wp-block-heading\">L\u00ednguas na Escola<\/h5><\/h2>\t\t<\/div>\n\t\t\t\t<\/div>\n\t\t\t\t<div class=\"elementor-element elementor-element-8e447d7 elementor-widget elementor-widget-wp-widget-ufsm_apresentacao_widget\" data-id=\"8e447d7\" data-element_type=\"widget\" data-widget_type=\"wp-widget-ufsm_apresentacao_widget.default\">\n\t\t\t\t<div class=\"elementor-widget-container\">\n\t\t\t<p>\n    O projeto <b>L\u00cdNGUAS NA ESCOLA: FORMA\u00c7\u00c3O COLABORATIVA DE PROFESSORES DE PORTUGU\u00caS E INGL\u00caS PARA O ENSINO DOS MULTILETRAMENTOS NO CONTEXTO ESCOLAR<\/b> possui sua classifica\u00e7\u00e3o principal como <b>Pesquisa<\/b>,\n    sendo sua dura\u00e7\u00e3o de <b>05\/03\/2020<\/b> at\u00e9 <b>24\/04\/2024<\/b>. Ele est\u00e1 registrado pelo processo de n\u00famero <b>23081.013776\/2020-94<\/b>. \n    Atualmente ele est\u00e1 em <b>conclu\u00eddo\/publicado<\/b>.\n<\/p>\n    <p>\n        <b>Palavras-chave:<\/b> Multiletramentos, Forma\u00e7\u00e3o colaborativa, Ensino de Linguagem    <\/p>\n<p>\n    <a href=\"https:\/\/portal.ufsm.br\/projetos\/publico\/projetos\/view.html?idProjeto=65992\" target=\"_blank\">\n        <i class=\"fa fa-external-link me-1\" aria-hidden=\"true\"><\/i>\n        Ver mais informa\u00e7\u00f5es no Portal de Projetos\n    <\/a>\n<\/p>\n\t\t<\/div>\n\t\t\t\t<\/div>\n\t\t\t\t<div class=\"elementor-element elementor-element-1240607 elementor-widget elementor-widget-heading\" data-id=\"1240607\" data-element_type=\"widget\" data-widget_type=\"heading.default\">\n\t\t\t\t<div class=\"elementor-widget-container\">\n\t\t\t<h2 class=\"elementor-heading-title elementor-size-medium\"><h5 class=\"wp-block-heading\">NECCE<\/h5><\/h2>\t\t<\/div>\n\t\t\t\t<\/div>\n\t\t\t\t<div class=\"elementor-element elementor-element-77e1475 elementor-widget elementor-widget-wp-widget-ufsm_apresentacao_widget\" data-id=\"77e1475\" data-element_type=\"widget\" data-widget_type=\"wp-widget-ufsm_apresentacao_widget.default\">\n\t\t\t\t<div class=\"elementor-widget-container\">\n\t\t\t<p>\n    O projeto <b>N\u00facleo de Estudos Colaborativos em Contextos Escolares (NECCE)<\/b> possui sua classifica\u00e7\u00e3o principal como <b>Extens\u00e3o<\/b>,\n    sendo sua dura\u00e7\u00e3o de <b>26\/03\/2015<\/b> at\u00e9 <b>28\/12\/2016<\/b>. Ele est\u00e1 registrado pelo processo de n\u00famero <b>042169<\/b>. \n    Atualmente ele est\u00e1 em <b>cancelado<\/b>.\n<\/p>\n    <p>\n        <b>Palavras-chave:<\/b> Pesquisa colaborativa, forma\u00e7\u00e3o de professores, ensino de linguagem, multiletramentos    <\/p>\n<p>\n    <a href=\"https:\/\/portal.ufsm.br\/projetos\/publico\/projetos\/view.html?idProjeto=48970\" target=\"_blank\">\n        <i class=\"fa fa-external-link me-1\" aria-hidden=\"true\"><\/i>\n        Ver mais informa\u00e7\u00f5es no Portal de Projetos\n    <\/a>\n<\/p>\n\t\t<\/div>\n\t\t\t\t<\/div>\n\t\t\t\t\t<\/div>\n\t\t<\/div>\n\t\t\t\t\t<\/div>\n\t\t<\/section>\n\t\t\t\t<section class=\"elementor-section elementor-top-section elementor-element elementor-element-3a9983b elementor-section-boxed elementor-section-height-default elementor-section-height-default\" data-id=\"3a9983b\" data-element_type=\"section\">\n\t\t\t\t\t\t<div class=\"elementor-container elementor-column-gap-default\">\n\t\t\t\t\t<div class=\"elementor-column elementor-col-100 elementor-top-column elementor-element elementor-element-0c91b72\" data-id=\"0c91b72\" data-element_type=\"column\">\n\t\t\t<div class=\"elementor-widget-wrap elementor-element-populated\">\n\t\t\t\t\t\t<div class=\"elementor-element elementor-element-7118ab4 elementor-widget elementor-widget-heading\" data-id=\"7118ab4\" data-element_type=\"widget\" data-widget_type=\"heading.default\">\n\t\t\t\t<div class=\"elementor-widget-container\">\n\t\t\t<h2 class=\"elementor-heading-title elementor-size-default\">Ensino\/Extens\u00e3o<\/h2>\t\t<\/div>\n\t\t\t\t<\/div>\n\t\t\t\t\t<\/div>\n\t\t<\/div>\n\t\t\t\t\t<\/div>\n\t\t<\/section>\n\t\t\t\t<section class=\"elementor-section elementor-top-section elementor-element elementor-element-cc50ad1 elementor-section-boxed elementor-section-height-default elementor-section-height-default\" data-id=\"cc50ad1\" data-element_type=\"section\">\n\t\t\t\t\t\t<div class=\"elementor-container elementor-column-gap-default\">\n\t\t\t\t\t<div class=\"elementor-column elementor-col-100 elementor-top-column elementor-element elementor-element-5f30a34\" data-id=\"5f30a34\" data-element_type=\"column\">\n\t\t\t<div class=\"elementor-widget-wrap elementor-element-populated\">\n\t\t\t\t\t\t<div class=\"elementor-element elementor-element-6d3ac7a elementor-widget elementor-widget-heading\" data-id=\"6d3ac7a\" data-element_type=\"widget\" data-widget_type=\"heading.default\">\n\t\t\t\t<div class=\"elementor-widget-container\">\n\t\t\t<h2 class=\"elementor-heading-title elementor-size-medium\"><h5 class=\"wp-block-heading\">LINC<\/h5><\/h2>\t\t<\/div>\n\t\t\t\t<\/div>\n\t\t\t\t<div class=\"elementor-element elementor-element-40b4a2f elementor-widget elementor-widget-wp-widget-ufsm_apresentacao_widget\" data-id=\"40b4a2f\" data-element_type=\"widget\" data-widget_type=\"wp-widget-ufsm_apresentacao_widget.default\">\n\t\t\t\t<div class=\"elementor-widget-container\">\n\t\t\t<p>\n    O projeto <b>LINC - L\u00ednguas no Campus<\/b> possui sua classifica\u00e7\u00e3o principal como <b>Extens\u00e3o<\/b>,\n    sendo sua dura\u00e7\u00e3o de <b>06\/04\/2022<\/b> at\u00e9 <b>09\/10\/2027<\/b>. Ele est\u00e1 registrado pelo processo de n\u00famero <b>23081.043633\/2022-79<\/b>. \n    Atualmente ele est\u00e1 em <b>em andamento<\/b>.\n<\/p>\n    <p>\n        <b>Palavras-chave:<\/b> L\u00ednguas adicionais, Forma\u00e7\u00e3o de professores, Internacionaliza\u00e7\u00e3o, Multiletramentos    <\/p>\n<p>\n    <a href=\"https:\/\/portal.ufsm.br\/projetos\/publico\/projetos\/view.html?idProjeto=70430\" target=\"_blank\">\n        <i class=\"fa fa-external-link me-1\" aria-hidden=\"true\"><\/i>\n        Ver mais informa\u00e7\u00f5es no Portal de Projetos\n    <\/a>\n<\/p>\n\t\t<\/div>\n\t\t\t\t<\/div>\n\t\t\t\t\t<\/div>\n\t\t<\/div>\n\t\t\t\t\t<\/div>\n\t\t<\/section>\n\t\t\t\t<section class=\"elementor-section elementor-top-section elementor-element elementor-element-eff8c40 elementor-section-boxed elementor-section-height-default elementor-section-height-default\" data-id=\"eff8c40\" data-element_type=\"section\">\n\t\t\t\t\t\t<div class=\"elementor-container elementor-column-gap-default\">\n\t\t\t\t\t<div class=\"elementor-column elementor-col-100 elementor-top-column elementor-element elementor-element-9acacf9\" data-id=\"9acacf9\" data-element_type=\"column\">\n\t\t\t<div class=\"elementor-widget-wrap elementor-element-populated\">\n\t\t\t\t\t\t<div class=\"elementor-element elementor-element-06ffe5b elementor-widget elementor-widget-heading\" data-id=\"06ffe5b\" data-element_type=\"widget\" data-widget_type=\"heading.default\">\n\t\t\t\t<div class=\"elementor-widget-container\">\n\t\t\t<h2 class=\"elementor-heading-title elementor-size-default\">Ensino<\/h2>\t\t<\/div>\n\t\t\t\t<\/div>\n\t\t\t\t\t<\/div>\n\t\t<\/div>\n\t\t\t\t\t<\/div>\n\t\t<\/section>\n\t\t\t\t<\/div>\n\t\t","protected":false},"excerpt":{"rendered":"<p>Pesquisa NELA An\u00e1lise Cr\u00edtica da Multimodalidade Forma\u00e7\u00e3o de professores para o ensino de pr\u00e1ticas letradas transl\u00edngues L\u00ednguas na Escola NECCE Ensino\/Extens\u00e3o LINC Ensino<\/p>\n","protected":false},"author":25,"featured_media":0,"parent":0,"menu_order":0,"comment_status":"closed","ping_status":"closed","template":"","meta":{"footnotes":""},"categories":[],"tags":[],"class_list":["post-32","page","type-page","status-publish","hentry"],"acf":[],"_links":{"self":[{"href":"https:\/\/www.ufsm.br\/laboratorios\/labler\/wp-json\/wp\/v2\/pages\/32","targetHints":{"allow":["GET"]}}],"collection":[{"href":"https:\/\/www.ufsm.br\/laboratorios\/labler\/wp-json\/wp\/v2\/pages"}],"about":[{"href":"https:\/\/www.ufsm.br\/laboratorios\/labler\/wp-json\/wp\/v2\/types\/page"}],"author":[{"embeddable":true,"href":"https:\/\/www.ufsm.br\/laboratorios\/labler\/wp-json\/wp\/v2\/users\/25"}],"replies":[{"embeddable":true,"href":"https:\/\/www.ufsm.br\/laboratorios\/labler\/wp-json\/wp\/v2\/comments?post=32"}],"version-history":[{"count":0,"href":"https:\/\/www.ufsm.br\/laboratorios\/labler\/wp-json\/wp\/v2\/pages\/32\/revisions"}],"wp:attachment":[{"href":"https:\/\/www.ufsm.br\/laboratorios\/labler\/wp-json\/wp\/v2\/media?parent=32"}],"wp:term":[{"taxonomy":"category","embeddable":true,"href":"https:\/\/www.ufsm.br\/laboratorios\/labler\/wp-json\/wp\/v2\/categories?post=32"},{"taxonomy":"post_tag","embeddable":true,"href":"https:\/\/www.ufsm.br\/laboratorios\/labler\/wp-json\/wp\/v2\/tags?post=32"}],"curies":[{"name":"wp","href":"https:\/\/api.w.org\/{rel}","templated":true}]}}