{"id":47,"date":"2019-07-18T15:44:54","date_gmt":"2019-07-18T18:44:54","guid":{"rendered":"https:\/\/www.ufsm.br\/laboratorios\/lablin\/?page_id=47"},"modified":"2025-09-15T11:41:13","modified_gmt":"2025-09-15T14:41:13","slug":"horario-bolsistas","status":"publish","type":"page","link":"https:\/\/www.ufsm.br\/laboratorios\/lablin\/horario-bolsistas","title":{"rendered":"Hor\u00e1rio de atendimento dos bolsistas"},"content":{"rendered":"\n<h1 class=\"fontplugin_fontid_1409_SEGOEUIL\">\u00a0<\/h1>\n<p><b>Seja bem-vindo \u00e0 se\u00e7\u00e3o de atendimento dos bolsistas, aqui voc\u00ea pode ficar por dentro dos hor\u00e1rios em que o LABLIN est\u00e1 aberto e com bolsistas dispon\u00edveis para te auxiliar em caso de d\u00favidas!<\/b><\/p>\n<p>\u00a0<\/p>\n<table style=\"height: 300px;width: 61.518%;border-color: #000000\" width=\"94.3531%\">\n<tbody>\n<tr style=\"height: 27px\">\n<td style=\"height: 27px;width: 15.1977%;border-color: #030000;background-color: #c4c0c0;text-align: center\"><strong>Hor\u00e1rio<\/strong><\/td>\n<td style=\"height: 27px;width: 11.3966%;text-align: center;border-color: #030000;background-color: #c4c0c0\"><strong>Segunda<\/strong><\/td>\n<td style=\"height: 27px;width: 13.2445%;text-align: center;border-color: #030000;background-color: #c4c0c0\"><strong>Ter\u00e7a<\/strong><\/td>\n<td style=\"height: 27px;width: 14.0592%;text-align: center;border-color: #030000;background-color: #c4c0c0\"><strong>Quarta<\/strong><\/td>\n<td style=\"height: 27px;width: 13.174%;text-align: center;border-color: #030000;background-color: #c4c0c0\"><strong>Quinta<\/strong><\/td>\n<td style=\"height: 27px;width: 13.8264%;text-align: center;border-color: #030000;background-color: #c4c0c0\"><strong>Sexta<\/strong><\/td>\n<\/tr>\n<tr style=\"height: 27px\">\n<td style=\"height: 27px;width: 15.1977%;text-align: center;border-color: #030000;background-color: #e0e0e0\"><strong>08:30-9:30<\/strong><\/td>\n<td style=\"height: 27px;width: 11.3966%;border-color: #030000\">\u00a0<\/td>\n<td style=\"height: 27px;width: 13.2445%;border-color: #030000\">\u00a0<\/td>\n<td style=\"height: 27px;width: 14.0592%;border-color: #030000\">\u00a0<\/td>\n<td style=\"height: 27px;width: 13.174%;text-align: center;border-color: #030000\">\u00a0<\/td>\n<td style=\"height: 27px;width: 13.8264%;border-color: #030000\">\u00a0<\/td>\n<\/tr>\n<tr style=\"height: 27px\">\n<td style=\"height: 30px;width: 15.1977%;text-align: center;border-color: #030000;background-color: #e0e0e0\"><strong>9:30-10:30<\/strong><\/td>\n<td style=\"height: 30px;width: 11.3966%;border-color: #030000\">\u00a0<\/td>\n<td style=\"height: 30px;width: 13.2445%;border-color: #030000\">\u00a0<\/td>\n<td style=\"height: 30px;width: 14.0592%;border-color: #030000\">\u00a0<\/td>\n<td style=\"height: 30px;width: 13.174%;text-align: center;border-color: #030000\">\u00a0<\/td>\n<td style=\"height: 30px;width: 13.8264%;border-color: #030000\">\u00a0<\/td>\n<\/tr>\n<tr style=\"height: 27px\">\n<td style=\"height: 27px;width: 15.1977%;text-align: center;border-color: #030000;background-color: #e0e0e0\"><strong>10:30-11:30<\/strong><\/td>\n<td style=\"height: 27px;width: 11.3966%;border-color: #030000\">\u00a0<\/td>\n<td style=\"height: 27px;width: 13.2445%;border-color: #030000\">\u00a0<\/td>\n<td style=\"height: 27px;width: 14.0592%;border-color: #030000\">\u00a0<\/td>\n<td style=\"height: 27px;width: 13.174%;text-align: center;border-color: #030000\">\u00a0<\/td>\n<td style=\"height: 27px;width: 13.8264%;border-color: #030000\">\u00a0<\/td>\n<\/tr>\n<tr style=\"height: 27px\">\n<td style=\"height: 27px;width: 15.1977%;text-align: center;border-color: #030000;background-color: #e0e0e0\"><strong>11:30-12:30<\/strong><\/td>\n<td style=\"height: 27px;width: 11.3966%;text-align: center;border-color: #030000\">\u00a0<\/td>\n<td style=\"height: 27px;width: 13.2445%;border-color: #030000\">\u00a0<\/td>\n<td style=\"height: 27px;width: 14.0592%;border-color: #030000\">\u00a0<\/td>\n<td style=\"height: 27px;width: 13.174%;text-align: center;border-color: #030000\">\u00a0<\/td>\n<td style=\"height: 27px;width: 13.8264%;border-color: #030000\">\u00a0<\/td>\n<\/tr>\n<tr style=\"height: 27px\">\n<td style=\"height: 27px;width: 15.1977%;text-align: center;border-color: #030000;background-color: #e0e0e0\"><strong>12:30-13:30<\/strong><\/td>\n<td style=\"height: 27px;width: 11.3966%;border-color: #030000;background-color: #e0e0e0;text-align: center\"><strong>Almo\u00e7o<\/strong><\/td>\n<td style=\"height: 27px;width: 13.2445%;text-align: center;border-color: #030000;background-color: #e0e0e0\"><strong>Almo\u00e7o<\/strong><\/td>\n<td style=\"height: 27px;width: 14.0592%;text-align: center;border-color: #030000;background-color: #e0e0e0\"><strong>Almo\u00e7o<\/strong><\/td>\n<td style=\"height: 27px;width: 13.174%;text-align: center;border-color: #030000;background-color: #e0e0e0\">\u00a0<\/td>\n<td style=\"height: 27px;width: 13.8264%;text-align: center;border-color: #030000;background-color: #e0e0e0\"><strong>Almo\u00e7o<\/strong><\/td>\n<\/tr>\n<tr style=\"height: 27px\">\n<td style=\"height: 27px;width: 15.1977%;text-align: center;border-color: #030000;background-color: #e0e0e0\"><strong>13:30-14:30<\/strong><\/td>\n<td style=\"height: 27px;width: 11.3966%;border-color: #030000\">\u00a0<\/td>\n<td style=\"height: 27px;width: 13.2445%;border-color: #030000;text-align: center\">\u00a0<\/td>\n<td style=\"height: 27px;width: 14.0592%;border-color: #030000;text-align: center\">\u00a0<\/td>\n<td style=\"height: 27px;width: 13.174%;text-align: center;border-color: #030000\">\u00a0<\/td>\n<td style=\"height: 27px;width: 13.8264%;text-align: center;border-color: #030000\">\u00a0<\/td>\n<\/tr>\n<tr style=\"height: 27px\">\n<td style=\"height: 27px;width: 15.1977%;text-align: center;border-color: #030000;background-color: #e0e0e0\"><strong>14:30-15:30<\/strong><\/td>\n<td style=\"height: 27px;width: 11.3966%;border-color: #030000\">\u00a0<\/td>\n<td style=\"height: 27px;width: 13.2445%;border-color: #030000;text-align: center\">\u00a0<\/td>\n<td style=\"height: 27px;width: 14.0592%;border-color: #030000;text-align: center\">\u00a0<\/td>\n<td style=\"height: 27px;width: 13.174%;text-align: center;border-color: #030000\">\u00a0<\/td>\n<td style=\"height: 27px;width: 13.8264%;text-align: center;border-color: #030000\">\u00a0<\/td>\n<\/tr>\n<tr style=\"height: 27px\">\n<td style=\"height: 27px;width: 15.1977%;text-align: center;border-color: #030000;background-color: #e0e0e0\"><strong>15:30-16:30<\/strong><\/td>\n<td style=\"height: 27px;width: 11.3966%;text-align: center;border-color: #030000\">\u00a0<\/td>\n<td style=\"height: 27px;width: 13.2445%;border-color: #030000;text-align: center\">\u00a0<\/td>\n<td style=\"height: 27px;width: 14.0592%;border-color: #030000;text-align: center\">\u00a0<\/td>\n<td style=\"height: 27px;width: 13.174%;text-align: center;border-color: #030000\">\u00a0<\/td>\n<td style=\"height: 27px;width: 13.8264%;text-align: center;border-color: #030000\">\u00a0<\/td>\n<\/tr>\n<tr style=\"height: 27px\">\n<td style=\"height: 27px;width: 15.1977%;text-align: center;border-color: #030000;background-color: #e0e0e0\"><strong>16:30-17:30<\/strong><\/td>\n<td style=\"height: 27px;width: 11.3966%;text-align: center;border-color: #030000\">\u00a0<\/td>\n<td style=\"height: 27px;width: 13.2445%;border-color: #030000;text-align: center\">\u00a0<\/td>\n<td style=\"height: 27px;width: 14.0592%;border-color: #030000;text-align: center\">\u00a0<\/td>\n<td style=\"height: 27px;width: 13.174%;text-align: center;border-color: #030000\">\u00a0<\/td>\n<td style=\"height: 27px;width: 13.8264%;text-align: center;border-color: #030000\">\u00a0<\/td>\n<\/tr>\n<tr style=\"height: 27px\">\n<td style=\"height: 27px;width: 15.1977%;text-align: center;border-color: #030000;background-color: #e0e0e0\"><strong>17:30-18:30<\/strong><\/td>\n<td style=\"height: 27px;width: 11.3966%;text-align: center;border-color: #030000\">\u00a0<\/td>\n<td style=\"height: 27px;width: 13.2445%;border-color: #030000\">\u00a0<\/td>\n<td style=\"height: 27px;width: 14.0592%;border-color: #030000\">\u00a0<\/td>\n<td style=\"height: 27px;width: 13.174%;text-align: center;border-color: #030000\">\u00a0<\/td>\n<td style=\"width: 13.8264%;height: 27px;border-color: #030000\">\u00a0<\/td>\n<\/tr>\n<\/tbody>\n<\/table>\n\n\n","protected":false},"excerpt":{"rendered":"<p>\u00a0 Seja bem-vindo \u00e0 se\u00e7\u00e3o de atendimento dos bolsistas, aqui voc\u00ea pode ficar por dentro dos hor\u00e1rios em que o LABLIN est\u00e1 aberto e com bolsistas dispon\u00edveis para te auxiliar em caso de d\u00favidas! \u00a0 Hor\u00e1rio Segunda Ter\u00e7a Quarta Quinta Sexta 08:30-9:30 \u00a0 \u00a0 \u00a0 \u00a0 \u00a0 9:30-10:30 \u00a0 \u00a0 \u00a0 \u00a0 \u00a0 10:30-11:30 \u00a0 [&hellip;]<\/p>\n","protected":false},"author":115,"featured_media":0,"parent":0,"menu_order":0,"comment_status":"closed","ping_status":"closed","template":"","meta":{"footnotes":""},"categories":[],"tags":[],"class_list":["post-47","page","type-page","status-publish","hentry"],"acf":[],"_links":{"self":[{"href":"https:\/\/www.ufsm.br\/laboratorios\/lablin\/wp-json\/wp\/v2\/pages\/47","targetHints":{"allow":["GET"]}}],"collection":[{"href":"https:\/\/www.ufsm.br\/laboratorios\/lablin\/wp-json\/wp\/v2\/pages"}],"about":[{"href":"https:\/\/www.ufsm.br\/laboratorios\/lablin\/wp-json\/wp\/v2\/types\/page"}],"author":[{"embeddable":true,"href":"https:\/\/www.ufsm.br\/laboratorios\/lablin\/wp-json\/wp\/v2\/users\/115"}],"replies":[{"embeddable":true,"href":"https:\/\/www.ufsm.br\/laboratorios\/lablin\/wp-json\/wp\/v2\/comments?post=47"}],"version-history":[{"count":0,"href":"https:\/\/www.ufsm.br\/laboratorios\/lablin\/wp-json\/wp\/v2\/pages\/47\/revisions"}],"wp:attachment":[{"href":"https:\/\/www.ufsm.br\/laboratorios\/lablin\/wp-json\/wp\/v2\/media?parent=47"}],"wp:term":[{"taxonomy":"category","embeddable":true,"href":"https:\/\/www.ufsm.br\/laboratorios\/lablin\/wp-json\/wp\/v2\/categories?post=47"},{"taxonomy":"post_tag","embeddable":true,"href":"https:\/\/www.ufsm.br\/laboratorios\/lablin\/wp-json\/wp\/v2\/tags?post=47"}],"curies":[{"name":"wp","href":"https:\/\/api.w.org\/{rel}","templated":true}]}}