{"id":48,"date":"2019-07-18T15:54:43","date_gmt":"2019-07-18T18:54:43","guid":{"rendered":"https:\/\/www.ufsm.br\/laboratorios\/lablin\/?page_id=48"},"modified":"2019-07-18T15:54:44","modified_gmt":"2019-07-18T18:54:44","slug":"links-uteis","status":"publish","type":"page","link":"https:\/\/www.ufsm.br\/laboratorios\/lablin\/links-uteis","title":{"rendered":"Links \u00fateis"},"content":{"rendered":"\n<p><a href=\"http:\/\/www.openenglish.com.br\/\">Open English\u00a0<\/a>\u2013 Oferece cursos online para estudantes.<\/p>\n<p><a href=\"http:\/\/www.solinguainglesa.com.br\/conteudo\/indice.php\">Site em Portugu\u00eas<\/a>\u00a0com gram\u00e1tica da L\u00edngua Inglesa e v\u00e1rios links para atividades e recursos online de apoio ao estudante de l\u00edngua Inglesa.<\/p>\n<p><a href=\"https:\/\/www.slideshare.net\/matematica_unip\/gramtica-lingua-inglesa\">Slides em portugu\u00eas<\/a>\u00a0contendo uma gram\u00e1tica com os usos da L\u00edngua Inglesa no cotidiano escolar e acad\u00eamico.<\/p>\n<p>Site em ingl\u00eas com\u00a0<a href=\"http:\/\/dictionary.cambridge.org\/\">dicion\u00e1rio online da l\u00edngua inglesa<\/a>. Dicion\u00e1rio em Ingl\u00eas Brit\u00e2nico, Ingl\u00eas americano, termos t\u00e9cnicos e dicion\u00e1rio para iniciantes.\u00a0Observa\u00e7\u00e3o: Op\u00e7\u00e3o do site em Ingl\u00eas e Espanhol.<\/p>\n<p>Site em l\u00edngua Inglesa, com op\u00e7\u00e3o de tradu\u00e7\u00e3o de palavras para Portugu\u00eas,\u00a0 com\u00a0<a href=\"https:\/\/www.oxforddictionaries.com\/\">dicion\u00e1rio Oxford online<\/a>. Op\u00e7\u00f5es de melhoria na pronuncia, escrita e gram\u00e1tica.<\/p>\n<p>Download do dicion\u00e1rio\u00a0<a href=\"http:\/\/www.baixaki.com.br\/download\/longman-dictionary-of-contemporary-english.htm\">LONGMAN<\/a>\u00a0de l\u00edngua Inglesa<\/p>\n","protected":false},"excerpt":{"rendered":"<p>Open English\u00a0\u2013 Oferece cursos online para estudantes. Site em Portugu\u00eas\u00a0com gram\u00e1tica da L\u00edngua Inglesa e v\u00e1rios links para atividades e recursos online de apoio ao estudante de l\u00edngua Inglesa. Slides em portugu\u00eas\u00a0contendo uma gram\u00e1tica com os usos da L\u00edngua Inglesa no cotidiano escolar e acad\u00eamico. Site em ingl\u00eas com\u00a0dicion\u00e1rio online da l\u00edngua inglesa. Dicion\u00e1rio em [&hellip;]<\/p>\n","protected":false},"author":115,"featured_media":0,"parent":0,"menu_order":0,"comment_status":"closed","ping_status":"closed","template":"","meta":{"footnotes":""},"categories":[],"tags":[],"class_list":["post-48","page","type-page","status-publish","hentry"],"acf":[],"_links":{"self":[{"href":"https:\/\/www.ufsm.br\/laboratorios\/lablin\/wp-json\/wp\/v2\/pages\/48","targetHints":{"allow":["GET"]}}],"collection":[{"href":"https:\/\/www.ufsm.br\/laboratorios\/lablin\/wp-json\/wp\/v2\/pages"}],"about":[{"href":"https:\/\/www.ufsm.br\/laboratorios\/lablin\/wp-json\/wp\/v2\/types\/page"}],"author":[{"embeddable":true,"href":"https:\/\/www.ufsm.br\/laboratorios\/lablin\/wp-json\/wp\/v2\/users\/115"}],"replies":[{"embeddable":true,"href":"https:\/\/www.ufsm.br\/laboratorios\/lablin\/wp-json\/wp\/v2\/comments?post=48"}],"version-history":[{"count":0,"href":"https:\/\/www.ufsm.br\/laboratorios\/lablin\/wp-json\/wp\/v2\/pages\/48\/revisions"}],"wp:attachment":[{"href":"https:\/\/www.ufsm.br\/laboratorios\/lablin\/wp-json\/wp\/v2\/media?parent=48"}],"wp:term":[{"taxonomy":"category","embeddable":true,"href":"https:\/\/www.ufsm.br\/laboratorios\/lablin\/wp-json\/wp\/v2\/categories?post=48"},{"taxonomy":"post_tag","embeddable":true,"href":"https:\/\/www.ufsm.br\/laboratorios\/lablin\/wp-json\/wp\/v2\/tags?post=48"}],"curies":[{"name":"wp","href":"https:\/\/api.w.org\/{rel}","templated":true}]}}