{"id":230,"date":"2025-10-04T18:05:14","date_gmt":"2025-10-04T21:05:14","guid":{"rendered":"https:\/\/www.ufsm.br\/laboratorios\/labport\/?post_type=eventos&#038;p=230"},"modified":"2025-10-04T18:05:16","modified_gmt":"2025-10-04T21:05:16","slug":"i-e-ladip-i-encontro-de-linguistica-aplicada-e-discurso-politico","status":"publish","type":"eventos","link":"https:\/\/www.ufsm.br\/laboratorios\/labport\/eventos\/i-e-ladip-i-encontro-de-linguistica-aplicada-e-discurso-politico","parent":0,"template":"","tags":[],"class_list":["post-230","eventos","type-eventos","status-publish","has-post-thumbnail","hentry"],"acf":{"evento_nome":"I E-LADIP \u2013 I Encontro de Lingu\u00edstica Aplicada e Discurso Pol\u00edtico","evento_inicio":"05\/11\/2025 08:00","evento_termino":"07\/11\/2025 20:00","evento_banner":{"ID":233,"id":233,"title":"I Encontro de Lingu\u00edstica Aplicada e Discurso Pol\u00edtico (4)","filename":"I-Encontro-de-Linguistica-Aplicada-e-Discurso-Politico-4-1.jpg","filesize":56498,"url":"https:\/\/www.ufsm.br\/app\/uploads\/sites\/772\/2025\/10\/I-Encontro-de-Linguistica-Aplicada-e-Discurso-Politico-4-1.jpg","link":"https:\/\/www.ufsm.br\/laboratorios\/labport\/eventos\/i-e-ladip-i-encontro-de-linguistica-aplicada-e-discurso-politico\/i-encontro-de-linguistica-aplicada-e-discurso-politico-4-2","alt":"","author":"8118","description":"","caption":"","name":"i-encontro-de-linguistica-aplicada-e-discurso-politico-4-2","status":"inherit","uploaded_to":230,"date":"2025-10-04 21:04:06","modified":"2025-10-04 21:04:06","menu_order":0,"mime_type":"image\/jpeg","type":"image","subtype":"jpeg","icon":"https:\/\/www.ufsm.br\/laboratorios\/labport\/wp-includes\/images\/media\/default.png","width":1200,"height":444,"sizes":{"thumbnail":"https:\/\/www.ufsm.br\/app\/uploads\/sites\/772\/2025\/10\/I-Encontro-de-Linguistica-Aplicada-e-Discurso-Politico-4-1-150x150.jpg","thumbnail-width":150,"thumbnail-height":150,"medium":"https:\/\/www.ufsm.br\/app\/uploads\/sites\/772\/2025\/10\/I-Encontro-de-Linguistica-Aplicada-e-Discurso-Politico-4-1-300x111.jpg","medium-width":300,"medium-height":111,"medium_large":"https:\/\/www.ufsm.br\/app\/uploads\/sites\/772\/2025\/10\/I-Encontro-de-Linguistica-Aplicada-e-Discurso-Politico-4-1-768x284.jpg","medium_large-width":768,"medium_large-height":284,"large":"https:\/\/www.ufsm.br\/app\/uploads\/sites\/772\/2025\/10\/I-Encontro-de-Linguistica-Aplicada-e-Discurso-Politico-4-1-1024x379.jpg","large-width":1024,"large-height":379,"1536x1536":"https:\/\/www.ufsm.br\/app\/uploads\/sites\/772\/2025\/10\/I-Encontro-de-Linguistica-Aplicada-e-Discurso-Politico-4-1.jpg","1536x1536-width":1200,"1536x1536-height":444,"2048x2048":"https:\/\/www.ufsm.br\/app\/uploads\/sites\/772\/2025\/10\/I-Encontro-de-Linguistica-Aplicada-e-Discurso-Politico-4-1.jpg","2048x2048-width":1200,"2048x2048-height":444,"sow-carousel-default":"https:\/\/www.ufsm.br\/app\/uploads\/sites\/772\/2025\/10\/I-Encontro-de-Linguistica-Aplicada-e-Discurso-Politico-4-1-272x182.jpg","sow-carousel-default-width":272,"sow-carousel-default-height":182}},"endereco_url":"i-e-ladip-i-encontro-de-linguistica-aplicada-e-discurso-politico","evento_categoria":"T\u00c9CNICO-CIENT\u00cdFICOS","evento_descricao":"<p>O Laborat\u00f3rio de L\u00edngua Portuguesa (LabPort) sob a supervis\u00e3o da Profa. Dra. Sara Regina Scotta Cabral tem o prazer de convidar a comunidade acad\u00eamica a participar do \u00a0I E-LADIP \u2013 I Encontro de Lingu\u00edstica Aplicada e Discurso Pol\u00edtico, a ser realizado na modalidade remota, entre os dias 5 a 7 de novembro de 2025. Um evento 100% remoto e gratuito para apresentadores e ouvintes. O evento contar\u00e1 com confer\u00eancias sobre tem\u00e1ticas envolvendo lingu\u00edstica e discurso pol\u00edtico, e espera acolher pesquisas de diferentes comunidades, abarcando os t\u00f3picos principais de Lingu\u00edstica Aplicada, Pol\u00edtica e Discurso Pol\u00edtico. O evento tamb\u00e9m contar\u00e1 com palestras dos Professores Doutores Erick Kader Callegaro Corr\u00eaa, Anidene de Siqueira Cecchin e Rodrigo Esteves Lima-Lopes.<\/p>\n<p>Essa \u00e9 a primeira chamada para apresenta\u00e7\u00f5es de trabalho nesse evento gratuito. Para mais informa\u00e7\u00f5es acesse o link:\u00a0<a href=\"https:\/\/labport.carrd.co\/\" target=\"_blank\" rel=\"noopener\" data-saferedirecturl=\"https:\/\/www.google.com\/url?q=https:\/\/labport.carrd.co&amp;source=gmail&amp;ust=1759500046571000&amp;usg=AOvVaw144vsrRx2GpzNRN1K4AdCe\">https:\/\/labport.carrd.co<\/a><\/p>\n","evento_programacao":null,"evento_inscricao":null,"evento_local":"On line","evento_contato":"<p>E-mail: labport@ufsm.br<\/p>\n<p>Instagram: @labport.ufsm<\/p>\n"},"_links":{"self":[{"href":"https:\/\/www.ufsm.br\/laboratorios\/labport\/wp-json\/wp\/v2\/eventos\/230","targetHints":{"allow":["GET"]}}],"collection":[{"href":"https:\/\/www.ufsm.br\/laboratorios\/labport\/wp-json\/wp\/v2\/eventos"}],"about":[{"href":"https:\/\/www.ufsm.br\/laboratorios\/labport\/wp-json\/wp\/v2\/types\/eventos"}],"wp:featuredmedia":[{"embeddable":true,"href":"https:\/\/www.ufsm.br\/laboratorios\/labport\/wp-json\/wp\/v2\/media\/233"}],"wp:attachment":[{"href":"https:\/\/www.ufsm.br\/laboratorios\/labport\/wp-json\/wp\/v2\/media?parent=230"}],"wp:term":[{"taxonomy":"post_tag","embeddable":true,"href":"https:\/\/www.ufsm.br\/laboratorios\/labport\/wp-json\/wp\/v2\/tags?post=230"}],"curies":[{"name":"wp","href":"https:\/\/api.w.org\/{rel}","templated":true}]}}

I E-LADIP – I Encontro de Linguística Aplicada e Discurso Político

I Encontro de Linguística Aplicada e Discurso Político (4)

TÉCNICO-CIENTÍFICOS

<p>O Laboratório de Língua Portuguesa (LabPort) sob a supervisão da Profa. Dra. Sara Regina Scotta Cabral tem o prazer de convidar a comunidade acadêmica a participar do  I E-LADIP – I Encontro de Linguística Aplicada e Discurso Político, a ser realizado na modalidade remota, entre os dias 5 a 7 de novembro de 2025. Um evento 100% remoto e gratuito para apresentadores e ouvintes. O evento contará com conferências sobre temáticas envolvendo linguística e discurso político, e espera acolher pesquisas de diferentes comunidades, abarcando os tópicos principais de Linguística Aplicada, Política e Discurso Político. O evento também contará com palestras dos Professores Doutores Erick Kader Callegaro Corrêa, Anidene de Siqueira Cecchin e Rodrigo Esteves Lima-Lopes.</p>
<p>Essa é a primeira chamada para apresentações de trabalho nesse evento gratuito. Para mais informações acesse o link: <a href="https://labport.carrd.co/" target="_blank" rel="noopener" data-saferedirecturl="https://www.google.com/url?q=https://labport.carrd.co&amp;source=gmail&amp;ust=1759500046571000&amp;usg=AOvVaw144vsrRx2GpzNRN1K4AdCe">https://labport.carrd.co</a></p>
