{"id":23,"date":"2019-05-14T17:02:03","date_gmt":"2019-05-14T20:02:03","guid":{"rendered":"https:\/\/www.ufsm.br\/template-laboratprio\/?page_id=23"},"modified":"2023-01-26T10:40:35","modified_gmt":"2023-01-26T13:40:35","slug":"equipe","status":"publish","type":"page","link":"https:\/\/www.ufsm.br\/laboratorios\/labport\/equipe","title":{"rendered":"Equipe"},"content":{"rendered":"\n\n\n<p>A equipe do Labport \u00e9 formada pelas professoras Dr.\u00aa Sara Regina Scotta Cabral (coordenadora) e Dr.\u00aa Cristiane Fuzer (vice-coordenadora) e pelos seguintes participantes\/colaboradores: <\/p>\n\n\n\n<ul class=\"wp-block-list\">\n<li>Amanda Canterle Bochett (Doutora em Letras &#8211; UFSM\/\/Colaboradora externa)<\/li>\n\n\n\n<li>Ana Paula Carvalho Schmidt (Doutorado\/CNPq)<\/li>\n\n\n\n<li> Angela Maria Rossi (Doutora em Letras\/Colaboradora externa) <\/li>\n\n\n\n<li>Anidene de S. Cecchin (Doutora em Letras &#8211; UFSM\/\/Colaboradora externa) <\/li>\n\n\n\n<li>Carla Carine Gerhardt (Doutorado) <\/li>\n\n\n\n<li>Cintia Cocco (Doutorado) <\/li>\n\n\n\n<li>Cristiane Salete Florek ( Doutora em Letras &#8211; DLV\/UFSM) <\/li>\n\n\n\n<li>Daniela Moraes Pereira (Mestrado) <\/li>\n\n\n\n<li>D\u00e9bora Spanamberg Wink (Mestrado)<\/li>\n\n\n\n<li>Elisane Scapin Cargnin (Doutora em Letras\/Colaboradora externa) <\/li>\n\n\n\n<li>Erick Kader Corr\u00eaa (Doutor em Letras &#8211; UFN\/Colaborador externo)<\/li>\n\n\n\n<li> Guilherme Barbat Barros  (Licenciatura em Letras &#8211; Portugu\u00eas)  <\/li>\n\n\n\n<li>Graziela Fachim (Doutorado\/CAPES)<\/li>\n\n\n\n<li>J\u00e9ssica C. de Freitas   (Doutorado\/CAPES) <\/li>\n\n\n\n<li>Jo\u00e3o Baptista F\u00e1vero Marques  (Licenciatura em Letras &#8211; Portugu\u00eas)  <\/li>\n\n\n\n<li>Leonardo Proen\u00e7a Sousa  (Licenciatura em Letras &#8211; Portugu\u00eas) <\/li>\n\n\n\n<li>Lorilei de M. Gugelmin (Mestre em Letras\/Colaboradora externa)   <\/li>\n\n\n\n<li>Luana Gon\u00e7alves (Licenciatura em Letras &#8211; Portugu\u00eas\/IC-PIBIC)<\/li>\n\n\n\n<li>Mariliz Gon\u00e7alves Ethur (Bacharelado em Letras &#8211; Portugu\u00eas)<\/li>\n\n\n\n<li>Marli dos Santos Ferraz (Mestre em Letras)<\/li>\n\n\n\n<li>Mhdi I. Baden Khun (Mestrado) <\/li>\n\n\n\n<li>N\u00e9dila Esp\u00edndola Chagas (Doutorado)  <\/li>\n\n\n\n<li>P\u00e2mela Fuzer (Bacharelado em Letras &#8211; Portugu\u00eas) <\/li>\n\n\n\n<li>Paula Luza  (Licenciatura em Letras &#8211; Portugu\u00eas)<\/li>\n\n\n\n<li>Pedro Henrique Lencina Pinheiro (Licenciatura em Letras &#8211; Portugu\u00eas)<\/li>\n\n\n\n<li>Sabrina Damiani Schmidt  (Licenciada em Letras &#8211; Portugu\u00eas\/Colaboradora externa) <\/li>\n\n\n\n<li> Tatiana Della M\u00e9a  (Mestre em Letras) <\/li>\n<\/ul>\n\n\n\n<figure class=\"wp-block-table\"><\/figure>\n","protected":false},"excerpt":{"rendered":"<p>A equipe do Labport \u00e9 formada pelas professoras Dr.\u00aa Sara Regina Scotta Cabral (coordenadora) e Dr.\u00aa Cristiane Fuzer (vice-coordenadora) e pelos seguintes participantes\/colaboradores:<\/p>\n","protected":false},"author":124,"featured_media":0,"parent":0,"menu_order":0,"comment_status":"closed","ping_status":"closed","template":"","meta":{"footnotes":""},"categories":[],"tags":[],"class_list":["post-23","page","type-page","status-publish","hentry"],"acf":[],"_links":{"self":[{"href":"https:\/\/www.ufsm.br\/laboratorios\/labport\/wp-json\/wp\/v2\/pages\/23","targetHints":{"allow":["GET"]}}],"collection":[{"href":"https:\/\/www.ufsm.br\/laboratorios\/labport\/wp-json\/wp\/v2\/pages"}],"about":[{"href":"https:\/\/www.ufsm.br\/laboratorios\/labport\/wp-json\/wp\/v2\/types\/page"}],"author":[{"embeddable":true,"href":"https:\/\/www.ufsm.br\/laboratorios\/labport\/wp-json\/wp\/v2\/users\/124"}],"replies":[{"embeddable":true,"href":"https:\/\/www.ufsm.br\/laboratorios\/labport\/wp-json\/wp\/v2\/comments?post=23"}],"version-history":[{"count":0,"href":"https:\/\/www.ufsm.br\/laboratorios\/labport\/wp-json\/wp\/v2\/pages\/23\/revisions"}],"wp:attachment":[{"href":"https:\/\/www.ufsm.br\/laboratorios\/labport\/wp-json\/wp\/v2\/media?parent=23"}],"wp:term":[{"taxonomy":"category","embeddable":true,"href":"https:\/\/www.ufsm.br\/laboratorios\/labport\/wp-json\/wp\/v2\/categories?post=23"},{"taxonomy":"post_tag","embeddable":true,"href":"https:\/\/www.ufsm.br\/laboratorios\/labport\/wp-json\/wp\/v2\/tags?post=23"}],"curies":[{"name":"wp","href":"https:\/\/api.w.org\/{rel}","templated":true}]}}

<p>A equipe do Labport é formada pelas professoras Dr.ª Sara Regina Scotta Cabral (coordenadora) e Dr.ª Cristiane Fuzer (vice-coordenadora) e pelos seguintes participantes/colaboradores: </p>



<ul class="wp-block-list">
<li>Amanda Canterle Bochett (Doutora em Letras &#8211; UFSM//Colaboradora externa)</li>



<li>Ana Paula Carvalho Schmidt (Doutorado/CNPq)</li>



<li> Angela Maria Rossi (Doutora em Letras/Colaboradora externa) </li>



<li>Anidene de S. Cecchin (Doutora em Letras &#8211; UFSM//Colaboradora externa) </li>



<li>Carla Carine Gerhardt (Doutorado) </li>



<li>Cintia Cocco (Doutorado) </li>



<li>Cristiane Salete Florek ( Doutora em Letras &#8211; DLV/UFSM) </li>



<li>Daniela Moraes Pereira (Mestrado) </li>



<li>Débora Spanamberg Wink (Mestrado)</li>



<li>Elisane Scapin Cargnin (Doutora em Letras/Colaboradora externa) </li>



<li>Erick Kader Corrêa (Doutor em Letras &#8211; UFN/Colaborador externo)</li>



<li> Guilherme Barbat Barros  (Licenciatura em Letras &#8211; Português)  </li>



<li>Graziela Fachim (Doutorado/CAPES)</li>



<li>Jéssica C. de Freitas   (Doutorado/CAPES) </li>



<li>João Baptista Fávero Marques  (Licenciatura em Letras &#8211; Português)  </li>



<li>Leonardo Proença Sousa  (Licenciatura em Letras &#8211; Português) </li>



<li>Lorilei de M. Gugelmin (Mestre em Letras/Colaboradora externa)   </li>



<li>Luana Gonçalves (Licenciatura em Letras &#8211; Português/IC-PIBIC)</li>



<li>Mariliz Gonçalves Ethur (Bacharelado em Letras &#8211; Português)</li>



<li>Marli dos Santos Ferraz (Mestre em Letras)</li>



<li>Mhdi I. Baden Khun (Mestrado) </li>



<li>Nédila Espíndola Chagas (Doutorado)  </li>



<li>Pâmela Fuzer (Bacharelado em Letras &#8211; Português) </li>



<li>Paula Luza  (Licenciatura em Letras &#8211; Português)</li>



<li>Pedro Henrique Lencina Pinheiro (Licenciatura em Letras &#8211; Português)</li>



<li>Sabrina Damiani Schmidt  (Licenciada em Letras &#8211; Português/Colaboradora externa) </li>



<li> Tatiana Della Méa  (Mestre em Letras) </li>
</ul>



<figure class="wp-block-table"></figure>

<p>A equipe do Labport é formada pelas professoras Dr.ª Sara Regina Scotta Cabral (coordenadora) e Dr.ª Cristiane Fuzer (vice-coordenadora) e pelos seguintes participantes/colaboradores:</p>
