{"id":33,"date":"2019-05-24T15:38:58","date_gmt":"2019-05-24T18:38:58","guid":{"rendered":"https:\/\/www.ufsm.br\/template-laboratprio\/?page_id=33"},"modified":"2023-01-26T10:55:03","modified_gmt":"2023-01-26T13:55:03","slug":"producao-cientifica","status":"publish","type":"page","link":"https:\/\/www.ufsm.br\/laboratorios\/labport\/producao-cientifica","title":{"rendered":"Produ\u00e7\u00e3o Cient\u00edfica"},"content":{"rendered":"\n<p><span style=\"color: #800080\"><strong>\u00c1reas<\/strong><\/span><\/p>\n<p>As pesquisas desenvolvidas contemplam as seguintes \u00e1reas:<\/p>\n<ul>\n<li>Lingu\u00edstica Sist\u00eamico-Funcional<\/li>\n<li>Lingu\u00edstica de <em>Corpus<\/em><\/li>\n<li>Pedagogia de G\u00eanero da Escola de Sydney<\/li>\n<li>Discurso Pol\u00edtico<\/li>\n<\/ul>\n\n\n\n<p><strong><span style=\"color: #800080\">Conv\u00eanios e acordos<\/span><\/strong><\/p>\n<p>O Projeto LabPort \u2013 Laborat\u00f3rio de L\u00edngua Portuguesa \u2013 mant\u00e9m v\u00ednculo com um Grupo de Pesquisa de car\u00e1ter interinstitucional, registrado no CNPq como Sist\u00eamica, Ambientes e Linguagens (SAL).&nbsp;<span style=\"color: #000000\">\u00c9 coordenado pela Profa. Sara Regina Scotta Cabral, da Universidade Federal de Santa Maria, e mant\u00e9m interlocu\u00e7\u00f5es com Christian Matthiessen, da Polytechnic University of Hong Kong, coordenador do Projeto internacional SAL (Systemics across Languages).&nbsp;O grupo tamb\u00e9m envolve pesquisadores&nbsp; de quase todos os estados do Brasil, o que&nbsp;multiplica a \u00e1rea de abrang\u00eancia do projeto, que n\u00e3o se restringir\u00e1 apenas \u00e0 UFSM e propiciar\u00e1 trocas valiosas da comunidade acad\u00eamica com todos os outros participantes do Projeto SAL no Brasil e no exterior.<\/span><\/p>\n<p>Integra a Linha de Pesquisa Linguagem no Contexto Social &#8211; Programa de P\u00f3s-gradua\u00e7\u00e3o em Letras\/UFSM.<\/p>\n<p><a href=\"https:\/\/www.ufsm.br\/laboratorios\/labport\/teses\">Teses<\/a><\/p>\n<p><a href=\"https:\/\/www.ufsm.br\/laboratorios\/labport\/dissertacoes\">Disserta\u00e7\u00f5es<\/a><\/p>\n<p><a href=\"https:\/\/www.ufsm.br\/laboratorios\/labport\/e-books\/\">E-books<\/a><\/p>\n<p><a href=\"https:\/\/www.ufsm.br\/laboratorios\/labport\/capitulos-de-livro\/\">Cap\u00edtulos de livros<\/a><\/p>\n<p><a href=\"https:\/\/www.ufsm.br\/laboratorios\/labport\/publicacoes\">Publica\u00e7\u00f5es<\/a><\/p>\n<p><a href=\"https:\/\/www.ufsm.br\/laboratorios\/labport\/outros\">Outros<\/a><\/p>\n","protected":false},"excerpt":{"rendered":"<p>\u00c1reas As pesquisas desenvolvidas contemplam as seguintes \u00e1reas: Lingu\u00edstica Sist\u00eamico-Funcional Lingu\u00edstica de Corpus Pedagogia de G\u00eanero da Escola de Sydney Discurso Pol\u00edtico Conv\u00eanios e acordos O Projeto LabPort \u2013 Laborat\u00f3rio de L\u00edngua Portuguesa \u2013 mant\u00e9m v\u00ednculo com um Grupo de Pesquisa de car\u00e1ter interinstitucional, registrado no CNPq como Sist\u00eamica, Ambientes e Linguagens (SAL).&nbsp;\u00c9 coordenado pela [&hellip;]<\/p>\n","protected":false},"author":25,"featured_media":0,"parent":0,"menu_order":0,"comment_status":"closed","ping_status":"closed","template":"","meta":{"footnotes":""},"categories":[],"tags":[],"class_list":["post-33","page","type-page","status-publish","hentry"],"acf":[],"_links":{"self":[{"href":"https:\/\/www.ufsm.br\/laboratorios\/labport\/wp-json\/wp\/v2\/pages\/33","targetHints":{"allow":["GET"]}}],"collection":[{"href":"https:\/\/www.ufsm.br\/laboratorios\/labport\/wp-json\/wp\/v2\/pages"}],"about":[{"href":"https:\/\/www.ufsm.br\/laboratorios\/labport\/wp-json\/wp\/v2\/types\/page"}],"author":[{"embeddable":true,"href":"https:\/\/www.ufsm.br\/laboratorios\/labport\/wp-json\/wp\/v2\/users\/25"}],"replies":[{"embeddable":true,"href":"https:\/\/www.ufsm.br\/laboratorios\/labport\/wp-json\/wp\/v2\/comments?post=33"}],"version-history":[{"count":0,"href":"https:\/\/www.ufsm.br\/laboratorios\/labport\/wp-json\/wp\/v2\/pages\/33\/revisions"}],"wp:attachment":[{"href":"https:\/\/www.ufsm.br\/laboratorios\/labport\/wp-json\/wp\/v2\/media?parent=33"}],"wp:term":[{"taxonomy":"category","embeddable":true,"href":"https:\/\/www.ufsm.br\/laboratorios\/labport\/wp-json\/wp\/v2\/categories?post=33"},{"taxonomy":"post_tag","embeddable":true,"href":"https:\/\/www.ufsm.br\/laboratorios\/labport\/wp-json\/wp\/v2\/tags?post=33"}],"curies":[{"name":"wp","href":"https:\/\/api.w.org\/{rel}","templated":true}]}}

Produção Científica

<p><span style="color: #800080"><strong>Áreas</strong></span></p>
<p>As pesquisas desenvolvidas contemplam as seguintes áreas:</p>
<ul>
<li>Linguística Sistêmico-Funcional</li>
<li>Linguística de <em>Corpus</em></li>
<li>Pedagogia de Gênero da Escola de Sydney</li>
<li>Discurso Político</li>
</ul>



<p><strong><span style="color: #800080">Convênios e acordos</span></strong></p>
<p>O Projeto LabPort – Laboratório de Língua Portuguesa – mantém vínculo com um Grupo de Pesquisa de caráter interinstitucional, registrado no CNPq como Sistêmica, Ambientes e Linguagens (SAL).&nbsp;<span style="color: #000000">É coordenado pela Profa. Sara Regina Scotta Cabral, da Universidade Federal de Santa Maria, e mantém interlocuções com Christian Matthiessen, da Polytechnic University of Hong Kong, coordenador do Projeto internacional SAL (Systemics across Languages).&nbsp;O grupo também envolve pesquisadores&nbsp; de quase todos os estados do Brasil, o que&nbsp;multiplica a área de abrangência do projeto, que não se restringirá apenas à UFSM e propiciará trocas valiosas da comunidade acadêmica com todos os outros participantes do Projeto SAL no Brasil e no exterior.</span></p>
<p>Integra a Linha de Pesquisa Linguagem no Contexto Social &#8211; Programa de Pós-graduação em Letras/UFSM.</p>
<p><a href="https://www.ufsm.br/laboratorios/labport/teses">Teses</a></p>
<p><a href="https://www.ufsm.br/laboratorios/labport/dissertacoes">Dissertações</a></p>
<p><a href="https://www.ufsm.br/laboratorios/labport/e-books/">E-books</a></p>
<p><a href="https://www.ufsm.br/laboratorios/labport/capitulos-de-livro/">Capítulos de livros</a></p>
<p><a href="https://www.ufsm.br/laboratorios/labport/publicacoes">Publicações</a></p>
<p><a href="https://www.ufsm.br/laboratorios/labport/outros">Outros</a></p>

<p>Áreas As pesquisas desenvolvidas contemplam as seguintes áreas: Linguística Sistêmico-Funcional Linguística de Corpus Pedagogia de Gênero da Escola de Sydney Discurso Político Convênios e acordos O Projeto LabPort – Laboratório de Língua Portuguesa – mantém vínculo com um Grupo de Pesquisa de caráter interinstitucional, registrado no CNPq como Sistêmica, Ambientes e Linguagens (SAL).&nbsp;É coordenado pela [&hellip;]</p>
