{"id":89,"date":"2020-01-28T14:39:39","date_gmt":"2020-01-28T17:39:39","guid":{"rendered":"https:\/\/www.ufsm.br\/laboratorios\/labport\/?page_id=89"},"modified":"2023-01-26T11:30:05","modified_gmt":"2023-01-26T14:30:05","slug":"dissertacoes","status":"publish","type":"page","link":"https:\/\/www.ufsm.br\/laboratorios\/labport\/dissertacoes","title":{"rendered":"Disserta\u00e7\u00f5es"},"content":{"rendered":"\n<p>WINK, D. S. (2022). <a href=\"http:\/\/repositorio.ufsm.br\/handle\/1\/27375\">\u201cA sa\u00fade n\u00e3o \u00e9 uma ilha\u201d: met\u00e1fora e avaliatividade em coletivas de imprensa sobre a covid-19 \u00e0 luz da Lingu\u00edstica Sist\u00eamico-Funcional<\/a>.<\/p>\n<p>DELLA MEA, T. (2021). <a href=\"https:\/\/www.ufsm.br\/app\/uploads\/sites\/772\/2021\/07\/Dissertacao-Tatiana_final.pdf\">Produ\u00e7\u00e3o de material did\u00e1tico para a leitura e escrita do g\u00eanero narrativa sob a perspectiva da Escola de Sydney<\/a>.<\/p>\n<p>SANTOS, M. F. (2021). <a href=\"https:\/\/www.ufsm.br\/app\/uploads\/sites\/772\/2021\/06\/Texto-da-Dissertacao-Marli-Ferraz-dos-Santos.pdf\">Recursos avaliativos no discurso de Jair Bolsonaro: escolhas atitudinais<\/a>.<\/p>\n<p>WEBER, S. (2019). <a href=\"https:\/\/www.ufsm.br\/laboratorios\/labport\/wp-content\/uploads\/sites\/772\/2020\/02\/DIS_PPGLETRAS_2019_WEBER_SABRINE.pdf\">Ditadura civil-militar em livro did\u00e1tico de Hist\u00f3ria: uma an\u00e1lise de g\u00eaneros textuais na perspectiva sist\u00eamico-funcional da linguagem<\/a><\/p>\n<p>FREITAS, J. C. (2017). <a href=\"https:\/\/www.ufsm.br\/laboratorios\/labport\/wp-content\/uploads\/sites\/772\/2020\/01\/FREITAS_J\u00e9ssica-Cantele-de_Disserta\u00e7\u00e3o.pdf\">\u00a0Corrup\u00e7\u00e3o na Lava Jato: desvio individual ou mal social? Uma an\u00e1lise das representa\u00e7\u00f5es pela m\u00eddia na perspectiva da LSF<\/a><\/p>\n<p>GERHARDT, C. C. (2017). <a href=\"https:\/\/www.ufsm.br\/laboratorios\/labport\/wp-content\/uploads\/sites\/772\/2020\/01\/DIS_PPGLETRAS_2017_GERHARDT_CARLA.pdf\">\u00a0Investiga\u00e7\u00f5es dos g\u00eaneros epis\u00f3dio e <em>exemplum<\/em> na perspectiva sist\u00eamico-funcional em livros did\u00e1ticos de l\u00edngua portuguesa do ensino fundamental<\/a><\/p>\n<p>BOCHETT, A. C. (2015). <a href=\"https:\/\/www.ufsm.br\/laboratorios\/labport\/wp-content\/uploads\/sites\/772\/2020\/01\/Amanda-Canterle-Bochett_Disserta\u00e7\u00e3o-de-Mestrado.pdf\">Modalidade em discursos ambientalistas: jogo de m\u00e1scaras em g\u00eaneros que comp\u00f5em as audi\u00eancias p\u00fablicas<\/a><\/p>\n<p>CORREA, E. K. C. (2015). <a href=\"https:\/\/www.ufsm.br\/laboratorios\/labport\/wp-content\/uploads\/sites\/772\/2020\/01\/CORREA-ERICK-KADER-CALLEGARO.pdf\">Discurso pol\u00edtico de Lula: o papel do marcador &#8220;n\u00e3o&#8221; na constru\u00e7\u00e3o da persona textual<\/a><\/p>\n<p>LIMA, L. O. (2015). <a href=\"https:\/\/www.ufsm.br\/laboratorios\/labport\/wp-content\/uploads\/sites\/772\/2020\/01\/LIMA-LETICIA-OLIVEIRA-DE.pdf\">\u00a0Espelho, espelho meu, existe algu\u00e9m mais doida ou santa do que eu? Representa\u00e7\u00f5es para mulher em cr\u00f4nicas de Martha Medeiros<\/a><\/p>\n<p>MARTINS, N. B. (2015). <a href=\"https:\/\/www.ufsm.br\/laboratorios\/labport\/wp-content\/uploads\/sites\/772\/2020\/01\/NOARA-BOLZAN-MARTINS.pdf\">\u00a0Fluxo de informa\u00e7\u00e3o em fanfiction: uma proposta de an\u00e1lise sist\u00eamico-funcional<\/a><\/p>\n<p>ROSSI, A. M. (2015). <a href=\"https:\/\/www.ufsm.br\/laboratorios\/labport\/wp-content\/uploads\/sites\/772\/2020\/01\/ROSSI-ANGELA-MARIA.pdf\">\u00a0Diferentes vozes, diferentes olhares: representa\u00e7\u00f5es para as mulheres na perspectiva sist\u00eamico-funcional nos evangelhos<\/a><\/p>\n<p>CARGNIN, E. S. (2014). <a href=\"https:\/\/www.ufsm.br\/laboratorios\/labport\/wp-content\/uploads\/sites\/772\/2020\/01\/CARGNIN-ELISANE-SCAPIN.pdf\">\u00a0Representa\u00e7\u00f5es de professor em discursos de paraninfos da \u00e1rea de Letras: uma an\u00e1lise sist\u00eamico-funcional<\/a><\/p>\n<p>NICHELE, A. I. (2014). <a href=\"https:\/\/www.ufsm.br\/laboratorios\/labport\/wp-content\/uploads\/sites\/772\/2020\/01\/NICHELE-ALESSANDRA-MEDIANEIRA-ILHA.pdf\">\u00a0Do enfrentamento e da viol\u00eancia com o c\u00e2ncer: a avaliatividade no discurso do sofrimento<\/a><\/p>\n<p>NUNES, G. G. (2014). <a href=\"https:\/\/www.ufsm.br\/laboratorios\/labport\/wp-content\/uploads\/sites\/772\/2020\/01\/NUNES-GLIVIA-GUIMARAES.pdf\">\u00a0O Estad\u00e3o e a Presidente: o editorial como estrat\u00e9gia de avalia\u00e7\u00e3o<\/a><\/p>\n<p>RIBEIRO, M. R. (2014). <a href=\"https:\/\/www.ufsm.br\/laboratorios\/labport\/wp-content\/uploads\/sites\/772\/2020\/02\/DISSERTAC\u0327A\u0303O-DE-MESTRADO-DE-MARCOS-ROGE\u0301RIO-RIBEIRO-PPGL-UFSM.pdf\">Representa\u00e7\u00f5es para atores sociais em boletins de ocorr\u00eancia de crimes de inj\u00faria<\/a><\/p>\n<p>LIMA, L. R. (2013). <a href=\"https:\/\/www.ufsm.br\/laboratorios\/labport\/wp-content\/uploads\/sites\/772\/2020\/01\/LIMA-LAURO-RAFAEL.pdf\">\u00a0Processos existenciais em reportagens de capa da revista <em>Superinteressante<\/em><\/a><\/p>\n<p>RODRIGUES, D. L. (2013). <a href=\"https:\/\/www.ufsm.br\/laboratorios\/labport\/wp-content\/uploads\/sites\/772\/2020\/01\/RODRIGUES-DANIELA-LEITE.pdf\">\u00a0A pol\u00edtica sob o julgamento de Eliane Cantanh\u00eade: uma investiga\u00e7\u00e3o da assinatura valorativa<\/a><\/p>\n<p>SILVA, T. S. (2012). <a href=\"https:\/\/www.ufsm.br\/laboratorios\/labport\/wp-content\/uploads\/sites\/772\/2020\/01\/SILVA-THIAGO-SANTOS-DA.pdf\"><em>\u00a0Irenes<\/em>: representa\u00e7\u00f5es sobre homossexuais idosos no contexto midi\u00e1tico sob a perspectiva sist\u00eamico-funcional<\/a><\/p>\n<p>FARENCENA, G. S. (2011). <a href=\"https:\/\/www.ufsm.br\/laboratorios\/labport\/wp-content\/uploads\/sites\/772\/2020\/01\/FARENZENA-GESSELDA-SOMAVILLA.pdf\">\u00a0Estudo da f\u00e1bula: contexto, linguagem e representa\u00e7\u00e3o<\/a><\/p>\n<p>OLMOS, O. Q. (2011). <a href=\"https:\/\/www.ufsm.br\/laboratorios\/labport\/wp-content\/uploads\/sites\/772\/2020\/01\/OLMOS-OLIVIA-MARTINS-DE-QUADROS.pdf\">\u00a0Adolescentes em editoriais da revista Capricho: linguagem, contexto e representa\u00e7\u00e3o<\/a><\/p>\n","protected":false},"excerpt":{"rendered":"<p>WINK, D. S. (2022). \u201cA sa\u00fade n\u00e3o \u00e9 uma ilha\u201d: met\u00e1fora e avaliatividade em coletivas de imprensa sobre a covid-19 \u00e0 luz da Lingu\u00edstica Sist\u00eamico-Funcional. DELLA MEA, T. (2021). Produ\u00e7\u00e3o de material did\u00e1tico para a leitura e escrita do g\u00eanero narrativa sob a perspectiva da Escola de Sydney. SANTOS, M. F. (2021). Recursos avaliativos no [&hellip;]<\/p>\n","protected":false},"author":1897,"featured_media":0,"parent":0,"menu_order":0,"comment_status":"closed","ping_status":"closed","template":"","meta":{"footnotes":""},"categories":[],"tags":[],"class_list":["post-89","page","type-page","status-publish","hentry"],"acf":[],"_links":{"self":[{"href":"https:\/\/www.ufsm.br\/laboratorios\/labport\/wp-json\/wp\/v2\/pages\/89","targetHints":{"allow":["GET"]}}],"collection":[{"href":"https:\/\/www.ufsm.br\/laboratorios\/labport\/wp-json\/wp\/v2\/pages"}],"about":[{"href":"https:\/\/www.ufsm.br\/laboratorios\/labport\/wp-json\/wp\/v2\/types\/page"}],"author":[{"embeddable":true,"href":"https:\/\/www.ufsm.br\/laboratorios\/labport\/wp-json\/wp\/v2\/users\/1897"}],"replies":[{"embeddable":true,"href":"https:\/\/www.ufsm.br\/laboratorios\/labport\/wp-json\/wp\/v2\/comments?post=89"}],"version-history":[{"count":0,"href":"https:\/\/www.ufsm.br\/laboratorios\/labport\/wp-json\/wp\/v2\/pages\/89\/revisions"}],"wp:attachment":[{"href":"https:\/\/www.ufsm.br\/laboratorios\/labport\/wp-json\/wp\/v2\/media?parent=89"}],"wp:term":[{"taxonomy":"category","embeddable":true,"href":"https:\/\/www.ufsm.br\/laboratorios\/labport\/wp-json\/wp\/v2\/categories?post=89"},{"taxonomy":"post_tag","embeddable":true,"href":"https:\/\/www.ufsm.br\/laboratorios\/labport\/wp-json\/wp\/v2\/tags?post=89"}],"curies":[{"name":"wp","href":"https:\/\/api.w.org\/{rel}","templated":true}]}}

Dissertações

<p>WINK, D. S. (2022). <a href="http://repositorio.ufsm.br/handle/1/27375">“A saúde não é uma ilha”: metáfora e avaliatividade em coletivas de imprensa sobre a covid-19 à luz da Linguística Sistêmico-Funcional</a>.</p>
<p>DELLA MEA, T. (2021). <a href="https://www.ufsm.br/app/uploads/sites/772/2021/07/Dissertacao-Tatiana_final.pdf">Produção de material didático para a leitura e escrita do gênero narrativa sob a perspectiva da Escola de Sydney</a>.</p>
<p>SANTOS, M. F. (2021). <a href="https://www.ufsm.br/app/uploads/sites/772/2021/06/Texto-da-Dissertacao-Marli-Ferraz-dos-Santos.pdf">Recursos avaliativos no discurso de Jair Bolsonaro: escolhas atitudinais</a>.</p>
<p>WEBER, S. (2019). <a href="https://www.ufsm.br/laboratorios/labport/wp-content/uploads/sites/772/2020/02/DIS_PPGLETRAS_2019_WEBER_SABRINE.pdf">Ditadura civil-militar em livro didático de História: uma análise de gêneros textuais na perspectiva sistêmico-funcional da linguagem</a></p>
<p>FREITAS, J. C. (2017). <a href="https://www.ufsm.br/laboratorios/labport/wp-content/uploads/sites/772/2020/01/FREITAS_Jéssica-Cantele-de_Dissertação.pdf"> Corrupção na Lava Jato: desvio individual ou mal social? Uma análise das representações pela mídia na perspectiva da LSF</a></p>
<p>GERHARDT, C. C. (2017). <a href="https://www.ufsm.br/laboratorios/labport/wp-content/uploads/sites/772/2020/01/DIS_PPGLETRAS_2017_GERHARDT_CARLA.pdf"> Investigações dos gêneros episódio e <em>exemplum</em> na perspectiva sistêmico-funcional em livros didáticos de língua portuguesa do ensino fundamental</a></p>
<p>BOCHETT, A. C. (2015). <a href="https://www.ufsm.br/laboratorios/labport/wp-content/uploads/sites/772/2020/01/Amanda-Canterle-Bochett_Dissertação-de-Mestrado.pdf">Modalidade em discursos ambientalistas: jogo de máscaras em gêneros que compõem as audiências públicas</a></p>
<p>CORREA, E. K. C. (2015). <a href="https://www.ufsm.br/laboratorios/labport/wp-content/uploads/sites/772/2020/01/CORREA-ERICK-KADER-CALLEGARO.pdf">Discurso político de Lula: o papel do marcador &#8220;não&#8221; na construção da persona textual</a></p>
<p>LIMA, L. O. (2015). <a href="https://www.ufsm.br/laboratorios/labport/wp-content/uploads/sites/772/2020/01/LIMA-LETICIA-OLIVEIRA-DE.pdf"> Espelho, espelho meu, existe alguém mais doida ou santa do que eu? Representações para mulher em crônicas de Martha Medeiros</a></p>
<p>MARTINS, N. B. (2015). <a href="https://www.ufsm.br/laboratorios/labport/wp-content/uploads/sites/772/2020/01/NOARA-BOLZAN-MARTINS.pdf"> Fluxo de informação em fanfiction: uma proposta de análise sistêmico-funcional</a></p>
<p>ROSSI, A. M. (2015). <a href="https://www.ufsm.br/laboratorios/labport/wp-content/uploads/sites/772/2020/01/ROSSI-ANGELA-MARIA.pdf"> Diferentes vozes, diferentes olhares: representações para as mulheres na perspectiva sistêmico-funcional nos evangelhos</a></p>
<p>CARGNIN, E. S. (2014). <a href="https://www.ufsm.br/laboratorios/labport/wp-content/uploads/sites/772/2020/01/CARGNIN-ELISANE-SCAPIN.pdf"> Representações de professor em discursos de paraninfos da área de Letras: uma análise sistêmico-funcional</a></p>
<p>NICHELE, A. I. (2014). <a href="https://www.ufsm.br/laboratorios/labport/wp-content/uploads/sites/772/2020/01/NICHELE-ALESSANDRA-MEDIANEIRA-ILHA.pdf"> Do enfrentamento e da violência com o câncer: a avaliatividade no discurso do sofrimento</a></p>
<p>NUNES, G. G. (2014). <a href="https://www.ufsm.br/laboratorios/labport/wp-content/uploads/sites/772/2020/01/NUNES-GLIVIA-GUIMARAES.pdf"> O Estadão e a Presidente: o editorial como estratégia de avaliação</a></p>
<p>RIBEIRO, M. R. (2014). <a href="https://www.ufsm.br/laboratorios/labport/wp-content/uploads/sites/772/2020/02/DISSERTAÇÃO-DE-MESTRADO-DE-MARCOS-ROGÉRIO-RIBEIRO-PPGL-UFSM.pdf">Representações para atores sociais em boletins de ocorrência de crimes de injúria</a></p>
<p>LIMA, L. R. (2013). <a href="https://www.ufsm.br/laboratorios/labport/wp-content/uploads/sites/772/2020/01/LIMA-LAURO-RAFAEL.pdf"> Processos existenciais em reportagens de capa da revista <em>Superinteressante</em></a></p>
<p>RODRIGUES, D. L. (2013). <a href="https://www.ufsm.br/laboratorios/labport/wp-content/uploads/sites/772/2020/01/RODRIGUES-DANIELA-LEITE.pdf"> A política sob o julgamento de Eliane Cantanhêde: uma investigação da assinatura valorativa</a></p>
<p>SILVA, T. S. (2012). <a href="https://www.ufsm.br/laboratorios/labport/wp-content/uploads/sites/772/2020/01/SILVA-THIAGO-SANTOS-DA.pdf"><em> Irenes</em>: representações sobre homossexuais idosos no contexto midiático sob a perspectiva sistêmico-funcional</a></p>
<p>FARENCENA, G. S. (2011). <a href="https://www.ufsm.br/laboratorios/labport/wp-content/uploads/sites/772/2020/01/FARENZENA-GESSELDA-SOMAVILLA.pdf"> Estudo da fábula: contexto, linguagem e representação</a></p>
<p>OLMOS, O. Q. (2011). <a href="https://www.ufsm.br/laboratorios/labport/wp-content/uploads/sites/772/2020/01/OLMOS-OLIVIA-MARTINS-DE-QUADROS.pdf"> Adolescentes em editoriais da revista Capricho: linguagem, contexto e representação</a></p>

<p>WINK, D. S. (2022). “A saúde não é uma ilha”: metáfora e avaliatividade em coletivas de imprensa sobre a covid-19 à luz da Linguística Sistêmico-Funcional. DELLA MEA, T. (2021). Produção de material didático para a leitura e escrita do gênero narrativa sob a perspectiva da Escola de Sydney. SANTOS, M. F. (2021). Recursos avaliativos no [&hellip;]</p>
