{"id":26,"date":"2019-05-14T17:03:27","date_gmt":"2019-05-14T20:03:27","guid":{"rendered":"https:\/\/www.ufsm.br\/template-laboratprio\/?page_id=26"},"modified":"2019-08-06T11:30:40","modified_gmt":"2019-08-06T14:30:40","slug":"contato","status":"publish","type":"page","link":"https:\/\/www.ufsm.br\/laboratorios\/lac\/contato","title":{"rendered":"Contato"},"content":{"rendered":"\n<h4>Endere\u00e7o e Localiza\u00e7\u00e3o<\/h4>\n<p>Campus Universit\u00e1rio &#8211; Hospital Universit\u00e1rio de Santa Maria<br \/>Av. Roraima, pr\u00e9dio 22<br \/>Bairro Camobi<br \/>CEP: 95015-900<br \/>T\u00e9rreo<br \/>Telefone: (55) 3220-8532<\/p>\n<h4>Hor\u00e1rio de Atendimento<\/h4>\n<p>Paciente do Pronto Atendimento do HUSM: 24 horas\/dia<br \/><br \/>Paciente Ambulatorial do HUSM:<br \/><br \/>Para agendamento e retirada de exames:<br \/>De segundas-feiras \u00e0 sextas-feiras das 7:30h \u00e0s 17h<br \/><br \/>Para coleta de sangue e entrega de materiais biol\u00f3gicos:<br \/>Conforme agendamento pr\u00e9vio<\/p>\n<p>\u00a0<\/p>\n","protected":false},"excerpt":{"rendered":"<p>Endere\u00e7o e Localiza\u00e7\u00e3o Campus Universit\u00e1rio &#8211; Hospital Universit\u00e1rio de Santa MariaAv. Roraima, pr\u00e9dio 22Bairro CamobiCEP: 95015-900T\u00e9rreoTelefone: (55) 3220-8532 Hor\u00e1rio de Atendimento Paciente do Pronto Atendimento do HUSM: 24 horas\/dia Paciente Ambulatorial do HUSM: Para agendamento e retirada de exames:De segundas-feiras \u00e0 sextas-feiras das 7:30h \u00e0s 17h Para coleta de sangue e entrega de materiais biol\u00f3gicos:Conforme [&hellip;]<\/p>\n","protected":false},"author":124,"featured_media":0,"parent":0,"menu_order":0,"comment_status":"closed","ping_status":"closed","template":"","meta":{"footnotes":""},"categories":[],"tags":[],"class_list":["post-26","page","type-page","status-publish","hentry"],"acf":[],"_links":{"self":[{"href":"https:\/\/www.ufsm.br\/laboratorios\/lac\/wp-json\/wp\/v2\/pages\/26","targetHints":{"allow":["GET"]}}],"collection":[{"href":"https:\/\/www.ufsm.br\/laboratorios\/lac\/wp-json\/wp\/v2\/pages"}],"about":[{"href":"https:\/\/www.ufsm.br\/laboratorios\/lac\/wp-json\/wp\/v2\/types\/page"}],"author":[{"embeddable":true,"href":"https:\/\/www.ufsm.br\/laboratorios\/lac\/wp-json\/wp\/v2\/users\/124"}],"replies":[{"embeddable":true,"href":"https:\/\/www.ufsm.br\/laboratorios\/lac\/wp-json\/wp\/v2\/comments?post=26"}],"version-history":[{"count":0,"href":"https:\/\/www.ufsm.br\/laboratorios\/lac\/wp-json\/wp\/v2\/pages\/26\/revisions"}],"wp:attachment":[{"href":"https:\/\/www.ufsm.br\/laboratorios\/lac\/wp-json\/wp\/v2\/media?parent=26"}],"wp:term":[{"taxonomy":"category","embeddable":true,"href":"https:\/\/www.ufsm.br\/laboratorios\/lac\/wp-json\/wp\/v2\/categories?post=26"},{"taxonomy":"post_tag","embeddable":true,"href":"https:\/\/www.ufsm.br\/laboratorios\/lac\/wp-json\/wp\/v2\/tags?post=26"}],"curies":[{"name":"wp","href":"https:\/\/api.w.org\/{rel}","templated":true}]}}