{"id":59,"date":"2019-08-30T16:43:16","date_gmt":"2019-08-30T19:43:16","guid":{"rendered":"https:\/\/www.ufsm.br\/laboratorios\/lacem\/?page_id=59"},"modified":"2019-08-30T16:43:18","modified_gmt":"2019-08-30T19:43:18","slug":"escola-estadual-de-ensino-medio-professora-naura-teixeira-pinheiro","status":"publish","type":"page","link":"https:\/\/www.ufsm.br\/laboratorios\/lacem\/escola-estadual-de-ensino-medio-professora-naura-teixeira-pinheiro","title":{"rendered":"Escola Estadual de Ensino M\u00e9dio Professora Naura Teixeira Pinheiro"},"content":{"rendered":"\n<p class=\"normal\"><strong>Cat\u00e1logo de Apresenta\u00e7\u00e3o:<\/strong>\u00a0<a href=\"https:\/\/www.ufsm.br\/laboratorios\/lacem\/wp-content\/uploads\/sites\/648\/2019\/08\/catalogonaura.pdf\">Download<\/a><\/p>\n","protected":false},"excerpt":{"rendered":"<p>Cat\u00e1logo de Apresenta\u00e7\u00e3o:\u00a0Download<\/p>\n","protected":false},"author":772,"featured_media":0,"parent":0,"menu_order":0,"comment_status":"closed","ping_status":"closed","template":"","meta":{"footnotes":""},"categories":[],"tags":[],"class_list":["post-59","page","type-page","status-publish","hentry"],"acf":[],"_links":{"self":[{"href":"https:\/\/www.ufsm.br\/laboratorios\/lacem\/wp-json\/wp\/v2\/pages\/59","targetHints":{"allow":["GET"]}}],"collection":[{"href":"https:\/\/www.ufsm.br\/laboratorios\/lacem\/wp-json\/wp\/v2\/pages"}],"about":[{"href":"https:\/\/www.ufsm.br\/laboratorios\/lacem\/wp-json\/wp\/v2\/types\/page"}],"author":[{"embeddable":true,"href":"https:\/\/www.ufsm.br\/laboratorios\/lacem\/wp-json\/wp\/v2\/users\/772"}],"replies":[{"embeddable":true,"href":"https:\/\/www.ufsm.br\/laboratorios\/lacem\/wp-json\/wp\/v2\/comments?post=59"}],"version-history":[{"count":0,"href":"https:\/\/www.ufsm.br\/laboratorios\/lacem\/wp-json\/wp\/v2\/pages\/59\/revisions"}],"wp:attachment":[{"href":"https:\/\/www.ufsm.br\/laboratorios\/lacem\/wp-json\/wp\/v2\/media?parent=59"}],"wp:term":[{"taxonomy":"category","embeddable":true,"href":"https:\/\/www.ufsm.br\/laboratorios\/lacem\/wp-json\/wp\/v2\/categories?post=59"},{"taxonomy":"post_tag","embeddable":true,"href":"https:\/\/www.ufsm.br\/laboratorios\/lacem\/wp-json\/wp\/v2\/tags?post=59"}],"curies":[{"name":"wp","href":"https:\/\/api.w.org\/{rel}","templated":true}]}}

Escola Estadual de Ensino Médio Professora Naura Teixeira Pinheiro

<p class="normal"><strong>Catálogo de Apresentação:</strong> <a href="https://www.ufsm.br/laboratorios/lacem/wp-content/uploads/sites/648/2019/08/catalogonaura.pdf">Download</a></p>

<p>Catálogo de Apresentação: Download</p>
