{"id":22,"date":"2019-05-14T17:01:42","date_gmt":"2019-05-14T20:01:42","guid":{"rendered":"https:\/\/www.ufsm.br\/template-laboratprio\/?page_id=22"},"modified":"2020-08-28T08:50:57","modified_gmt":"2020-08-28T11:50:57","slug":"informacoes-gerais","status":"publish","type":"page","link":"https:\/\/www.ufsm.br\/laboratorios\/lageolam\/informacoes-gerais","title":{"rendered":"Sobre"},"content":{"rendered":"\n<p>O Laborat\u00f3rio de Geologia Ambiental iniciou suas atividades no ano de 1995, coordenado pelo prof. Lu\u00eds Eduardo de Souza Robaina, com o objetivo de agregar professores\/pesquisadores que desenvolvem atividades nas \u00e1reas de diagn\u00f3stico ambiental e geologia aplicada. Desde ent\u00e3o, o laborat\u00f3rio tem buscado se consolidar atrav\u00e9s da integra\u00e7\u00e3o de trabalhos, qualifica\u00e7\u00e3o de sua infra-estrutura e estabelecimento de conv\u00eanios.<\/p>\n<p>Na \u00e1rea de ensino o laborat\u00f3rio tem contribu\u00eddo em v\u00e1rias \u00e1reas do conhecimento atrav\u00e9s da doc\u00eancia para os cursos de Geografia Bacharelado e Licenciatura, Qu\u00edmica Industrial e Licenciatura, Agronomia, Engenharia Civil e Engenharia Florestal.<br \/>V\u00e1rios alunos desenvolvem trabalhos de final de curso de gradua\u00e7\u00e3o e de p\u00f3s-gradua\u00e7\u00e3o em n\u00edvel de especializa\u00e7\u00e3o e mestrado junto ao laborat\u00f3rio. Trabalhos na \u00e1rea de extens\u00e3o t\u00eam ocorrido junto \u00e0s escolas da regi\u00e3o central do Rio Grande do Sul, onde s\u00e3o proferidas palestras e amostras de educa\u00e7\u00e3o ambiental. Al\u00e9m disso, disp\u00f5e de uma amostra permanente de rochas e minerais, recebendo visitas de escolas de todo o Estado.<br \/>A pesquisa tem se constitu\u00eddo na prioridade do laborat\u00f3rio. Atualmente est\u00e3o sendo desenvolvidos v\u00e1rios trabalhos com apoio de diversas institui\u00e7\u00f5es de fomento, como FAPERGS e CNPq. Conta atualmente com v\u00e1rios bolsistas de inicia\u00e7\u00e3o cient\u00edfica FIPE\/UFSM, FIEX\/UFSM, PROLICEN\/UFSM, FAPERGS e PIBICIC\/CNPq, executando trabalhos de campo e de laborat\u00f3rio. Os primeiros alunos formados t\u00eam mostrado aspectos bastante positivos, pela reconhecida qualifica\u00e7\u00e3o no mercado de trabalho.<br \/>O resultado das pesquisas desenvolvidas s\u00e3o apresentados nos encontros cient\u00edficos. Os professores e alunos que desenvolvem atividades no laborat\u00f3rio t\u00eam participado dos encontros nacionais e internacionais da \u00e1rea de Geologia de Engenharia e Ambiental, de Geomorfologia e de Geografia F\u00edsica.<br \/>Muitos estudantes d\u00e3o continuidade aos seus trabalhos de pesquisa iniciados no laborat\u00f3rio, ingressando em cursos de P\u00f3s-Gradua\u00e7\u00e3o em outros Departamentos e institui\u00e7\u00f5es, como na linha de Sensoriamento Remoto junto ao Centro de Ci\u00eancias Rurais\/UFSM; em Saneamento Ambiental, junto ao Centro Tecnol\u00f3gico\/UFSM e; em n\u00edvel de mestrado e doutorado em Geografia em outras universidades como a UFRGS e a UFSC.<br \/>As pesquisas desenvolvidas no LAGEOLAM concentram-se em duas vertentes. A primeira est\u00e1 associada com o mapeamento geol\u00f3gico-geomorfol\u00f3gico e \u00e0 an\u00e1lise dos processos erosivos relacionados a din\u00e2mica superficial no Oeste do Estado do Rio Grande do Sul. Nesta linha de pesquisa, os trabalhos desenvolvidos buscam, dentro da tem\u00e1tica dos processos erosivos e sua rela\u00e7\u00e3o com a din\u00e2mica superficial, a elabora\u00e7\u00e3o de um mapeamento geoambiental da bacia hidrogr\u00e1fica do Rio Ibicu\u00ed.<br \/>A segunda linha de pesquisa est\u00e1 relacionada ao estudo da problem\u00e1tica das \u00e1reas de risco e dos desastres naturais em \u00e1reas urbanas do Rio Grande do Sul. Estes trabalhos buscam realizar o mapeamento e a an\u00e1lise de \u00e1reas de risco geomorfol\u00f3gico, com destaque para as cidade de Santa Maria e Porto Alegre. Tamb\u00e9m est\u00e3o sendo realizados levantamentos de desastres j\u00e1 ocorridos em cidades do Rio Grande do Sul.<br \/>As novas metas est\u00e3o relacionadas ao desenvolvimento de pesquisas com outras institui\u00e7\u00f5es como a Universidade Federal de Tocantins e a Universidade Federal do Rio Grande do Sul e Universidade da Regi\u00e3o da Campanha.<\/p>\n","protected":false},"excerpt":{"rendered":"<p>O Laborat\u00f3rio de Geologia Ambiental iniciou suas atividades no ano de 1995, coordenado pelo prof. Lu\u00eds Eduardo de Souza Robaina, com o objetivo de agregar professores\/pesquisadores que desenvolvem atividades nas \u00e1reas de diagn\u00f3stico ambiental e geologia aplicada. Desde ent\u00e3o, o laborat\u00f3rio tem buscado se consolidar atrav\u00e9s da integra\u00e7\u00e3o de trabalhos, qualifica\u00e7\u00e3o de sua infra-estrutura e [&hellip;]<\/p>\n","protected":false},"author":124,"featured_media":0,"parent":0,"menu_order":0,"comment_status":"closed","ping_status":"closed","template":"","meta":{"footnotes":""},"categories":[],"tags":[],"class_list":["post-22","page","type-page","status-publish","hentry"],"acf":[],"_links":{"self":[{"href":"https:\/\/www.ufsm.br\/laboratorios\/lageolam\/wp-json\/wp\/v2\/pages\/22","targetHints":{"allow":["GET"]}}],"collection":[{"href":"https:\/\/www.ufsm.br\/laboratorios\/lageolam\/wp-json\/wp\/v2\/pages"}],"about":[{"href":"https:\/\/www.ufsm.br\/laboratorios\/lageolam\/wp-json\/wp\/v2\/types\/page"}],"author":[{"embeddable":true,"href":"https:\/\/www.ufsm.br\/laboratorios\/lageolam\/wp-json\/wp\/v2\/users\/124"}],"replies":[{"embeddable":true,"href":"https:\/\/www.ufsm.br\/laboratorios\/lageolam\/wp-json\/wp\/v2\/comments?post=22"}],"version-history":[{"count":0,"href":"https:\/\/www.ufsm.br\/laboratorios\/lageolam\/wp-json\/wp\/v2\/pages\/22\/revisions"}],"wp:attachment":[{"href":"https:\/\/www.ufsm.br\/laboratorios\/lageolam\/wp-json\/wp\/v2\/media?parent=22"}],"wp:term":[{"taxonomy":"category","embeddable":true,"href":"https:\/\/www.ufsm.br\/laboratorios\/lageolam\/wp-json\/wp\/v2\/categories?post=22"},{"taxonomy":"post_tag","embeddable":true,"href":"https:\/\/www.ufsm.br\/laboratorios\/lageolam\/wp-json\/wp\/v2\/tags?post=22"}],"curies":[{"name":"wp","href":"https:\/\/api.w.org\/{rel}","templated":true}]}}