{"id":40,"date":"2019-07-18T15:15:33","date_gmt":"2019-07-18T18:15:33","guid":{"rendered":"https:\/\/www.ufsm.br\/laboratorios\/lamen\/?page_id=40"},"modified":"2019-07-18T15:16:16","modified_gmt":"2019-07-18T18:16:16","slug":"informacoes-gerais","status":"publish","type":"page","link":"https:\/\/www.ufsm.br\/laboratorios\/lamen\/informacoes-gerais","title":{"rendered":"Sobre"},"content":{"rendered":"\n<p>Na d\u00e9cada de 80, em fun\u00e7\u00e3o das necessidades j\u00e1 existentes, foi criado no CE um local onde os professores da \u00e9poca pudessem realizar e qualificar suas pr\u00e1ticas pedag\u00f3gicas nas mais diferentes \u00e1reas, buscando dar conta dos saberes e fazeres que configuram os Est\u00e1gios Supervisionados, ou seja, apoiar as Pr\u00e1ticas Educativas das diferentes Licenciaturas da UFSM. \u00a0\u00a0<\/p>\n<p>Ao longo dos anos, foram sendo criados diferentes laborat\u00f3rios por conta das necessidades e das demandas desses Cursos e o impulso inicial da cria\u00e7\u00e3o dos primeiros laborat\u00f3rios vieram fortalecer e justificar a consolida\u00e7\u00e3o do setor. No momento de sua cria\u00e7\u00e3o, o LAMEN foi constitu\u00eddo como um N\u00facleo de apoio do Centro de Educa\u00e7\u00e3o.<\/p>\n<p>Em fun\u00e7\u00e3o do desenvolvimento institucional, foram ocorrendo mudan\u00e7as nas diferentes inst\u00e2ncias de gest\u00e3o de pol\u00edticas p\u00fablicas de nossa Universidade. Nesse contexto, o LAMEN, como um setor em processo de desenvolvimento, passou, tamb\u00e9m, por um processo de reestrutura\u00e7\u00e3o. Neste momento, in\u00edcio dos anos 2000, o LAMEN passou a integrar o Departamento de Metodologia do Ensino do Centro de Educa\u00e7\u00e3o. A justificativa dada, naquela \u00e9poca pelos \u00f3rg\u00e3os colegiados era pelo fato que o LAMEN trabalhava com as diferentes \u00e1reas dos diferentes Est\u00e1gios Supervisionados.\u00a0<\/p>\n<p>Com a mudan\u00e7a f\u00edsica do Centro de Educa\u00e7\u00e3o para o seu pr\u00e9dio novo (16), o LAMEN passou a ocupar dez (10) salas no terceiro andar, tornando-se um espa\u00e7o para ensino, pesquisa e extens\u00e3o e tendo como objetivo o processo de qualifica\u00e7\u00e3o da Forma\u00e7\u00e3o Docente. Ao trabalhar com a Forma\u00e7\u00e3o de Professores, a for\u00e7a de trabalho do LAMEN (Secret\u00e1rio, Professores e Bolsistas) passam a se preocupar com todos os espa\u00e7os que necessitam de a\u00e7\u00f5es educativas, sejam espa\u00e7os formais ou informais.\u00a0<\/p>\n<p>No ano de 2006 foi criada a Coordena\u00e7\u00e3o Geral, atrav\u00e9s da portaria n0 72\/2006, expedida pela Dire\u00e7\u00e3o do Centro de Educa\u00e7\u00e3o. O LAMEN sofria com a car\u00eancia de muitos materiais e de mobili\u00e1rios e, nesse sentido, em dezembro de 2010 foram inaugurados os novos mobili\u00e1rios, readequando os espa\u00e7os para que apoiassem de forma mais efetiva as atividades desenvolvidas no LAMEN. Atualmente, o LAMEN \u00e9 composto por 11 laborat\u00f3rios e a Secretaria.<\/p>\n","protected":false},"excerpt":{"rendered":"<p>Na d\u00e9cada de 80, em fun\u00e7\u00e3o das necessidades j\u00e1 existentes, foi criado no CE um local onde os professores da \u00e9poca pudessem realizar e qualificar suas pr\u00e1ticas pedag\u00f3gicas nas mais diferentes \u00e1reas, buscando dar conta dos saberes e fazeres que configuram os Est\u00e1gios Supervisionados, ou seja, apoiar as Pr\u00e1ticas Educativas das diferentes Licenciaturas da UFSM. [&hellip;]<\/p>\n","protected":false},"author":118,"featured_media":0,"parent":0,"menu_order":0,"comment_status":"closed","ping_status":"closed","template":"","meta":{"footnotes":""},"categories":[],"tags":[],"class_list":["post-40","page","type-page","status-publish","hentry"],"acf":[],"_links":{"self":[{"href":"https:\/\/www.ufsm.br\/laboratorios\/lamen\/wp-json\/wp\/v2\/pages\/40","targetHints":{"allow":["GET"]}}],"collection":[{"href":"https:\/\/www.ufsm.br\/laboratorios\/lamen\/wp-json\/wp\/v2\/pages"}],"about":[{"href":"https:\/\/www.ufsm.br\/laboratorios\/lamen\/wp-json\/wp\/v2\/types\/page"}],"author":[{"embeddable":true,"href":"https:\/\/www.ufsm.br\/laboratorios\/lamen\/wp-json\/wp\/v2\/users\/118"}],"replies":[{"embeddable":true,"href":"https:\/\/www.ufsm.br\/laboratorios\/lamen\/wp-json\/wp\/v2\/comments?post=40"}],"version-history":[{"count":0,"href":"https:\/\/www.ufsm.br\/laboratorios\/lamen\/wp-json\/wp\/v2\/pages\/40\/revisions"}],"wp:attachment":[{"href":"https:\/\/www.ufsm.br\/laboratorios\/lamen\/wp-json\/wp\/v2\/media?parent=40"}],"wp:term":[{"taxonomy":"category","embeddable":true,"href":"https:\/\/www.ufsm.br\/laboratorios\/lamen\/wp-json\/wp\/v2\/categories?post=40"},{"taxonomy":"post_tag","embeddable":true,"href":"https:\/\/www.ufsm.br\/laboratorios\/lamen\/wp-json\/wp\/v2\/tags?post=40"}],"curies":[{"name":"wp","href":"https:\/\/api.w.org\/{rel}","templated":true}]}}

<p>Na década de 80, em função das necessidades já existentes, foi criado no CE um local onde os professores da época pudessem realizar e qualificar suas práticas pedagógicas nas mais diferentes áreas, buscando dar conta dos saberes e fazeres que configuram os Estágios Supervisionados, ou seja, apoiar as Práticas Educativas das diferentes Licenciaturas da UFSM.   </p>
<p>Ao longo dos anos, foram sendo criados diferentes laboratórios por conta das necessidades e das demandas desses Cursos e o impulso inicial da criação dos primeiros laboratórios vieram fortalecer e justificar a consolidação do setor. No momento de sua criação, o LAMEN foi constituído como um Núcleo de apoio do Centro de Educação.</p>
<p>Em função do desenvolvimento institucional, foram ocorrendo mudanças nas diferentes instâncias de gestão de políticas públicas de nossa Universidade. Nesse contexto, o LAMEN, como um setor em processo de desenvolvimento, passou, também, por um processo de reestruturação. Neste momento, início dos anos 2000, o LAMEN passou a integrar o Departamento de Metodologia do Ensino do Centro de Educação. A justificativa dada, naquela época pelos órgãos colegiados era pelo fato que o LAMEN trabalhava com as diferentes áreas dos diferentes Estágios Supervisionados. </p>
<p>Com a mudança física do Centro de Educação para o seu prédio novo (16), o LAMEN passou a ocupar dez (10) salas no terceiro andar, tornando-se um espaço para ensino, pesquisa e extensão e tendo como objetivo o processo de qualificação da Formação Docente. Ao trabalhar com a Formação de Professores, a força de trabalho do LAMEN (Secretário, Professores e Bolsistas) passam a se preocupar com todos os espaços que necessitam de ações educativas, sejam espaços formais ou informais. </p>
<p>No ano de 2006 foi criada a Coordenação Geral, através da portaria n0 72/2006, expedida pela Direção do Centro de Educação. O LAMEN sofria com a carência de muitos materiais e de mobiliários e, nesse sentido, em dezembro de 2010 foram inaugurados os novos mobiliários, readequando os espaços para que apoiassem de forma mais efetiva as atividades desenvolvidas no LAMEN. Atualmente, o LAMEN é composto por 11 laboratórios e a Secretaria.</p>

<p>Na década de 80, em função das necessidades já existentes, foi criado no CE um local onde os professores da época pudessem realizar e qualificar suas práticas pedagógicas nas mais diferentes áreas, buscando dar conta dos saberes e fazeres que configuram os Estágios Supervisionados, ou seja, apoiar as Práticas Educativas das diferentes Licenciaturas da UFSM. [&hellip;]</p>
