{"id":32,"date":"2019-05-24T15:38:39","date_gmt":"2019-05-24T18:38:39","guid":{"rendered":"https:\/\/www.ufsm.br\/template-laboratprio\/?page_id=32"},"modified":"2023-10-30T16:28:05","modified_gmt":"2023-10-30T19:28:05","slug":"projetos","status":"publish","type":"page","link":"https:\/\/www.ufsm.br\/laboratorios\/lappe\/projetos","title":{"rendered":"Projetos"},"content":{"rendered":"\n<p>A produ\u00e7\u00e3o do Lappe concentra-se na realiza\u00e7\u00e3o de projetos de ensino, pesquisa e extens\u00e3o na \u00e1rea de Produ\u00e7\u00e3o Editorial e na elabora\u00e7\u00e3o de produtos editoriais em m\u00eddia impressa, online e digital na modalidade de publica\u00e7\u00f5es informativas, educativas e\/ou institucionais, em m\u00faltiplos formatos, como revistas, jornais, sites e outros materiais inseridos na l\u00f3gica da converg\u00eancia de m\u00eddias.<\/p>\n<p>Modalidades de produtos editoriais:<\/p>\n<p>&#8211; Produtos editoriais inseridos em disciplinas;<\/p>\n<p>&#8211; Produtos editoriais desenvolvidos a partir de projetos de ensino, pesquisa e extens\u00e3o sob orienta\u00e7\u00e3o de professores do curso;<\/p>\n<p>&#8211; Produtos editoriais propostos por acad\u00eamicos do curso de Comunica\u00e7\u00e3o Social &#8211; Produ\u00e7\u00e3o Editorial.<\/p>\n<p>\u00a0<\/p>\n<p><strong>Projeto vinculado ao Lappe:<\/strong><\/p>\n<p><a class=\"detalhesDocumento link\" title=\"Detalhes da tramita\u00e7\u00e3o\" href=\"https:\/\/portal.ufsm.br\/projetos\/publico\/projetos\/view.html?idProjeto=62037\" data-id=\"10681000\"><span class=\"\">23081.053014\/2018-14 <\/span><\/a>OUTROS APRENDIZADOS: estrat\u00e9gias de complementa\u00e7\u00e3o do aprendizado no Curso de Comunica\u00e7\u00e3o Social \u2013 Produ\u00e7\u00e3o Editorial<\/p>\n","protected":false},"excerpt":{"rendered":"<p>A produ\u00e7\u00e3o do Lappe concentra-se na realiza\u00e7\u00e3o de projetos de ensino, pesquisa e extens\u00e3o na \u00e1rea de Produ\u00e7\u00e3o Editorial e na elabora\u00e7\u00e3o de produtos editoriais em m\u00eddia impressa, online e digital na modalidade de publica\u00e7\u00f5es informativas, educativas e\/ou institucionais, em m\u00faltiplos formatos, como revistas, jornais, sites e outros materiais inseridos na l\u00f3gica da converg\u00eancia de [&hellip;]<\/p>\n","protected":false},"author":25,"featured_media":0,"parent":0,"menu_order":0,"comment_status":"closed","ping_status":"closed","template":"","meta":{"footnotes":""},"categories":[],"tags":[],"class_list":["post-32","page","type-page","status-publish","hentry"],"acf":[],"_links":{"self":[{"href":"https:\/\/www.ufsm.br\/laboratorios\/lappe\/wp-json\/wp\/v2\/pages\/32","targetHints":{"allow":["GET"]}}],"collection":[{"href":"https:\/\/www.ufsm.br\/laboratorios\/lappe\/wp-json\/wp\/v2\/pages"}],"about":[{"href":"https:\/\/www.ufsm.br\/laboratorios\/lappe\/wp-json\/wp\/v2\/types\/page"}],"author":[{"embeddable":true,"href":"https:\/\/www.ufsm.br\/laboratorios\/lappe\/wp-json\/wp\/v2\/users\/25"}],"replies":[{"embeddable":true,"href":"https:\/\/www.ufsm.br\/laboratorios\/lappe\/wp-json\/wp\/v2\/comments?post=32"}],"version-history":[{"count":0,"href":"https:\/\/www.ufsm.br\/laboratorios\/lappe\/wp-json\/wp\/v2\/pages\/32\/revisions"}],"wp:attachment":[{"href":"https:\/\/www.ufsm.br\/laboratorios\/lappe\/wp-json\/wp\/v2\/media?parent=32"}],"wp:term":[{"taxonomy":"category","embeddable":true,"href":"https:\/\/www.ufsm.br\/laboratorios\/lappe\/wp-json\/wp\/v2\/categories?post=32"},{"taxonomy":"post_tag","embeddable":true,"href":"https:\/\/www.ufsm.br\/laboratorios\/lappe\/wp-json\/wp\/v2\/tags?post=32"}],"curies":[{"name":"wp","href":"https:\/\/api.w.org\/{rel}","templated":true}]}}

<p>A produção do Lappe concentra-se na realização de projetos de ensino, pesquisa e extensão na área de Produção Editorial e na elaboração de produtos editoriais em mídia impressa, online e digital na modalidade de publicações informativas, educativas e/ou institucionais, em múltiplos formatos, como revistas, jornais, sites e outros materiais inseridos na lógica da convergência de mídias.</p>
<p>Modalidades de produtos editoriais:</p>
<p>&#8211; Produtos editoriais inseridos em disciplinas;</p>
<p>&#8211; Produtos editoriais desenvolvidos a partir de projetos de ensino, pesquisa e extensão sob orientação de professores do curso;</p>
<p>&#8211; Produtos editoriais propostos por acadêmicos do curso de Comunicação Social &#8211; Produção Editorial.</p>
<p> </p>
<p><strong>Projeto vinculado ao Lappe:</strong></p>
<p><a class="detalhesDocumento link" title="Detalhes da tramitação" href="https://portal.ufsm.br/projetos/publico/projetos/view.html?idProjeto=62037" data-id="10681000"><span class="">23081.053014/2018-14 </span></a>OUTROS APRENDIZADOS: estratégias de complementação do aprendizado no Curso de Comunicação Social – Produção Editorial</p>

<p>A produção do Lappe concentra-se na realização de projetos de ensino, pesquisa e extensão na área de Produção Editorial e na elaboração de produtos editoriais em mídia impressa, online e digital na modalidade de publicações informativas, educativas e/ou institucionais, em múltiplos formatos, como revistas, jornais, sites e outros materiais inseridos na lógica da convergência de [&hellip;]</p>
