{"id":78,"date":"2019-06-15T14:50:17","date_gmt":"2019-06-15T17:50:17","guid":{"rendered":"https:\/\/www.ufsm.br\/laboratorios\/laqia\/?page_id=78"},"modified":"2023-01-26T15:19:18","modified_gmt":"2023-01-26T18:19:18","slug":"equipamentos-equipment","status":"publish","type":"page","link":"https:\/\/www.ufsm.br\/laboratorios\/laqia\/equipamentos-equipment","title":{"rendered":"Equipamentos\/Equipment"},"content":{"rendered":"\n<figure class=\"wp-block-gallery has-nested-images columns-default is-cropped wp-block-gallery-1 is-layout-flex wp-block-gallery-is-layout-flex\">\n<figure class=\"wp-block-image\"><img fetchpriority=\"high\" decoding=\"async\" width=\"768\" height=\"1024\" data-id=\"90\" src=\"https:\/\/www.ufsm.br\/app\/uploads\/sites\/654\/2019\/06\/Ultrawave-laqia-768x1024.jpg\" alt=\"ultrawave\" class=\"wp-image-90\" srcset=\"https:\/\/www.ufsm.br\/app\/uploads\/sites\/654\/2019\/06\/Ultrawave-laqia-768x1024.jpg 768w, https:\/\/www.ufsm.br\/app\/uploads\/sites\/654\/2019\/06\/Ultrawave-laqia-225x300.jpg 225w, https:\/\/www.ufsm.br\/app\/uploads\/sites\/654\/2019\/06\/Ultrawave-laqia.jpg 1920w\" sizes=\"(max-width: 768px) 100vw, 768px\" \/><figcaption class=\"wp-element-caption\">Sistema Ultrawave para digest\u00e3o de amostras.\nUltrawave system for sample digestion.<\/figcaption><\/figure>\n<\/figure>\n\n\n\n<figure class=\"wp-block-gallery has-nested-images columns-default is-cropped wp-block-gallery-2 is-layout-flex wp-block-gallery-is-layout-flex\">\n<figure class=\"wp-block-image\"><img decoding=\"async\" width=\"731\" height=\"1024\" data-id=\"89\" src=\"https:\/\/www.ufsm.br\/app\/uploads\/sites\/654\/2019\/06\/Ultrawave-2-laqia-731x1024.jpg\" alt=\"ultrawave\" class=\"wp-image-89\" srcset=\"https:\/\/www.ufsm.br\/app\/uploads\/sites\/654\/2019\/06\/Ultrawave-2-laqia-731x1024.jpg 731w, https:\/\/www.ufsm.br\/app\/uploads\/sites\/654\/2019\/06\/Ultrawave-2-laqia-214x300.jpg 214w, https:\/\/www.ufsm.br\/app\/uploads\/sites\/654\/2019\/06\/Ultrawave-2-laqia-768x1076.jpg 768w, https:\/\/www.ufsm.br\/app\/uploads\/sites\/654\/2019\/06\/Ultrawave-2-laqia.jpg 1920w\" sizes=\"(max-width: 731px) 100vw, 731px\" \/><figcaption class=\"wp-element-caption\">Sistema Ultrawave para digest\u00e3o de amostras.\nUltrawave system for sample digestion.<\/figcaption><\/figure>\n<\/figure>\n\n\n\n<figure class=\"wp-block-gallery has-nested-images columns-default is-cropped wp-block-gallery-3 is-layout-flex wp-block-gallery-is-layout-flex\">\n<figure class=\"wp-block-image\"><img decoding=\"async\" width=\"1024\" height=\"678\" data-id=\"85\" src=\"https:\/\/www.ufsm.br\/app\/uploads\/sites\/654\/2019\/06\/MIC-laqia-1024x678.jpg\" alt=\"MIC\" class=\"wp-image-85\" srcset=\"https:\/\/www.ufsm.br\/app\/uploads\/sites\/654\/2019\/06\/MIC-laqia-1024x678.jpg 1024w, https:\/\/www.ufsm.br\/app\/uploads\/sites\/654\/2019\/06\/MIC-laqia-300x199.jpg 300w, https:\/\/www.ufsm.br\/app\/uploads\/sites\/654\/2019\/06\/MIC-laqia-768x509.jpg 768w, https:\/\/www.ufsm.br\/app\/uploads\/sites\/654\/2019\/06\/MIC-laqia.jpg 1920w\" sizes=\"(max-width: 1024px) 100vw, 1024px\" \/><figcaption class=\"wp-element-caption\">Sistema de preparo de amostras combust\u00e3o iniciada por microondas. Sample preparation sistem microwave induced combustion (MIC). <\/figcaption><\/figure>\n<\/figure>\n\n\n\n<figure class=\"wp-block-gallery has-nested-images columns-default is-cropped wp-block-gallery-4 is-layout-flex wp-block-gallery-is-layout-flex\">\n<figure class=\"wp-block-image\"><img loading=\"lazy\" decoding=\"async\" width=\"1024\" height=\"678\" data-id=\"84\" src=\"https:\/\/www.ufsm.br\/app\/uploads\/sites\/654\/2019\/06\/ICP-OES-Spectro-laqia-1024x678.jpg\" alt=\"ICP OES spectro\" class=\"wp-image-84\" srcset=\"https:\/\/www.ufsm.br\/app\/uploads\/sites\/654\/2019\/06\/ICP-OES-Spectro-laqia-1024x678.jpg 1024w, https:\/\/www.ufsm.br\/app\/uploads\/sites\/654\/2019\/06\/ICP-OES-Spectro-laqia-300x199.jpg 300w, https:\/\/www.ufsm.br\/app\/uploads\/sites\/654\/2019\/06\/ICP-OES-Spectro-laqia-768x509.jpg 768w, https:\/\/www.ufsm.br\/app\/uploads\/sites\/654\/2019\/06\/ICP-OES-Spectro-laqia.jpg 1920w\" sizes=\"(max-width: 1024px) 100vw, 1024px\" \/><figcaption class=\"wp-element-caption\">Espectr\u00f4metro de emiss\u00e3o \u00f3ptica com plasma indutivamente acoplado.  Inductively coupled plasma optical emission spectrometer (ICP OES). Spectro<\/figcaption><\/figure>\n<\/figure>\n\n\n\n<figure class=\"wp-block-gallery has-nested-images columns-default is-cropped wp-block-gallery-5 is-layout-flex wp-block-gallery-is-layout-flex\">\n<figure class=\"wp-block-image\"><img loading=\"lazy\" decoding=\"async\" width=\"1024\" height=\"678\" data-id=\"83\" src=\"https:\/\/www.ufsm.br\/app\/uploads\/sites\/654\/2019\/06\/ICP-MS-NexION-laqia-1024x678.jpg\" alt=\"ICP-MS NexION\" class=\"wp-image-83\" srcset=\"https:\/\/www.ufsm.br\/app\/uploads\/sites\/654\/2019\/06\/ICP-MS-NexION-laqia-1024x678.jpg 1024w, https:\/\/www.ufsm.br\/app\/uploads\/sites\/654\/2019\/06\/ICP-MS-NexION-laqia-300x199.jpg 300w, https:\/\/www.ufsm.br\/app\/uploads\/sites\/654\/2019\/06\/ICP-MS-NexION-laqia-768x509.jpg 768w, https:\/\/www.ufsm.br\/app\/uploads\/sites\/654\/2019\/06\/ICP-MS-NexION-laqia.jpg 1920w\" sizes=\"(max-width: 1024px) 100vw, 1024px\" \/><figcaption class=\"wp-element-caption\">Espectr\u00f4metro de massa com plasma indutivamente acoplado. Inductively coupled plasma mass spectrometer (ICP-MS). NexION<\/figcaption><\/figure>\n<\/figure>\n\n\n\n<figure class=\"wp-block-gallery has-nested-images columns-default is-cropped wp-block-gallery-6 is-layout-flex wp-block-gallery-is-layout-flex\">\n<figure class=\"wp-block-image\"><img decoding=\"async\" data-id=\"82\" src=\"https:\/\/www.ufsm.br\/app\/uploads\/sites\/654\/2019\/06\/ICP-MS-Elan-laqia-1024x678.jpg\" alt=\"ICP-MS Elan\" class=\"wp-image-82\" \/><figcaption class=\"wp-element-caption\">Espectr\u00f4metro de massa com plasma indutivamente acoplado. Inductively coupled plasma mass spectrometer (ICP-MS). Elan<\/figcaption><\/figure>\n<\/figure>\n\n\n\n<figure class=\"wp-block-gallery has-nested-images columns-default is-cropped wp-block-gallery-7 is-layout-flex wp-block-gallery-is-layout-flex\">\n<figure class=\"wp-block-image\"><img loading=\"lazy\" decoding=\"async\" width=\"768\" height=\"1024\" data-id=\"81\" src=\"https:\/\/www.ufsm.br\/app\/uploads\/sites\/654\/2019\/06\/Forno-Multiwave-laqia-768x1024.jpg\" alt=\"Preparo de amostras\" class=\"wp-image-81\" srcset=\"https:\/\/www.ufsm.br\/app\/uploads\/sites\/654\/2019\/06\/Forno-Multiwave-laqia-768x1024.jpg 768w, https:\/\/www.ufsm.br\/app\/uploads\/sites\/654\/2019\/06\/Forno-Multiwave-laqia-225x300.jpg 225w, https:\/\/www.ufsm.br\/app\/uploads\/sites\/654\/2019\/06\/Forno-Multiwave-laqia.jpg 1920w\" sizes=\"(max-width: 768px) 100vw, 768px\" \/><figcaption class=\"wp-element-caption\">Sistema Multiwave para digest\u00e3o de amostras. Multiwave system for sample digestion.<\/figcaption><\/figure>\n<\/figure>\n\n\n\n<figure class=\"wp-block-gallery has-nested-images columns-default is-cropped wp-block-gallery-8 is-layout-flex wp-block-gallery-is-layout-flex\">\n<figure class=\"wp-block-image\"><img loading=\"lazy\" decoding=\"async\" width=\"1024\" height=\"678\" data-id=\"80\" src=\"https:\/\/www.ufsm.br\/app\/uploads\/sites\/654\/2019\/06\/FAAS-laqia-1024x678.jpg\" alt=\"FAAS\" class=\"wp-image-80\" srcset=\"https:\/\/www.ufsm.br\/app\/uploads\/sites\/654\/2019\/06\/FAAS-laqia-1024x678.jpg 1024w, https:\/\/www.ufsm.br\/app\/uploads\/sites\/654\/2019\/06\/FAAS-laqia-300x199.jpg 300w, https:\/\/www.ufsm.br\/app\/uploads\/sites\/654\/2019\/06\/FAAS-laqia-768x509.jpg 768w, https:\/\/www.ufsm.br\/app\/uploads\/sites\/654\/2019\/06\/FAAS-laqia.jpg 1920w\" sizes=\"(max-width: 1024px) 100vw, 1024px\" \/><figcaption class=\"wp-element-caption\">Espectr\u00f4metro de absor\u00e7\u00e3o at\u00f4mica com chama. Flame atomic absorption spectrometer (FAAS).<\/figcaption><\/figure>\n<\/figure>\n\n\n\n<figure class=\"wp-block-gallery has-nested-images columns-default is-cropped wp-block-gallery-9 is-layout-flex wp-block-gallery-is-layout-flex\">\n<figure class=\"wp-block-image\"><img loading=\"lazy\" decoding=\"async\" width=\"1024\" height=\"678\" data-id=\"79\" src=\"https:\/\/www.ufsm.br\/app\/uploads\/sites\/654\/2019\/06\/ContrAA-laqia-1024x678.jpg\" alt=\"ContraAA\" class=\"wp-image-79\" srcset=\"https:\/\/www.ufsm.br\/app\/uploads\/sites\/654\/2019\/06\/ContrAA-laqia-1024x678.jpg 1024w, https:\/\/www.ufsm.br\/app\/uploads\/sites\/654\/2019\/06\/ContrAA-laqia-300x199.jpg 300w, https:\/\/www.ufsm.br\/app\/uploads\/sites\/654\/2019\/06\/ContrAA-laqia-768x509.jpg 768w, https:\/\/www.ufsm.br\/app\/uploads\/sites\/654\/2019\/06\/ContrAA-laqia.jpg 1920w\" sizes=\"(max-width: 1024px) 100vw, 1024px\" \/><figcaption class=\"wp-element-caption\">Espectr\u00f4metro de absor\u00e7\u00e3o at\u00f4mica de alta resolu\u00e7\u00e3o com fonte continua. High-resolution continuum source atomic absorption spectrometer (ContraAA).<\/figcaption><\/figure>\n<\/figure>\n\n\n\n<figure class=\"wp-block-image size-large\"><img loading=\"lazy\" decoding=\"async\" width=\"1024\" height=\"811\" src=\"https:\/\/www.ufsm.br\/app\/uploads\/sites\/654\/2023\/01\/gc-ms-1024x811.jpg\" alt=\"\" class=\"wp-image-262\" srcset=\"https:\/\/www.ufsm.br\/app\/uploads\/sites\/654\/2023\/01\/gc-ms-1024x811.jpg 1024w, https:\/\/www.ufsm.br\/app\/uploads\/sites\/654\/2023\/01\/gc-ms-300x238.jpg 300w, https:\/\/www.ufsm.br\/app\/uploads\/sites\/654\/2023\/01\/gc-ms-768x608.jpg 768w, https:\/\/www.ufsm.br\/app\/uploads\/sites\/654\/2023\/01\/gc-ms-1536x1217.jpg 1536w, https:\/\/www.ufsm.br\/app\/uploads\/sites\/654\/2023\/01\/gc-ms.jpg 1920w\" sizes=\"(max-width: 1024px) 100vw, 1024px\" \/><figcaption class=\"wp-element-caption\">Cromat\u00f3grafo \u00e0 g\u00e1s acoplado a espectrometria de massas MDGC\/GCMS-2010, Shimadzu<\/figcaption><\/figure>\n\n\n\n<figure class=\"wp-block-image size-large\"><img loading=\"lazy\" decoding=\"async\" width=\"1024\" height=\"576\" src=\"https:\/\/www.ufsm.br\/app\/uploads\/sites\/654\/2023\/01\/ic-thermo-2-1024x576.jpeg\" alt=\"\" class=\"wp-image-263\" srcset=\"https:\/\/www.ufsm.br\/app\/uploads\/sites\/654\/2023\/01\/ic-thermo-2-1024x576.jpeg 1024w, https:\/\/www.ufsm.br\/app\/uploads\/sites\/654\/2023\/01\/ic-thermo-2-300x169.jpeg 300w, https:\/\/www.ufsm.br\/app\/uploads\/sites\/654\/2023\/01\/ic-thermo-2-768x432.jpeg 768w, https:\/\/www.ufsm.br\/app\/uploads\/sites\/654\/2023\/01\/ic-thermo-2-1536x864.jpeg 1536w, https:\/\/www.ufsm.br\/app\/uploads\/sites\/654\/2023\/01\/ic-thermo-2.jpeg 1600w\" sizes=\"(max-width: 1024px) 100vw, 1024px\" \/><figcaption class=\"wp-element-caption\">Cromat\u00f3grafo de \u00edons com detec\u00e7\u00e3o por condutividade, ultravioleta e espectrometria de massas Dionex ICS 5000+ Thermo Scientific<\/figcaption><\/figure>\n\n\n\n<figure class=\"wp-block-image size-large\"><img loading=\"lazy\" decoding=\"async\" width=\"1024\" height=\"576\" src=\"https:\/\/www.ufsm.br\/app\/uploads\/sites\/654\/2023\/01\/mrs2-1024x576.jpeg\" alt=\"\" class=\"wp-image-264\" srcset=\"https:\/\/www.ufsm.br\/app\/uploads\/sites\/654\/2023\/01\/mrs2-1024x576.jpeg 1024w, https:\/\/www.ufsm.br\/app\/uploads\/sites\/654\/2023\/01\/mrs2-300x169.jpeg 300w, https:\/\/www.ufsm.br\/app\/uploads\/sites\/654\/2023\/01\/mrs2-768x432.jpeg 768w, https:\/\/www.ufsm.br\/app\/uploads\/sites\/654\/2023\/01\/mrs2-1536x864.jpeg 1536w, https:\/\/www.ufsm.br\/app\/uploads\/sites\/654\/2023\/01\/mrs2.jpeg 1599w\" sizes=\"(max-width: 1024px) 100vw, 1024px\" \/><figcaption class=\"wp-element-caption\">Microwave Reaction System &#8211; Anton Paar<\/figcaption><\/figure>\n","protected":false},"excerpt":{"rendered":"","protected":false},"author":1132,"featured_media":0,"parent":0,"menu_order":0,"comment_status":"closed","ping_status":"closed","template":"","meta":{"footnotes":""},"categories":[],"tags":[],"class_list":["post-78","page","type-page","status-publish","hentry"],"acf":[],"_links":{"self":[{"href":"https:\/\/www.ufsm.br\/laboratorios\/laqia\/wp-json\/wp\/v2\/pages\/78","targetHints":{"allow":["GET"]}}],"collection":[{"href":"https:\/\/www.ufsm.br\/laboratorios\/laqia\/wp-json\/wp\/v2\/pages"}],"about":[{"href":"https:\/\/www.ufsm.br\/laboratorios\/laqia\/wp-json\/wp\/v2\/types\/page"}],"author":[{"embeddable":true,"href":"https:\/\/www.ufsm.br\/laboratorios\/laqia\/wp-json\/wp\/v2\/users\/1132"}],"replies":[{"embeddable":true,"href":"https:\/\/www.ufsm.br\/laboratorios\/laqia\/wp-json\/wp\/v2\/comments?post=78"}],"version-history":[{"count":0,"href":"https:\/\/www.ufsm.br\/laboratorios\/laqia\/wp-json\/wp\/v2\/pages\/78\/revisions"}],"wp:attachment":[{"href":"https:\/\/www.ufsm.br\/laboratorios\/laqia\/wp-json\/wp\/v2\/media?parent=78"}],"wp:term":[{"taxonomy":"category","embeddable":true,"href":"https:\/\/www.ufsm.br\/laboratorios\/laqia\/wp-json\/wp\/v2\/categories?post=78"},{"taxonomy":"post_tag","embeddable":true,"href":"https:\/\/www.ufsm.br\/laboratorios\/laqia\/wp-json\/wp\/v2\/tags?post=78"}],"curies":[{"name":"wp","href":"https:\/\/api.w.org\/{rel}","templated":true}]}}