{"id":23,"date":"2019-05-14T17:02:03","date_gmt":"2019-05-14T20:02:03","guid":{"rendered":"https:\/\/www.ufsm.br\/template-laboratprio\/?page_id=23"},"modified":"2026-03-12T08:43:51","modified_gmt":"2026-03-12T11:43:51","slug":"equipe","status":"publish","type":"page","link":"https:\/\/www.ufsm.br\/laboratorios\/lasca\/equipe","title":{"rendered":"Equipe"},"content":{"rendered":"\t\t<div data-elementor-type=\"wp-page\" data-elementor-id=\"23\" class=\"elementor elementor-23\">\n\t\t\t\t\t\t<section class=\"elementor-section elementor-top-section elementor-element elementor-element-7a4267c3 elementor-section-boxed elementor-section-height-default elementor-section-height-default\" data-id=\"7a4267c3\" data-element_type=\"section\">\n\t\t\t\t\t\t<div class=\"elementor-container elementor-column-gap-default\">\n\t\t\t\t\t<div class=\"elementor-column elementor-col-100 elementor-top-column elementor-element elementor-element-193300d1\" data-id=\"193300d1\" data-element_type=\"column\">\n\t\t\t<div class=\"elementor-widget-wrap elementor-element-populated\">\n\t\t\t\t\t\t<div class=\"elementor-element elementor-element-2bcfb4c5 elementor-widget elementor-widget-text-editor\" data-id=\"2bcfb4c5\" data-element_type=\"widget\" data-widget_type=\"text-editor.default\">\n\t\t\t\t<div class=\"elementor-widget-container\">\n\t\t\t\t\t\t\t<p>Andr\u00e9 Luis Ramos Soares \u2013\u00a0<strong>Arque\u00f3logo Coordenador\u00a0<\/strong><\/p>\n<p>Aline Vargas &#8211; <strong>Muse\u00f3loga<\/strong><\/p>\n<p>T\u00e2nia Frasson &#8211; <strong>Funcion\u00e1ria<\/strong><\/p>\n<p><strong>Bolsistas e Volunt\u00e1rios:<\/strong><\/p>\n<p>Jo\u00e3o Meinen &#8211; Bolsista PRE (Hist\u00f3ria &#8211; 2025)<\/p>\n<p>Marco Bottega &#8211; Bolsista PRE (Hist\u00f3ria &#8211; 2025)<\/p>\n<p>Vit\u00f3ria Medeiros &#8211; Bolsista Territ\u00f3rio Imenbu\u00ed (Hist\u00f3ria &#8211; 2025)<\/p>\n<p>Larissa Bondarenko &#8211; Volunt\u00e1ria (Hist\u00f3ria -2025)<\/p>\n<p>\u00a0<\/p>\n<p><!-- \/wp:tadv\/classic-paragraph --><!-- wp:tadv\/classic-paragraph \/--><\/p>\t\t\t\t\t\t<\/div>\n\t\t\t\t<\/div>\n\t\t\t\t\t<\/div>\n\t\t<\/div>\n\t\t\t\t\t<\/div>\n\t\t<\/section>\n\t\t\t\t<\/div>\n\t\t","protected":false},"excerpt":{"rendered":"<p>Andr\u00e9 Luis Ramos Soares \u2013\u00a0Arque\u00f3logo Coordenador\u00a0 Aline Vargas &#8211; Muse\u00f3loga T\u00e2nia Frasson &#8211; Funcion\u00e1ria Bolsistas e Volunt\u00e1rios: Jo\u00e3o Meinen &#8211; Bolsista PRE (Hist\u00f3ria &#8211; 2025) Marco Bottega &#8211; Bolsista PRE (Hist\u00f3ria &#8211; 2025) Vit\u00f3ria Medeiros &#8211; Bolsista Territ\u00f3rio Imenbu\u00ed (Hist\u00f3ria &#8211; 2025) Larissa Bondarenko &#8211; Volunt\u00e1ria (Hist\u00f3ria -2025) \u00a0<\/p>\n","protected":false},"author":124,"featured_media":0,"parent":0,"menu_order":0,"comment_status":"closed","ping_status":"closed","template":"","meta":{"footnotes":""},"categories":[],"tags":[],"class_list":["post-23","page","type-page","status-publish","hentry"],"acf":[],"_links":{"self":[{"href":"https:\/\/www.ufsm.br\/laboratorios\/lasca\/wp-json\/wp\/v2\/pages\/23","targetHints":{"allow":["GET"]}}],"collection":[{"href":"https:\/\/www.ufsm.br\/laboratorios\/lasca\/wp-json\/wp\/v2\/pages"}],"about":[{"href":"https:\/\/www.ufsm.br\/laboratorios\/lasca\/wp-json\/wp\/v2\/types\/page"}],"author":[{"embeddable":true,"href":"https:\/\/www.ufsm.br\/laboratorios\/lasca\/wp-json\/wp\/v2\/users\/124"}],"replies":[{"embeddable":true,"href":"https:\/\/www.ufsm.br\/laboratorios\/lasca\/wp-json\/wp\/v2\/comments?post=23"}],"version-history":[{"count":0,"href":"https:\/\/www.ufsm.br\/laboratorios\/lasca\/wp-json\/wp\/v2\/pages\/23\/revisions"}],"wp:attachment":[{"href":"https:\/\/www.ufsm.br\/laboratorios\/lasca\/wp-json\/wp\/v2\/media?parent=23"}],"wp:term":[{"taxonomy":"category","embeddable":true,"href":"https:\/\/www.ufsm.br\/laboratorios\/lasca\/wp-json\/wp\/v2\/categories?post=23"},{"taxonomy":"post_tag","embeddable":true,"href":"https:\/\/www.ufsm.br\/laboratorios\/lasca\/wp-json\/wp\/v2\/tags?post=23"}],"curies":[{"name":"wp","href":"https:\/\/api.w.org\/{rel}","templated":true}]}}