{"id":24,"date":"2019-05-14T17:02:52","date_gmt":"2019-05-14T20:02:52","guid":{"rendered":"https:\/\/www.ufsm.br\/template-laboratprio\/?page_id=24"},"modified":"2019-07-29T10:42:14","modified_gmt":"2019-07-29T13:42:14","slug":"infraestrutura","status":"publish","type":"page","link":"https:\/\/www.ufsm.br\/laboratorios\/laserg\/infraestrutura","title":{"rendered":"Infraestrutura"},"content":{"rendered":"\n<div class=\"item-page\">\n<div>\n<ol>\n<li>Sala de aula climatizada (15 lugares estofados) com quadro negro, projetor Datashow, mesas, cadeiras e arm\u00e1rios;<\/li>\n<li>Sala de estudos climatizada (12 lugares), 3 computadores completos, 3 monitores extras, arm\u00e1rios, impressora e material completo de escrit\u00f3rio;<\/li>\n<li>Sala professor climatizada, arm\u00e1rios, computador, impressora, mesas e material de escrit\u00f3rio;<\/li>\n<li>Sanit\u00e1rio masculino e feminino individual e material de higiene;<\/li>\n<li>Cozinha com fog\u00e3o 4 bocas, geladeira, micro-ondas, pia, arm\u00e1rio e material completo de alimenta\u00e7\u00e3o;<\/li>\n<li>Laborat\u00f3rio de ensaios, testes e avalia\u00e7\u00f5es de m\u00e1quinas e equipamentos agr\u00edcolas;<\/li>\n<li>Prot\u00f3tipo da semeadora Vit\u00f3ria TOP, com sistema completo de controladores para taxa vari\u00e1vel em agricultura de precis\u00e3o (Monitor Topper 4500, cabos, antenas, controladorn Falcon 3500);<\/li>\n<li>Estrutura porta ferramentas m\u00f3vel (EPF);<\/li>\n<li>Instrumenta\u00e7\u00e3o eletr\u00f4nica para tratores composta de:\n<ol>\n<li>Datalogger campbell scientific CR1000;<\/li>\n<li>Flux\u00f4metro (Oval Corporation M-III LSF 41);<\/li>\n<li>Sensores para medi\u00e7\u00e3o de patinamento (Encoder&#8217;s e indutivos);<\/li>\n<li>C\u00e9lulas de carga de 1, 2 e 5 toneladas.<\/li>\n<\/ol>\n<\/li>\n<li>Instrumentos para mensura\u00e7\u00e3o de perdas na colheita;<\/li>\n<li>Instrumentos para avalia\u00e7\u00e3o postural;<\/li>\n<li>Bancada de dosadores de sementes (BEDOSA), composta por esteira carpetada de 17 metros, diversos discos, tubos condutores e dosadores pneum\u00e1ticos e mec\u00e2nicos;<\/li>\n<li>Bancada de dosadores de fertilizantes e seus subsistemas;<\/li>\n<li>Elementos de preparo de solo e semeadura (discos, hastes, linhas);<\/li>\n<li>Semeadora de fluxo cont\u00ednuo LAVRALE SD 613;<\/li>\n<li>Equipamentos para an\u00e1lises de solo, como: Micro e Macroperfil\u00f4metro, an\u00e9is para densidade de solo;<\/li>\n<li>Estufa para secagem;<\/li>\n<li>Pulverizador costal e enxada qu\u00edmica;<\/li>\n<li>Diversos conjuntos de equipamentos de prote\u00e7\u00e3o individual (EPI\u2019s);<\/li>\n<li>Conjunto completo de ferramentas para trabalhos mec\u00e2nicos, el\u00e9tricos e de marcenaria:\n<ol>\n<li>Forja;<\/li>\n<li>Furadeira de bancada e m\u00f3vel;<\/li>\n<li>Esmiril de bancada;<\/li>\n<li>Mor\u00e7a;<\/li>\n<li>Soldador;<\/li>\n<li>Policorte de bancada e m\u00f3vel;<\/li>\n<li>Compressor;<\/li>\n<li>Serra m\u00f3vel;<\/li>\n<li>Cconjunto de chaves e materiais diversos de almoxarifado.<\/li>\n<\/ol>\n<\/li>\n<li>Arado de discos, 3 discos;<\/li>\n<li>Arado de discos, 5 discos, marca JAN;<\/li>\n<li>Arado de Aiveca, 2 aivecas;<\/li>\n<li>Nivelador de solo para sistematiza\u00e7\u00e3o, acoplamento hidr\u00e1ulico;<\/li>\n<li>Plantadora de batata, 2 linhas;<\/li>\n<li>Plaina hidr\u00e1ulica traseira, revers\u00edvel;<\/li>\n<li>Ro\u00e7adora, de arrasto;<\/li>\n<li>Semeadora-adubadora, 5 linhas, pneum\u00e1tica. Projeto MIC-STI-FUNAT-FATEC-UFSM;<\/li>\n<li>Carretel com aspersores para pulveriza\u00e7\u00e3o;<\/li>\n<li>Semeadora IMASA, modelo MP1600, 17 linhas, fluxo cont\u00ednuo;<\/li>\n<li>Grade hidr\u00e1ulica, 32 discos;<\/li>\n<li>Semeadora-adubadora, 1 linha, engate hidr\u00e1ulico. Projeto MIC-STI-FUNAT-FATEC-UFSM;<\/li>\n<li>Semeadora, 2 linhas, tra\u00e7\u00e3o animal;<\/li>\n<li>Trilhadora de gr\u00e3os, marca SLC.<\/li>\n<li>\u00c1rea de conv\u00edvio e confraterniza\u00e7\u00e3o.<\/li>\n<\/ol>\n<\/div>\n<\/div>\n","protected":false},"excerpt":{"rendered":"<p>Sala de aula climatizada (15 lugares estofados) com quadro negro, projetor Datashow, mesas, cadeiras e arm\u00e1rios; Sala de estudos climatizada (12 lugares), 3 computadores completos, 3 monitores extras, arm\u00e1rios, impressora e material completo de escrit\u00f3rio; Sala professor climatizada, arm\u00e1rios, computador, impressora, mesas e material de escrit\u00f3rio; Sanit\u00e1rio masculino e feminino individual e material de higiene; [&hellip;]<\/p>\n","protected":false},"author":124,"featured_media":0,"parent":0,"menu_order":0,"comment_status":"closed","ping_status":"closed","template":"","meta":{"footnotes":""},"categories":[],"tags":[],"class_list":["post-24","page","type-page","status-publish","hentry"],"acf":[],"_links":{"self":[{"href":"https:\/\/www.ufsm.br\/laboratorios\/laserg\/wp-json\/wp\/v2\/pages\/24","targetHints":{"allow":["GET"]}}],"collection":[{"href":"https:\/\/www.ufsm.br\/laboratorios\/laserg\/wp-json\/wp\/v2\/pages"}],"about":[{"href":"https:\/\/www.ufsm.br\/laboratorios\/laserg\/wp-json\/wp\/v2\/types\/page"}],"author":[{"embeddable":true,"href":"https:\/\/www.ufsm.br\/laboratorios\/laserg\/wp-json\/wp\/v2\/users\/124"}],"replies":[{"embeddable":true,"href":"https:\/\/www.ufsm.br\/laboratorios\/laserg\/wp-json\/wp\/v2\/comments?post=24"}],"version-history":[{"count":0,"href":"https:\/\/www.ufsm.br\/laboratorios\/laserg\/wp-json\/wp\/v2\/pages\/24\/revisions"}],"wp:attachment":[{"href":"https:\/\/www.ufsm.br\/laboratorios\/laserg\/wp-json\/wp\/v2\/media?parent=24"}],"wp:term":[{"taxonomy":"category","embeddable":true,"href":"https:\/\/www.ufsm.br\/laboratorios\/laserg\/wp-json\/wp\/v2\/categories?post=24"},{"taxonomy":"post_tag","embeddable":true,"href":"https:\/\/www.ufsm.br\/laboratorios\/laserg\/wp-json\/wp\/v2\/tags?post=24"}],"curies":[{"name":"wp","href":"https:\/\/api.w.org\/{rel}","templated":true}]}}