{"id":63,"date":"2019-07-29T11:00:09","date_gmt":"2019-07-29T14:00:09","guid":{"rendered":"https:\/\/www.ufsm.br\/laboratorios\/laserg\/?page_id=63"},"modified":"2019-07-29T11:00:13","modified_gmt":"2019-07-29T14:00:13","slug":"caracteristicas-dimensionais-e-ponderais-dos-pulverizadores-hidropneumaticos-brasileiros","status":"publish","type":"page","link":"https:\/\/www.ufsm.br\/laboratorios\/laserg\/caracteristicas-dimensionais-e-ponderais-dos-pulverizadores-hidropneumaticos-brasileiros","title":{"rendered":"Caracter\u00edsticas dimensionais e ponderais dos pulverizadores hidropneum\u00e1ticos brasileiros"},"content":{"rendered":"\n<p>Com a evolu\u00e7\u00e3o da mecaniza\u00e7\u00e3o agr\u00edcola, passou-se a ter uma gama muito grande de pulverizadores hidropneum\u00e1ticos dispon\u00edveis no mercado brasileiro, visando atender as mais diversas culturas e biomas presentes no pa\u00eds, permitindo ao produtor selecionar e utilizar a tecnologia mais adequada \u00e0s suas necessidades. Dessa maneira, objetivou-se analisar as caracter\u00edsticas dimensionais e ponderais dos pulverizadores hidropneum\u00e1ticos fabricados no Brasil. Para isso, fez-se um levantamento de 18 informa\u00e7\u00f5es t\u00e9cnicas dimensionais, ponderais e rela\u00e7\u00f5es destes, disponibilizados pelas empresas, como pot\u00eancia por capacidade de dep\u00f3sito (kW l<sup>-1<\/sup>) e pot\u00eancia por comprimento de barra (kW m<sup>-1<\/sup>). Obteve-se um total de seis fabricantes que englobam 71 modelos, com varia\u00e7\u00e3o no tipo de condu\u00e7\u00e3o de ar (sem direcionamento de ar, unidirecional, vertical ou superior). A pot\u00eancia requerida variou de 5,00 a 62,50 kW; a capacidade de dep\u00f3sito de calda, de 200 a 4.000 litros; a massa total, de 130 a 1.350 kg; as rela\u00e7\u00f5es de pot\u00eancia por capacidade de dep\u00f3sito variaram de 0,00715 a 0,073 kW l<sup>-1<\/sup>; e a rela\u00e7\u00e3o entre a pot\u00eancia e a massa, de 0,0158 a 0,204 kW kg<sup>-1<\/sup>. Al\u00e9m disso, tamb\u00e9m se observou uma varia\u00e7\u00e3o na bitola m\u00e1xima, de 0,92 a 2,20 m; na bitola m\u00ednima, de 0,92 a 1,84 m; no di\u00e2metro da turbina, de 540 a 900 mm; na quantidade de bicos, de 4 a 60 bicos; e uma rela\u00e7\u00e3o di\u00e2metro de turbina por quantidade de bicos variando de 24,19 a 70,31 mm bico-1. Assim, existe a necessidade de o produtor realizar uma avalia\u00e7\u00e3o criteriosa, obtendo o que mais se ad\u00e9que \u00e0s necessidades de sua propriedade, dentre todos os dispon\u00edveis nessa gama de produtos.<\/p>\n<p>Palavras-chave: Mecaniza\u00e7\u00e3o; Hidropneum\u00e1ticos; Fruticultura; Citricultura; Produtos fitossanit\u00e1rios.<\/p>\n<p>Texto completo:\u00a0<a href=\"https:\/\/online.unisc.br\/seer\/index.php\/tecnologica\/article\/view\/8736\/7121\">PDF<\/a><\/p>\n<p><br \/>DOI:\u00a0<a href=\"http:\/\/dx.doi.org\/10.17058\/tecnolog.v22i1.8736\">http:\/\/dx.doi.org\/10.17058\/tecnolog.v22i1.8736<\/a><\/p>\n<p>\u00a0<\/p>\n<p>Autores:\u00a0<a href=\"http:\/\/lattes.cnpq.br\/5690373610947907\">Pablo do Amaral Alon\u00e7o<\/a>,\u00a0<a href=\"http:\/\/lattes.cnpq.br\/9734276321240323\">Airton dos Santos Alon\u00e7o<\/a>,\u00a0<a href=\"http:\/\/lattes.cnpq.br\/0131275281658328\">Tiago Rodrigo Francetto<\/a>,\u00a0<a href=\"http:\/\/lattes.cnpq.br\/3854059900297298\">Dauto Pivetta Carpes<\/a>,\u00a0<a href=\"http:\/\/lattes.cnpq.br\/7500603099929500\">Ot\u00e1vio Dias da Costa Machado<\/a><\/p>\n","protected":false},"excerpt":{"rendered":"<p>Com a evolu\u00e7\u00e3o da mecaniza\u00e7\u00e3o agr\u00edcola, passou-se a ter uma gama muito grande de pulverizadores hidropneum\u00e1ticos dispon\u00edveis no mercado brasileiro, visando atender as mais diversas culturas e biomas presentes no pa\u00eds, permitindo ao produtor selecionar e utilizar a tecnologia mais adequada \u00e0s suas necessidades. Dessa maneira, objetivou-se analisar as caracter\u00edsticas dimensionais e ponderais dos pulverizadores [&hellip;]<\/p>\n","protected":false},"author":115,"featured_media":0,"parent":0,"menu_order":0,"comment_status":"closed","ping_status":"closed","template":"","meta":{"footnotes":""},"categories":[],"tags":[],"class_list":["post-63","page","type-page","status-publish","hentry"],"acf":[],"_links":{"self":[{"href":"https:\/\/www.ufsm.br\/laboratorios\/laserg\/wp-json\/wp\/v2\/pages\/63","targetHints":{"allow":["GET"]}}],"collection":[{"href":"https:\/\/www.ufsm.br\/laboratorios\/laserg\/wp-json\/wp\/v2\/pages"}],"about":[{"href":"https:\/\/www.ufsm.br\/laboratorios\/laserg\/wp-json\/wp\/v2\/types\/page"}],"author":[{"embeddable":true,"href":"https:\/\/www.ufsm.br\/laboratorios\/laserg\/wp-json\/wp\/v2\/users\/115"}],"replies":[{"embeddable":true,"href":"https:\/\/www.ufsm.br\/laboratorios\/laserg\/wp-json\/wp\/v2\/comments?post=63"}],"version-history":[{"count":0,"href":"https:\/\/www.ufsm.br\/laboratorios\/laserg\/wp-json\/wp\/v2\/pages\/63\/revisions"}],"wp:attachment":[{"href":"https:\/\/www.ufsm.br\/laboratorios\/laserg\/wp-json\/wp\/v2\/media?parent=63"}],"wp:term":[{"taxonomy":"category","embeddable":true,"href":"https:\/\/www.ufsm.br\/laboratorios\/laserg\/wp-json\/wp\/v2\/categories?post=63"},{"taxonomy":"post_tag","embeddable":true,"href":"https:\/\/www.ufsm.br\/laboratorios\/laserg\/wp-json\/wp\/v2\/tags?post=63"}],"curies":[{"name":"wp","href":"https:\/\/api.w.org\/{rel}","templated":true}]}}