{"id":49,"date":"2019-07-18T10:31:18","date_gmt":"2019-07-18T13:31:18","guid":{"rendered":"https:\/\/www.ufsm.br\/laboratorios\/later\/?page_id=49"},"modified":"2019-07-18T10:31:19","modified_gmt":"2019-07-18T13:31:19","slug":"pesquisa","status":"publish","type":"page","link":"https:\/\/www.ufsm.br\/laboratorios\/later\/pesquisa","title":{"rendered":"Pesquisa"},"content":{"rendered":"\n<h2>Biorefinaria<\/h2>\n<p>O Grupo do LATER vem desenvolvendo pesquisas segundo o conceito de Biorefinaria, ou seja, objetivando a obten\u00e7\u00e3o de bioprodutos, com valor agregado, derivados da biomassa residual, bem como bioenerg\u00e9ticos, biomateriais e produtos classificados como intermedi\u00e1rios da qu\u00edmica fina. Procura desenvolver novas alternativas de aproveitamento de res\u00edduos da biomassa vegetal, que, muitas vezes, t\u00eam sido descartados irregularmente no meio ambiente. Com o agravamento da crise energ\u00e9tica e o aumento do pre\u00e7o do petr\u00f3leo, somados \u00e0 preocupa\u00e7\u00e3o com a solu\u00e7\u00e3o dos impactos ambientais diretos e indiretos com causa no uso intensivo de derivados de petr\u00f3leo, novas fontes de energia e de mat\u00e9rias-primas para a ind\u00fastria v\u00eam sendo investigadas. No Brasil, a biomassa \u00e9 a substituta natural para o petr\u00f3leo (apesar das recentes descobertas no pr\u00e9-sal), que, al\u00e9m de renov\u00e1vel, pode reduzir a crescente polui\u00e7\u00e3o atmosf\u00e9rica e tirar proveito do grande potencial de energia solar do pa\u00eds. Diversos tipos de res\u00edduos lignocelul\u00f3sicos est\u00e3o dispon\u00edveis como subprodutos e res\u00edduos da ind\u00fastria em geral, dos quais sobressaem os rejeitos agroflorestais &#8211; que, se bem aproveitados, podem gerar energia, pot\u00eancia e insumos qu\u00edmicos, al\u00e9m de mitigar impactos ambientais. No Rio Grande do Sul (RS), uma das maiores fontes de res\u00edduos agr\u00edcolas \u00e9 o cultivo do arroz. Segundo o IBGE, mais da metade da produ\u00e7\u00e3o brasileira (acima de 10 milh\u00f5es de toneladas anuais de arroz), \u00e9 ga\u00facha. Em nosso estado, s\u00e3o gerados como res\u00edduos, anualmente, 1,2 milh\u00f5es de toneladas de casca de arroz (CA). Tal rejeito da ind\u00fastria de beneficiamento de gr\u00e3os, em estudos acad\u00eamicos, tem se revelado excelente alternativa para a produ\u00e7\u00e3o de um leque de bioprodutos de alto valor agregado. Conforme pesquisas conduzidas no LATER, a CA pode ser utilizada, com vantagem, p.ex., como mat\u00e9ria-prima para a produ\u00e7\u00e3o de \u00e1cidos org\u00e2nicos, entre outros produtos de grande import\u00e2ncia na qu\u00edmica industrial.<\/p>\n<p>\u00a0<\/p>\n\n\n\n<ul class=\"wp-block-gallery columns-3 is-cropped wp-block-gallery-1 is-layout-flex wp-block-gallery-is-layout-flex\"><li class=\"blocks-gallery-item\"><figure><img fetchpriority=\"high\" decoding=\"async\" width=\"1024\" height=\"845\" src=\"https:\/\/www.ufsm.br\/laboratorios\/later\/wp-content\/uploads\/sites\/657\/2019\/07\/1-6-1-1024x845.jpg\" alt=\"\" data-id=\"51\" data-link=\"https:\/\/www.ufsm.br\/laboratorios\/later\/?attachment_id=51\" class=\"wp-image-51\" srcset=\"https:\/\/www.ufsm.br\/app\/uploads\/sites\/657\/2019\/07\/1-6-1-1024x845.jpg 1024w, https:\/\/www.ufsm.br\/app\/uploads\/sites\/657\/2019\/07\/1-6-1-300x247.jpg 300w, https:\/\/www.ufsm.br\/app\/uploads\/sites\/657\/2019\/07\/1-6-1-768x633.jpg 768w\" sizes=\"(max-width: 1024px) 100vw, 1024px\" \/><\/figure><\/li><li class=\"blocks-gallery-item\"><figure><img decoding=\"async\" width=\"1024\" height=\"768\" src=\"https:\/\/www.ufsm.br\/laboratorios\/later\/wp-content\/uploads\/sites\/657\/2019\/07\/2-4-1024x768.jpg\" alt=\"\" data-id=\"52\" data-link=\"https:\/\/www.ufsm.br\/laboratorios\/later\/?attachment_id=52\" class=\"wp-image-52\" srcset=\"https:\/\/www.ufsm.br\/app\/uploads\/sites\/657\/2019\/07\/2-4-1024x768.jpg 1024w, https:\/\/www.ufsm.br\/app\/uploads\/sites\/657\/2019\/07\/2-4-300x225.jpg 300w, https:\/\/www.ufsm.br\/app\/uploads\/sites\/657\/2019\/07\/2-4-768x576.jpg 768w\" sizes=\"(max-width: 1024px) 100vw, 1024px\" \/><\/figure><\/li><li class=\"blocks-gallery-item\"><figure><img decoding=\"async\" width=\"725\" height=\"1024\" src=\"https:\/\/www.ufsm.br\/laboratorios\/later\/wp-content\/uploads\/sites\/657\/2019\/07\/4-2-725x1024.jpg\" alt=\"\" data-id=\"53\" data-link=\"https:\/\/www.ufsm.br\/laboratorios\/later\/?attachment_id=53\" class=\"wp-image-53\" srcset=\"https:\/\/www.ufsm.br\/app\/uploads\/sites\/657\/2019\/07\/4-2-725x1024.jpg 725w, https:\/\/www.ufsm.br\/app\/uploads\/sites\/657\/2019\/07\/4-2-213x300.jpg 213w, https:\/\/www.ufsm.br\/app\/uploads\/sites\/657\/2019\/07\/4-2-768x1084.jpg 768w, https:\/\/www.ufsm.br\/app\/uploads\/sites\/657\/2019\/07\/4-2.jpg 1829w\" sizes=\"(max-width: 725px) 100vw, 725px\" \/><\/figure><\/li><li class=\"blocks-gallery-item\"><figure><img loading=\"lazy\" decoding=\"async\" width=\"1024\" height=\"681\" src=\"https:\/\/www.ufsm.br\/laboratorios\/later\/wp-content\/uploads\/sites\/657\/2019\/07\/new3-1024x681.jpg\" alt=\"\" data-id=\"54\" data-link=\"https:\/\/www.ufsm.br\/laboratorios\/later\/?attachment_id=54\" class=\"wp-image-54\" srcset=\"https:\/\/www.ufsm.br\/app\/uploads\/sites\/657\/2019\/07\/new3-1024x681.jpg 1024w, https:\/\/www.ufsm.br\/app\/uploads\/sites\/657\/2019\/07\/new3-300x199.jpg 300w, https:\/\/www.ufsm.br\/app\/uploads\/sites\/657\/2019\/07\/new3-768x511.jpg 768w, https:\/\/www.ufsm.br\/app\/uploads\/sites\/657\/2019\/07\/new3-272x182.jpg 272w\" sizes=\"(max-width: 1024px) 100vw, 1024px\" \/><\/figure><\/li><\/ul>\n\n\n\n<h2>Tratamento de Efluentes<\/h2>\n<p>Efluentes hospitalares v\u00eam ganhando cada vez mais a aten\u00e7\u00e3o de cientistas \u00e0 medida que t\u00eam se tornado crescentes os problemas ambientais e o risco \u00e0 sa\u00fade p\u00fablica. Nas \u00faltimas d\u00e9cadas a aten\u00e7\u00e3o esteve voltada para os poluentes cl\u00e1ssicos, por\u00e9m com o uso crescente de f\u00e1rmacos, medicamentos e produtos de higiene pessoal e coletiva, constitu\u00eddo por subst\u00e2ncias ativas, novas causas de impactos ambientais v\u00eam sendo registradas. Efluentes hospitalares, em pa\u00edses em desenvolvimento, de maneira geral, n\u00e3o recebem o tratamento adequado e, assim, atingem cursos de \u00e1gua que comp\u00f5em importantes recursos h\u00eddricos que abastecem cidades, ind\u00fastrias e a produ\u00e7\u00e3o prim\u00e1ria. Os medicamentos, por exemplo, n\u00e3o metabolizados por pacientes, alcan\u00e7am \u00e1guas de superf\u00edcie e, consequentemente, o ambiente de entorno. Estudos mostram que hospitais, cl\u00ednicas e estabelecimentos afins, geram efluentes com grande potencial genot\u00f3xico, em virtude das esp\u00e9cies qu\u00edmicas farmac\u00eauticas presentes nestes efluentes. F\u00e1rmacos, como antibi\u00f3ticos, beta-bloqueadores e anti-inflamat\u00f3rios, s\u00e3o utilizados em larga escala nestes estabelecimentos, atingindo cursos d\u2019\u00e1gua na sua forma metabolizada ou in natura. Os f\u00e1rmacos, por sua persist\u00eancia em \u00e1guas de superf\u00edcie, t\u00eam grande potencial poluidor como xenobi\u00f3ticos. Apesar da dilui\u00e7\u00e3o, muitas vezes levada a n\u00edveis n\u00e3o detect\u00e1veis, sem uma adequada pr\u00e9-concentra\u00e7\u00e3o, nada garante que determinadas esp\u00e9cies n\u00e3o sejam bioacumuladas. A busca por tecnologias, que minimizem o potencial poluidor de efluentes gerados nos mais diversos segmentos da sa\u00fade, sem gerar novos poluentes, \u00e9 de grande interesse p\u00fablico, governamental e industrial. Tecnologias como fotocat\u00e1lise, (foto) peroxida\u00e7\u00e3o, ozoniza\u00e7\u00e3o, eletrocoagula\u00e7\u00e3o, entre outros Processos Avan\u00e7ados de Oxida\u00e7\u00e3o (PAOs), v\u00e3o ao encontro deste desiderato. A detec\u00e7\u00e3o, quantifica\u00e7\u00e3o e monitoramento de f\u00e1rmacos e seus metab\u00f3litos em efluentes oriundo de cl\u00ednicas, servi\u00e7o.<\/p>\n<p>\u00a0<\/p>\n\n\n\n<ul class=\"wp-block-gallery columns-3 is-cropped wp-block-gallery-2 is-layout-flex wp-block-gallery-is-layout-flex\"><li class=\"blocks-gallery-item\"><figure><img loading=\"lazy\" decoding=\"async\" width=\"805\" height=\"453\" src=\"https:\/\/www.ufsm.br\/laboratorios\/later\/wp-content\/uploads\/sites\/657\/2019\/07\/artigo1.jpg\" alt=\"\" data-id=\"55\" class=\"wp-image-55\" srcset=\"https:\/\/www.ufsm.br\/app\/uploads\/sites\/657\/2019\/07\/artigo1.jpg 805w, https:\/\/www.ufsm.br\/app\/uploads\/sites\/657\/2019\/07\/artigo1-300x169.jpg 300w, https:\/\/www.ufsm.br\/app\/uploads\/sites\/657\/2019\/07\/artigo1-768x432.jpg 768w\" sizes=\"(max-width: 805px) 100vw, 805px\" \/><\/figure><\/li><li class=\"blocks-gallery-item\"><figure><img loading=\"lazy\" decoding=\"async\" width=\"259\" height=\"194\" src=\"https:\/\/www.ufsm.br\/laboratorios\/later\/wp-content\/uploads\/sites\/657\/2019\/07\/artigo2.jpg\" alt=\"\" data-id=\"56\" data-link=\"https:\/\/www.ufsm.br\/laboratorios\/later\/?attachment_id=56\" class=\"wp-image-56\" \/><\/figure><\/li><li class=\"blocks-gallery-item\"><figure><img loading=\"lazy\" decoding=\"async\" width=\"1024\" height=\"681\" src=\"https:\/\/www.ufsm.br\/laboratorios\/later\/wp-content\/uploads\/sites\/657\/2019\/07\/new1-1-1024x681.jpg\" alt=\"\" data-id=\"59\" data-link=\"https:\/\/www.ufsm.br\/laboratorios\/later\/?attachment_id=59\" class=\"wp-image-59\" srcset=\"https:\/\/www.ufsm.br\/app\/uploads\/sites\/657\/2019\/07\/new1-1-1024x681.jpg 1024w, https:\/\/www.ufsm.br\/app\/uploads\/sites\/657\/2019\/07\/new1-1-300x199.jpg 300w, https:\/\/www.ufsm.br\/app\/uploads\/sites\/657\/2019\/07\/new1-1-768x511.jpg 768w, https:\/\/www.ufsm.br\/app\/uploads\/sites\/657\/2019\/07\/new1-1-272x182.jpg 272w\" sizes=\"(max-width: 1024px) 100vw, 1024px\" \/><\/figure><\/li><li class=\"blocks-gallery-item\"><figure><img loading=\"lazy\" decoding=\"async\" width=\"1024\" height=\"656\" src=\"https:\/\/www.ufsm.br\/laboratorios\/later\/wp-content\/uploads\/sites\/657\/2019\/07\/2-6-1024x656.jpg\" alt=\"\" data-id=\"60\" data-link=\"https:\/\/www.ufsm.br\/laboratorios\/later\/?attachment_id=60\" class=\"wp-image-60\" srcset=\"https:\/\/www.ufsm.br\/app\/uploads\/sites\/657\/2019\/07\/2-6-1024x656.jpg 1024w, https:\/\/www.ufsm.br\/app\/uploads\/sites\/657\/2019\/07\/2-6-300x192.jpg 300w, https:\/\/www.ufsm.br\/app\/uploads\/sites\/657\/2019\/07\/2-6-768x492.jpg 768w\" sizes=\"(max-width: 1024px) 100vw, 1024px\" \/><\/figure><\/li><\/ul>\n","protected":false},"excerpt":{"rendered":"<p>Biorefinaria O Grupo do LATER vem desenvolvendo pesquisas segundo o conceito de Biorefinaria, ou seja, objetivando a obten\u00e7\u00e3o de bioprodutos, com valor agregado, derivados da biomassa residual, bem como bioenerg\u00e9ticos, biomateriais e produtos classificados como intermedi\u00e1rios da qu\u00edmica fina. Procura desenvolver novas alternativas de aproveitamento de res\u00edduos da biomassa vegetal, que, muitas vezes, t\u00eam sido [&hellip;]<\/p>\n","protected":false},"author":115,"featured_media":0,"parent":0,"menu_order":0,"comment_status":"closed","ping_status":"closed","template":"","meta":{"footnotes":""},"categories":[],"tags":[],"class_list":["post-49","page","type-page","status-publish","hentry"],"acf":[],"_links":{"self":[{"href":"https:\/\/www.ufsm.br\/laboratorios\/later\/wp-json\/wp\/v2\/pages\/49","targetHints":{"allow":["GET"]}}],"collection":[{"href":"https:\/\/www.ufsm.br\/laboratorios\/later\/wp-json\/wp\/v2\/pages"}],"about":[{"href":"https:\/\/www.ufsm.br\/laboratorios\/later\/wp-json\/wp\/v2\/types\/page"}],"author":[{"embeddable":true,"href":"https:\/\/www.ufsm.br\/laboratorios\/later\/wp-json\/wp\/v2\/users\/115"}],"replies":[{"embeddable":true,"href":"https:\/\/www.ufsm.br\/laboratorios\/later\/wp-json\/wp\/v2\/comments?post=49"}],"version-history":[{"count":0,"href":"https:\/\/www.ufsm.br\/laboratorios\/later\/wp-json\/wp\/v2\/pages\/49\/revisions"}],"wp:attachment":[{"href":"https:\/\/www.ufsm.br\/laboratorios\/later\/wp-json\/wp\/v2\/media?parent=49"}],"wp:term":[{"taxonomy":"category","embeddable":true,"href":"https:\/\/www.ufsm.br\/laboratorios\/later\/wp-json\/wp\/v2\/categories?post=49"},{"taxonomy":"post_tag","embeddable":true,"href":"https:\/\/www.ufsm.br\/laboratorios\/later\/wp-json\/wp\/v2\/tags?post=49"}],"curies":[{"name":"wp","href":"https:\/\/api.w.org\/{rel}","templated":true}]}}